NOAA-Style Climate Reports


Report for 2021 Marts
                   Monthly Climatological Summary for mar. 2021

Name: Vejret i Vindeby   City: Svendborg   State:  
Elevation: 0 m  Lat: N 55° 02' 30"   Lon: E 010° 37' 00"

                  Temperature (°C), Rain (mm), Wind Speed (m/s)

                                      Heat  Cool        Avg
    Mean                              Deg   Deg         Wind                 Dom
Day Temp  High   Time   Low    Time   Days  Days  Rain  Speed High   Time    Dir
----------------------------------------------------------------------------------
01   3,0   6,1   16:00  -0,6   22:30  15,3   0,0   0,0   0,7   4,9   13:00     W
02   1,9   5,0   15:18  -0,6   23:59  16,1   0,0   0,2   0,3   3,6   00:40     W
03   1,2   3,5   14:04  -1,1   03:15  17,0   0,0   0,0   0,4   5,4   22:37     W
04   2,5   4,7   13:26  -0,7   23:41  15,7   0,0   0,0   1,5   8,9   16:21     N
05   0,9   6,3   13:40  -2,7   07:06  17,4   0,0   0,2   0,3   5,8   14:59   WSW
06   3,3   7,6   13:01  -1,9   00:00  15,0   0,0   0,0   2,3  11,2   22:08     W
07   3,2   6,7   15:38  -2,6   23:58  15,0   0,0   0,2   2,1  10,3   00:45     W
08  -0,3   5,3   11:54  -4,8   06:19  18,5   0,0   0,0   0,2   3,6   10:39   ENE
09   0,2   6,1   13:36  -4,7   03:19  18,0   0,0   0,0   0,3   4,0   12:02     E
10   2,3   6,1   13:57  -3,1   03:02  15,9   0,0   1,0   0,8   5,8   13:47     E
11   5,6   8,6   13:12   3,2   05:06  12,7   0,0  18,4   2,3  12,1   18:45   WSW
12   5,3   7,6   11:48   4,1   20:20  13,1   0,0   5,2   2,0   9,4   06:25   WSW
13   4,4   6,9   14:26   2,3   23:17  13,7   0,0  10,6   1,2   7,2   11:02   WSW
14   5,3   9,2   13:05   2,7   00:00  13,0   0,0   0,6   2,2  10,7   14:44     W
15   5,1   7,9   12:04   2,5   23:58  13,1   0,0   2,8   1,8   9,8   16:41     W
16   3,7   9,6   16:59  -0,9   06:11  14,6   0,0   1,6   0,7   5,8   18:24     W
17   2,9   8,9   15:40  -1,1   06:26  15,4   0,0   0,2   0,2   4,0   16:10     N
18   3,2   7,6   13:09  -1,0   23:45  14,8   0,0   0,0   0,6   5,8   15:21     N
19   1,8   4,4   16:54  -2,6   23:59  16,5   0,0   0,0   1,2   5,8   08:34    NE
20   2,8   5,9   16:43  -3,6   01:01  15,4   0,0   0,2   1,6   8,9   21:42   WSW
21   6,6  10,2   14:17   2,7   23:57  11,6   0,0   0,2   1,7   8,5   00:58     W
22   4,9   9,4   13:25  -0,3   06:31  13,4   0,0   0,0   1,1   5,8   12:02     W
23   6,1   8,6   14:23   4,6   04:56  12,2   0,0   0,0   1,5   5,8   02:02   WSW
24   8,2  12,7   14:29   5,3   05:52  10,1   0,0   0,0   1,1   5,8   00:05   WSW
25   7,3  12,9   16:15   2,8   06:43  10,9   0,0   0,0   0,5   4,5   13:24   WSW
26   9,6  14,3   15:19   4,1   04:44   8,7   0,0   0,4   0,8   5,4   11:38    SW
27   7,2  10,3   00:00   4,2   23:55  11,1   0,0   4,4   1,5   8,0   08:59   WSW
28   6,4   8,4   23:23   3,7   05:42  11,4   0,0   6,8   1,6   7,2   15:30   WSW
29   8,6  10,2   15:26   7,7   23:59   9,5   0,0   0,8   2,0   8,9   14:10   WSW
30  10,3  16,2   16:19   6,8   23:59   7,9   0,0   0,0   1,2   6,3   13:17   WSW
31  10,5  18,9   17:30   2,2   06:58   7,8   0,0   0,0   0,5   3,6   13:11   WSW
----------------------------------------------------------------------------------
     4,6  18,9    31    -4,8     8   420,8   0,0  53,8   1,2  12,1    11       W

Max >=  27,0  0
Max <=   0,0  0
Min <=   0,0 16
Min <= -18,0  0
Max Rain: 18,4 on day 11
Days of Rain: 17 (>= 0,2 mm)  6 (>= 2,0 mm)  0 (>= 20,0 mm)
Heat Base: 18,3  Cool Base: 18,3  Method: Integration