NOAA-Style Climate Reports


Report for 2021 Februar
                   Monthly Climatological Summary for feb. 2021

Name: Vejret i Vindeby   City: Svendborg   State:  
Elevation: 0 m  Lat: N 55° 02' 30"   Lon: E 010° 37' 00"

                  Temperature (°C), Rain (mm), Wind Speed (m/s)

                                      Heat  Cool        Avg
    Mean                              Deg   Deg         Wind                 Dom
Day Temp  High   Time   Low    Time   Days  Days  Rain  Speed High   Time    Dir
----------------------------------------------------------------------------------
01  -0,6   1,4   15:12  -3,8   23:57  18,6   0,0   0,0   0,6   5,4   15:31   ENE
02  -2,6   1,0   14:38  -6,4   05:21  20,8   0,0   0,0   0,2   3,6   21:15    NE
03   0,4   1,3   09:27  -0,3   03:26  17,9   0,0   0,4   3,3  11,2   19:53    NE
04  -1,2   0,1   23:35  -2,2   08:32  19,4   0,0   0,0   2,2   9,4   00:16    NE
05  -0,1   0,9   11:50  -1,9   23:55  18,4   0,0   0,6   3,0   9,4   19:10    NE
06  -2,4  -1,3   13:22  -3,3   05:44  20,6   0,0   0,0   4,0  11,2   07:35    NE
07  -1,8  -0,6   14:38  -3,1   00:00  19,8   0,0   0,0   4,7  13,9   20:06    NE
08  -2,2  -1,2   01:57  -2,9   00:37  20,4   0,0   0,0   4,9  15,2   13:21    NE
09  -2,8  -1,4   14:14  -4,2   23:51  21,0   0,0   0,0   3,4  11,6   01:37    NE
10  -3,2  -1,7   14:55  -5,0   03:34  21,4   0,0   0,0   1,7   6,7   18:51   NNE
11  -4,5  -2,1   13:57  -7,9   03:30  22,8   0,0   0,0   0,7   4,9   22:06    NE
12  -5,8  -1,6   14:15 -10,8   08:13  24,1   0,0   0,0   0,5   5,4   00:43   NNE
13  -5,1   0,5   14:43  -8,8   06:10  23,3   0,0   0,0   0,1   3,1   12:34    NW
14  -5,2  -0,2   14:43 -10,9   07:34  23,5   0,0   0,0   0,1   2,7   12:13   WSW
15  -0,6   1,7   14:36  -4,4   00:35  18,9   0,0   0,0   1,4   8,0   13:27     E
16   0,8   2,3   23:40  -1,0   00:01  17,5   0,0   8,2   0,5   5,4   21:20     E
17   3,2   4,6   13:28   2,1   00:40  14,9   0,0  10,4   0,5   4,5   05:33   WSW
18   4,1   6,4   19:37   2,6   00:00  14,1   0,0   4,8   0,9   8,5   19:39     E
19   4,3   6,7   13:31   0,7   20:11  13,8   0,0   4,2   0,8   4,9   02:51   WSW
20   5,9   8,3   13:55   3,9   04:48  12,4   0,0   0,0   0,5   4,9   21:59     E
21   5,2  11,5   15:24   1,3   06:55  13,0   0,0   0,0   0,1   2,7   12:00    SW
22   6,2  12,1   14:56   0,8   06:47  12,1   0,0   0,0   0,1   3,6   17:46   SSW
23   8,2  12,2   15:18   4,4   06:28   9,9   0,0   0,0   0,1   4,5   00:30   WSW
24  10,8  14,3   13:48   8,0   00:00   7,4   0,0   0,0   0,8   5,4   10:10   WSW
25   8,7  12,8   12:36   4,7   00:00   9,6   0,0   0,0   0,9   7,2   13:57   WSW
26   6,0   9,8   14:18   2,8   05:49  12,1   0,0   0,0   2,2   9,8   14:37     W
27   6,0   9,7   15:28   3,3   08:14  12,3   0,0   0,0   1,4   6,3   04:24     W
28   4,9   7,3   16:12   1,9   23:56  13,3   0,0   0,0   1,0   6,7   09:19     W
----------------------------------------------------------------------------------
     1,3  14,3    24   -10,9    14   473,3   0,0  28,6   1,4  15,2     8      NE

Max >=  27,0  0
Max <=   0,0  8
Min <=   0,0 16
Min <= -18,0  0
Max Rain: 10,4 on day 17
Days of Rain: 6 (>= 0,2 mm)  4 (>= 2,0 mm)  0 (>= 20,0 mm)
Heat Base: 18,3  Cool Base: 18,3  Method: Integration