NOAA-Style Climate Reports


Report for 2021 Januar
                   Monthly Climatological Summary for jan. 2021

Name: Vejret i Vindeby   City: Svendborg   State:  
Elevation: 0 m  Lat: N 55° 02' 30"   Lon: E 010° 37' 00"

                  Temperature (°C), Rain (mm), Wind Speed (m/s)

                                      Heat  Cool        Avg
    Mean                              Deg   Deg         Wind                 Dom
Day Temp  High   Time   Low    Time   Days  Days  Rain  Speed High   Time    Dir
----------------------------------------------------------------------------------
01   2,6   3,8   02:06   0,7   22:20  15,6   0,0   1,4   0,4   4,5   05:13   WSW
02   0,6   3,1   14:04  -1,7   09:27  17,6   0,0   0,2   0,5   4,9   19:06    NE
03   2,4   3,8   15:16   0,7   00:00  15,9   0,0   0,0   2,8  10,7   15:57    NE
04   1,5   2,6   23:32   0,2   07:31  16,8   0,0   0,0   3,1   8,9   00:15    NE
05   2,4   3,0   14:23   1,9   18:07  15,9   0,0   0,0   2,9   9,4   06:33    NE
06   1,8   2,6   06:26   1,1   17:05  16,5   0,0   5,4   1,8   8,0   11:28   NNE
07   1,7   2,4   14:16   0,9   23:48  16,5   0,0   3,4   0,9   4,0   02:01    NE
08   1,8   2,8   14:39   0,9   00:00  16,4   0,0   2,2   0,3   4,0   14:31    NW
09   2,1   3,1   14:05   0,8   07:19  16,2   0,0   0,4   0,1   2,7   01:33    NW
10   2,1   3,9   21:18   0,1   05:57  16,1   0,0   2,8   0,9   5,4   16:47   WSW
11   4,5   5,2   23:43   3,1   00:05  13,8   0,0   4,6   1,8   9,8   18:47   WSW
12   2,6   6,6   02:10   0,5   09:12  15,6   0,0   2,6   1,7   9,8   23:28   WSW
13   2,2   3,6   09:06   0,7   17:34  16,0   0,0   2,4   3,0  11,2   10:09     W
14   1,1   1,8   13:21   0,3   23:01  17,1   0,0   0,4   1,0   4,9   00:12     N
15  -0,5   0,4   00:00  -1,3   09:55  18,7   0,0   0,0   0,8   5,4   09:42   WNW
16  -2,8  -0,4   00:00  -5,9   08:43  21,0   0,0   0,0   0,2   3,6   01:02     W
17  -1,3   0,2   13:18  -3,2   08:36  19,6   0,0   0,0   0,0   2,7   02:41   ESE
18   2,0   4,3   18:55  -0,1   00:00  16,2   0,0  14,4   0,3   5,4   18:45   WSW
19   3,7   5,8   23:53   2,7   00:17  14,6   0,0   5,6   0,5   5,8   09:30   WSW
20   6,6   7,4   21:42   5,8   00:00  11,6   0,0   8,2   1,4   6,3   01:51   WSW
21   7,0   8,4   09:52   5,9   23:58  11,2   0,0   0,2   1,9  10,3   11:05   WSW
22   5,0   6,5   05:37   3,1   06:58  13,2   0,0   8,0   2,1   9,8   14:31   WSW
23   3,3   4,3   12:50   1,1   07:28  14,9   0,0   0,0   0,4   5,4   00:26   WSW
24   2,3   4,4   13:49   0,4   08:44  15,9   0,0   0,0   0,1   2,7   22:51     W
25   2,1   4,4   14:51  -0,4   23:25  16,1   0,0   0,0   0,8   6,7   17:37     W
26   1,0   3,5   13:31  -1,2   22:47  17,2   0,0   0,2   0,4   4,5   15:01     W
27   1,9   3,0   14:48  -1,0   01:53  16,3   0,0   2,6   0,4   4,9   23:20   WSW
28  -0,1   2,6   00:47  -2,4   23:47  18,3   0,0   0,0   0,9   6,3   04:21   WNW
29  -0,8   0,4   13:14  -2,8   01:39  19,0   0,0   0,0   1,5   5,8   08:13    NE
30  -0,6   0,7   14:13  -2,0   08:28  18,8   0,0   0,0   0,6   4,9   22:59     W
31   1,5   3,6   13:20  -0,1   17:50  16,8   0,0   0,2   1,2   6,3   03:51     W
----------------------------------------------------------------------------------
     1,9   8,4    21    -5,9    16   505,4   0,0  65,2   1,1  11,2    13      NW

Max >=  27,0  0
Max <=   0,0  1
Min <=   0,0 12
Min <= -18,0  0
Max Rain: 14,4 on day 18
Days of Rain: 19 (>= 0,2 mm)  12 (>= 2,0 mm)  0 (>= 20,0 mm)
Heat Base: 18,3  Cool Base: 18,3  Method: Integration