NOAA-Style Climate Reports


Report for 2020 December
                   Monthly Climatological Summary for dec. 2020

Name: Vejret i Vindeby   City: Svendborg   State:  
Elevation: 0 m  Lat: N 55° 02' 30"   Lon: E 010° 37' 00"

                  Temperature (°C), Rain (mm), Wind Speed (m/s)

                                      Heat  Cool        Avg
    Mean                              Deg   Deg         Wind                 Dom
Day Temp  High   Time   Low    Time   Days  Days  Rain  Speed High   Time    Dir
----------------------------------------------------------------------------------
01   5,1   5,9   19:32   3,7   00:00  13,2   0,0   0,8   0,5   4,0   16:57    NE
02   4,2   5,7   00:00   2,2   22:56  14,0   0,0   0,0   0,5   4,9   18:56     E
03   2,3   3,3   23:11   1,4   06:19  15,9   0,0   1,0   1,5   6,7   11:15     E
04   3,3   4,5   23:02   2,1   08:00  15,0   0,0   0,0   1,8   8,9   06:06     E
05   4,9   6,6   10:44   2,7   22:20  13,3   0,0   0,0   1,5   8,5   10:42   ENE
06   6,1   7,7   15:03   3,7   02:06  12,2   0,0   0,0   1,3   6,3   15:40    NE
07   6,8   7,8   16:32   6,2   23:15  11,4   0,0   0,2   1,4   7,2   07:29   ENE
08   5,9   6,9   12:58   4,3   23:43  12,3   0,0   0,0   0,5   4,9   21:07     E
09   4,3   4,8   07:48   3,8   16:13  14,0   0,0   0,0   0,9   5,4   05:39   ENE
10   3,4   4,5   00:00   2,0   22:57  14,9   0,0   1,4   0,9   5,4   17:15     E
11   2,3   3,1   23:38   1,9   02:29  15,9   0,0   0,6   1,5   6,7   15:43   ENE
12   3,7   4,6   13:29   2,3   01:58  14,6   0,0   0,0   1,7   7,2   05:46   ENE
13   3,9   4,9   12:04   3,1   18:50  14,4   0,0   0,0   1,0   4,5   01:00     E
14   6,2   7,9   19:34   4,5   00:00  11,8   0,0   4,0   1,4   6,7   05:25   ESE
15   7,6   8,1   23:04   6,7   08:41  10,7   0,0  12,0   0,5   4,0   09:28   SSW
16   7,5   8,9   12:48   6,3   19:35  10,8   0,0   0,0   0,6   5,4   18:47   ESE
17   7,7   8,3   21:34   6,9   00:00  10,5   0,0   6,4   1,1   5,4   01:00     S
18   7,5   8,1   01:13   6,4   23:39  10,7   0,0   0,0   1,0   4,9   01:11   WSW
19   5,8   8,1   23:32   3,4   08:24  12,5   0,0   0,6   0,5   4,9   14:34    SE
20   7,5   8,7   01:06   6,6   09:51  10,8   0,0   0,0   0,6   4,0   07:38    SW
21   6,9   7,7   11:52   6,3   19:44  11,3   0,0   0,2   1,1   5,8   22:59   SSW
22   7,6   9,7   10:00   6,3   00:50  10,6   0,0   4,4   1,8   8,0   14:26   WSW
23   4,5   6,6   00:00   2,3   09:59  13,7   0,0   0,0   0,2   3,6   00:53   WSW
24   4,3   5,9   13:04   2,2   23:53  13,8   0,0   0,6   0,8   8,5   18:44     N
25   1,1   3,6   13:29  -1,6   23:05  17,2   0,0   0,0   1,0   4,9   02:37   WSW
26   3,1   5,1   23:44  -2,1   00:48  15,1   0,0   0,4   1,2   8,0   18:36   WSW
27   4,2   5,5   05:00   2,9   16:26  14,1   0,0   1,8   2,2  11,2   06:06   WNW
28   3,9   4,5   07:38   3,1   02:48  14,2   0,0   1,0   1,0   6,7   01:20     E
29   3,1   4,4   02:58   1,1   07:55  15,1   0,0   5,0   0,6   5,4   18:26    NE
30   4,6   5,2   12:43   3,7   00:00  13,7   0,0   9,6   1,5   7,2   17:06   WSW
31   4,2   5,2   03:00   2,2   22:24  14,1   0,0   6,4   1,2   7,2   08:26   WSW
----------------------------------------------------------------------------------
     5,0   9,7    22    -2,1    26   411,8   0,0  56,4   1,1  11,2    27       E

Max >=  27,0  0
Max <=   0,0  0
Min <=   0,0  2
Min <= -18,0  0
Max Rain: 12,0 on day 15
Days of Rain: 18 (>= 0,2 mm)  7 (>= 2,0 mm)  0 (>= 20,0 mm)
Heat Base: 18,3  Cool Base: 18,3  Method: Integration