NOAA-Style Climate Reports


Report for 2020 November
                   Monthly Climatological Summary for nov. 2020

Name: Vejret i Vindeby   City: Svendborg   State:  
Elevation: 0 m  Lat: N 55° 02' 30"   Lon: E 010° 37' 00"

                  Temperature (°C), Rain (mm), Wind Speed (m/s)

                                      Heat  Cool        Avg
    Mean                              Deg   Deg         Wind                 Dom
Day Temp  High   Time   Low    Time   Days  Days  Rain  Speed High   Time    Dir
----------------------------------------------------------------------------------
01  12,6  14,1   23:46  11,1   08:05   5,7   0,0   3,4   1,1   5,8   20:06     W
02  15,4  17,4   12:02  11,8   23:56   2,9   0,0   2,4   1,9   9,8   17:29   WSW
03  10,9  12,8   12:40   8,1   19:14   7,4   0,0   0,0   1,6   8,9   08:08   WSW
04   9,8  12,1   14:15   8,3   01:58   8,5   0,0   0,2   2,1   9,4   07:40   WSW
05  10,8  12,1   13:02   9,0   00:00   7,5   0,0   0,4   2,2   9,4   11:30   WSW
06  12,1  13,7   11:43  10,4   18:34   6,2   0,0   0,0   1,3   6,7   10:10     W
07   8,9  11,3   04:45   2,9   23:59   9,4   0,0   0,2   0,1   3,1   11:00   WSW
08   6,5   9,8   15:25   2,1   07:10  11,8   0,0   0,0   0,4   4,5   21:03   ENE
09   7,5   9,0   00:00   7,0   15:59  10,7   0,0   0,0   1,3   4,9   07:35   ENE
10   7,0   7,3   22:04   6,7   07:24  11,2   0,0   0,0   1,3   5,8   21:11     E
11   7,2   7,9   12:03   6,2   04:36  11,1   0,0   0,0   0,4   3,6   00:34     E
12   8,5   9,4   11:57   6,4   23:58   9,7   0,0   2,6   0,8   6,3   12:29     E
13   9,1  10,5   12:04   6,2   00:13   9,2   0,0   1,2   0,3   3,1   01:51    SW
14  10,0  11,9   21:58   6,9   08:16   8,3   0,0   0,0   0,3   4,5   03:08    SE
15  12,3  13,7   13:48  11,1   08:07   5,9   0,0   0,8   1,2   6,3   19:00     E
16  10,5  11,7   00:00   9,3   01:33   7,7   0,0   1,2   1,8   8,0   11:01   WSW
17  11,1  12,6   16:28   9,4   05:47   7,2   0,0   0,6   1,9   9,4   18:09   WSW
18  11,7  12,6   03:11  10,0   19:39   6,6   0,0   0,2   2,0   8,5   01:17   WSW
19   8,2  12,5   02:12   4,4   22:48  10,0   0,0   2,0   2,9  12,1   12:37   WSW
20   4,7   6,7   12:57   2,4   07:55  13,6   0,0   0,0   0,9   6,3   00:33     W
21   7,8  10,3   23:54   5,5   06:11  10,5   0,0   2,2   2,2   9,4   13:43   WSW
22   9,1  10,4   00:15   7,8   22:34   9,2   0,0   0,4   2,3   9,8   12:40   WSW
23   8,0   9,6   13:16   6,2   07:54  10,2   0,0   0,0   1,9   6,7   00:28   WSW
24   8,3   9,3   15:24   7,4   06:14  10,0   0,0   0,0   1,8   8,0   01:12   WSW
25   6,3   8,3   00:00   5,2   09:10  11,9   0,0   0,0   0,5   4,9   11:31   WSW
26   7,5   9,9   13:57   4,0   21:35  10,7   0,0   0,0   1,0   5,4   11:14   WSW
27   3,8   7,9   12:50  -0,3   23:34  14,4   0,0   0,0   0,1   3,1   06:12     W
28   3,7   5,7   13:56  -0,3   00:14  14,5   0,0   0,4   0,7   4,0   07:34    NE
29   2,6   4,0   12:25   0,8   03:10  15,6   0,0   0,0   0,7   4,5   17:49    NW
30   3,1   4,3   11:53   1,8   03:53  15,2   0,0   1,4   0,7   5,4   13:23   WSW
----------------------------------------------------------------------------------
     8,5  17,4     2    -0,3    27   292,8   0,0  19,6   1,3  12,1    19     WSW

Max >=  27,0  0
Max <=   0,0  0
Min <=   0,0  2
Min <= -18,0  0
Max Rain: 3,4 on day 1
Days of Rain: 16 (>= 0,2 mm)  5 (>= 2,0 mm)  0 (>= 20,0 mm)
Heat Base: 18,3  Cool Base: 18,3  Method: Integration