NOAA-Style Climate Reports


Report for 2020 Oktober
                   Monthly Climatological Summary for okt. 2020

Name: Vejret i Vindeby   City: Svendborg   State:  
Elevation: 0 m  Lat: N 55° 02' 30"   Lon: E 010° 37' 00"

                  Temperature (°C), Rain (mm), Wind Speed (m/s)

                                      Heat  Cool        Avg
    Mean                              Deg   Deg         Wind                 Dom
Day Temp  High   Time   Low    Time   Days  Days  Rain  Speed High   Time    Dir
----------------------------------------------------------------------------------
01  15,5  17,5   15:46  13,8   01:45   2,8   0,0   0,4   1,4   8,0   16:32   ENE
02  15,7  17,2   13:34  14,6   06:43   2,6   0,0   0,4   2,1   8,5   17:48   ENE
03  16,2  17,0   15:26  15,2   05:21   2,1   0,0   0,0   3,6  10,7   11:31    NE
04  14,9  17,6   13:28  11,9   08:05   3,4   0,0   1,0   0,7   5,4   00:01   NNE
05  13,2  15,7   11:48  10,3   04:07   5,1   0,0   0,6   0,4   5,4   11:28   ESE
06  12,1  15,1   15:21   9,4   02:04   6,2   0,0   3,2   0,3   4,5   15:25   WNW
07  13,1  15,6   13:01  11,2   20:05   5,2   0,0   3,2   0,7   5,4   02:51   WSW
08  12,5  14,9   21:55  11,1   15:33   5,8   0,0   0,6   1,0   6,7   23:41   WSW
09  11,4  15,2   14:19   8,6   08:08   6,9   0,0   0,0   0,8   8,5   00:36   WSW
10  10,0  11,6   10:59   8,1   08:22   8,3   0,0   0,0   1,1   6,7   11:13   WSW
11   9,4  12,4   14:06   6,1   23:56   8,9   0,0   0,2   0,5   7,2   00:10     W
12   8,9  13,5   14:19   4,1   07:30   9,3   0,0   0,0   0,3   4,0   13:00   WSW
13   8,8  12,8   14:51   4,5   07:32   9,5   0,0   0,0   0,3   3,6   16:58    NE
14   9,8  11,7   14:20   8,2   05:06   8,4   0,0   0,0   2,8  10,7   12:10   NNE
15   8,9  10,6   14:17   3,5   23:58   9,3   0,0   0,0   2,2   9,4   02:20   NNE
16   8,0  12,4   14:32   2,8   00:51  10,2   0,0   0,0   0,4   4,5   14:02   NNE
17   9,6  12,1   13:43   6,4   08:32   8,7   0,0   0,0   0,7   6,3   23:29    NW
18   9,5  11,8   15:36   6,2   23:50   8,8   0,0   0,0   1,6   7,2   01:10     W
19   9,0  12,0   15:00   5,8   09:01   9,2   0,0   0,0   0,6   4,9   12:24   WSW
20  10,4  11,4   13:18   9,4   06:47   7,8   0,0   0,0   0,7   7,2   13:28     E
21  12,9  15,3   23:39  11,4   00:00   5,3   0,0   0,0   0,5   5,8   19:53    NW
22  14,4  15,8   12:46  12,9   23:56   3,9   0,0   0,0   2,2  10,7   05:43   WSW
23  12,1  13,7   14:16   9,6   21:13   6,2   0,0   0,0   1,3   8,5   01:23   WSW
24  12,6  13,7   14:22  11,9   09:04   5,7   0,0   0,0   1,1   8,0   11:06   WSW
25  12,7  14,7   10:37  10,2   22:35   5,8   0,0   0,0   0,8   5,8   06:51   NNE
26  10,7  12,2   13:24   8,8   23:49   7,6   0,0  24,2   0,2   4,0   09:14     W
27  10,5  12,1   14:17   8,7   02:53   7,8   0,0   0,0   1,2   6,7   19:22     W
28  10,9  12,6   13:05   9,7   02:55   7,4   0,0   2,4   1,3   6,3   10:01   WSW
29  10,3  12,2   13:35   8,8   22:54   7,9   0,0   0,4   1,2   8,5   11:12   WSW
30  11,9  14,0   14:18   9,0   00:00   6,4   0,0   5,8   0,5   5,4   07:53    SW
31  13,2  13,8   17:47  12,4   07:44   5,1   0,0   1,8   0,3   4,0   21:12     E
----------------------------------------------------------------------------------
    11,6  17,6     4     2,8    16   207,6   0,0  44,2   1,0  10,7     3      NW

Max >=  27,0  0
Max <=   0,0  0
Min <=   0,0  0
Min <= -18,0  0
Max Rain: 24,2 on day 26
Days of Rain: 13 (>= 0,2 mm)  5 (>= 2,0 mm)  1 (>= 20,0 mm)
Heat Base: 18,3  Cool Base: 18,3  Method: Integration