NOAA-Style Climate Reports


Report for 2020 August
                   Monthly Climatological Summary for aug. 2020

Name: Vejret i Vindeby   City: Svendborg   State:  
Elevation: 0 m  Lat: N 55° 02' 30"   Lon: E 010° 37' 00"

                  Temperature (°C), Rain (mm), Wind Speed (m/s)

                                      Heat  Cool        Avg
    Mean                              Deg   Deg         Wind                 Dom
Day Temp  High   Time   Low    Time   Days  Days  Rain  Speed High   Time    Dir
----------------------------------------------------------------------------------
01  19,6  26,9   15:40  12,2   05:12   1,7   3,0   0,0   0,8   5,8   16:06     E
02  20,0  25,3   15:35  15,1   23:17   0,4   2,1   7,4   1,1   5,8   13:18   WSW
03  17,6  22,8   14:23  11,8   05:31   1,9   1,2   0,0   0,8   4,9   12:51     W
04  16,5  22,2   15:49  10,3   05:45   2,6   0,8   0,0   0,7   5,8   12:46   WSW
05  20,0  27,2   17:24  12,8   00:25   1,2   2,8   0,0   0,6   5,4   15:05     W
06  23,5  31,2   16:40  15,2   03:34   0,7   5,9   0,0   0,5   5,4   15:42     E
07  23,8  31,6   15:42  15,7   05:54   0,3   5,7   0,0   0,6   4,5   19:04   ENE
08  23,8  30,7   15:09  16,7   05:31   0,3   5,8   0,0   0,5   4,9   16:20   ENE
09  23,6  30,7   17:11  17,4   01:50   0,1   5,4   0,0   0,6   4,5   10:59   NNE
10  24,1  30,1   14:18  19,9   00:00   0,0   5,8   0,0   1,6   7,2   18:37    NE
11  22,7  26,9   14:00  19,3   23:59   0,0   4,4   0,0   1,8   8,0   17:09    NE
12  21,7  25,8   15:07  18,2   04:17   0,0   3,4   0,0   1,8   6,7   12:59    NE
13  21,6  26,4   16:00  16,5   04:26   0,2   3,5   0,0   1,4   6,7   13:24    NE
14  21,4  27,8   16:19  15,6   04:08   0,5   3,6   0,0   1,0   4,9   10:48    NE
15  22,3  29,6   15:11  14,7   05:11   0,9   4,8   0,0   0,6   4,5   10:28    NE
16  23,3  30,3   15:50  15,7   06:02   0,6   5,6   0,0   0,8   4,9   10:54    NE
17  23,8  29,6   14:24  17,6   06:27   0,0   5,5   0,0   1,0   6,7   14:57    NE
18  21,6  26,5   15:57  18,2   23:56   0,0   3,3   0,2   0,4   4,9   16:53   WSW
19  20,6  27,1   15:53  14,8   05:52   0,7   3,1   0,0   0,4   4,0   13:07   WSW
20  21,0  24,2   14:52  17,9   00:00   0,0   2,7   1,4   0,6   4,5   09:33   ESE
21  21,4  25,7   16:38  18,1   00:27   0,0   3,1   2,8   0,6   5,4   10:32     E
22  20,9  25,3   15:24  17,5   23:55   0,0   2,6   0,0   1,1   8,0   13:14   WSW
23  18,4  21,9   16:09  15,6   23:59   0,7   0,8   3,0   1,5   9,4   10:58   WSW
24  16,0  19,7   14:13  12,7   05:28   2,5   0,2   1,6   0,3   3,6   18:28   WSW
25  15,6  21,4   16:12   8,9   06:37   3,1   0,4   3,4   0,6   6,3   23:18   SSE
26  17,7  20,8   16:33  15,8   00:00   0,9   0,3   6,6   0,8   5,8   01:27   WNW
27  16,1  19,9   17:32  12,4   23:39   2,3   0,1   3,4   1,6   8,9   03:59     W
28  15,1  19,8   14:11  12,3   02:48   3,2   0,0   4,2   0,7   6,3   13:53     E
29  16,0  21,4   16:17  11,9   06:23   2,7   0,5   5,2   0,3   4,5   15:18     W
30  16,2  22,7   12:05  13,2   02:52   2,4   0,3   5,0   0,3   3,1   12:30     N
31  15,7  20,2   11:50   9,8   23:58   2,8   0,3   0,0   0,9   6,3   16:30     N
----------------------------------------------------------------------------------
    20,1  31,6     7     8,9    25    32,7  87,0  44,2   0,9   9,4    23     NNE

Max >=  27,0 11
Max <=   0,0  0
Min <=   0,0  0
Min <= -18,0  0
Max Rain: 7,4 on day 2
Days of Rain: 12 (>= 0,2 mm)  9 (>= 2,0 mm)  0 (>= 20,0 mm)
Heat Base: 18,3  Cool Base: 18,3  Method: Integration