NOAA-Style Climate Reports


Report for 2020 Juli
                   Monthly Climatological Summary for jul. 2020

Name: Vejret i Vindeby   City: Svendborg   State:  
Elevation: 0 m  Lat: N 55° 02' 30"   Lon: E 010° 37' 00"

                  Temperature (°C), Rain (mm), Wind Speed (m/s)

                                      Heat  Cool        Avg
    Mean                              Deg   Deg         Wind                 Dom
Day Temp  High   Time   Low    Time   Days  Days  Rain  Speed High   Time    Dir
----------------------------------------------------------------------------------
01  18,0  24,4   17:00  14,8   04:08   1,4   1,1   7,4   1,4   8,5   02:52   WSW
02  18,2  24,3   15:15  14,3   04:45   1,4   1,3   0,2   0,9   5,8   13:28     W
03  15,5  20,2   12:07  11,7   05:34   2,9   0,1   1,4   1,3   8,0   22:56   WSW
04  15,8  16,9   18:42  14,7   00:00   2,5   0,0  15,0   2,8   7,2   02:55   WSW
05  17,5  20,6   17:01  14,7   23:58   1,1   0,3   3,2   2,4  11,2   19:42   WSW
06  14,8  19,0   14:21  11,8   23:37   3,5   0,0   2,4   2,2  10,3   19:22   WSW
07  13,8  19,7   12:36  10,8   03:34   4,5   0,0   1,8   1,8  10,7   14:02     W
08  14,1  19,3   18:02  10,2   05:45   4,3   0,0   1,6   1,2   6,7   17:33     W
09  13,1  17,7   17:48   8,4   04:56   5,2   0,0   0,0   0,5   3,1   12:37     E
10  12,5  17,6   18:36   9,1   02:14   5,8   0,0   5,2   0,6   7,2   18:52     W
11  14,9  21,0   14:45  10,4   04:00   3,6   0,2   0,0   1,4   9,8   14:58     W
12  14,4  18,3   19:32   9,8   02:46   3,9   0,0   0,0   1,2   7,2   11:52     W
13  16,6  22,0   15:51  11,4   05:31   2,8   1,0   0,0   0,7   5,4   12:05   WSW
14  15,5  18,5   09:24  10,9   01:41   2,8   0,0   5,8   1,0   4,9   15:40     W
15  15,0  22,1   12:23  11,6   04:21   3,5   0,2   7,2   0,4   4,9   13:48     W
16  15,8  21,6   13:00  10,6   06:47   2,8   0,3   0,2   0,5   4,0   09:31     W
17  18,3  24,6   14:31  10,7   05:21   2,3   2,3   0,0   0,6   4,9   13:47   WSW
18  19,3  26,1   14:12  11,7   04:32   1,7   2,7   0,2   1,0   4,5   12:08   ESE
19  21,0  27,2   17:01  16,1   05:41   0,5   3,2   0,0   0,9   4,9   12:37     S
20  17,2  22,1   16:40  12,6   23:58   1,8   0,7   1,6   1,2   6,7   19:05     W
21  15,5  21,1   15:06  10,7   05:51   3,1   0,3   0,0   2,1   8,0   19:17     W
22  15,7  21,8   17:51   9,7   05:19   3,1   0,5   0,0   1,2   6,7   16:22     W
23  15,1  21,3   14:36   9,2   04:16   3,4   0,2   1,6   0,7   5,8   12:38   WSW
24  17,4  21,9   16:30  13,9   23:59   1,6   0,7   1,0   1,5   8,9   13:16   WSW
25  17,4  24,5   16:15  11,1   03:29   2,3   1,3   1,0   0,3   4,5   12:15     W
26  18,0  22,4   17:28  15,2   23:50   0,8   0,5  12,8   0,7   4,9   13:10   WSW
27  17,7  21,8   14:51  13,1   05:29   1,5   0,9   0,2   0,5   5,4   11:46   ESE
28  18,4  21,7   14:04  14,9   23:54   0,7   0,8   0,2   2,0   9,4   16:42    SW
29  15,4  19,5   11:56  12,9   22:49   2,9   0,0   0,6   2,1  11,2   13:07   WSW
30  16,8  22,8   11:28  13,3   04:54   2,2   0,7   0,0   2,3   8,9   18:11   WSW
31  17,7  24,3   15:01  11,9   05:35   2,4   1,8   0,0   0,7   5,4   13:07     W
----------------------------------------------------------------------------------
    16,3  27,2    19     8,4     9    82,3  21,1  70,6   1,2  11,2     5     WSW

Max >=  27,0  1
Max <=   0,0  0
Min <=   0,0  0
Min <= -18,0  0
Max Rain: 15,0 on day 4
Days of Rain: 21 (>= 0,2 mm)  8 (>= 2,0 mm)  0 (>= 20,0 mm)
Heat Base: 18,3  Cool Base: 18,3  Method: Integration