NOAA-Style Climate Reports


Report for 2020 Juni
                   Monthly Climatological Summary for jun 2020

Name: Vejret Syrenvej 35   City: Svendborg   State: 
Elevation: 32 m  Lat: S 00° 00' 00"   Lon: W 000° 00' 00"

                  Temperature (°C), Rain (mm), Wind Speed (m/s)

                                      Heat  Cool        Avg
    Mean                              Deg   Deg         Wind                 Dom
Day Temp  High   Time   Low    Time   Days  Days  Rain  Speed High   Time    Dir
----------------------------------------------------------------------------------
 1  18,8  25,8   13:57   8,2   04:57   2,6   3,0   0,3   0,8   3,7   10:27     N
 2  20,9  29,7   15:58  10,1   04:57   2,0   4,5   0,3   0,6   3,7   16:58   ENE
 3  18,7  25,5   12:28  12,1   03:58   2,0   2,3   0,0   1,5   6,1   23:28   NNE
 4  15,1  19,8   12:28  12,8   04:28   2,8   0,0  22,8   1,8   6,1   12:58   NNE
 5  13,8  19,4   15:58  10,3   23:58   4,6   0,1   1,8   1,7   6,8   20:58   ESE
 6  10,9  15,4   18:44   9,2   03:28   4,3   0,0   3,0   1,8   8,8   09:59    SE
 7  15,1  20,5   16:23  10,2   01:59   3,5   0,3   0,3   1,7   6,1   09:29   ESE
 8  16,9  21,7   09:57  11,2   02:27   2,4   1,0   0,3   0,7   3,4   14:57   SSW
 9  16,3  23,6   09:58   9,2   04:28   3,1   1,1   0,3   0,5   3,4   15:58    SW
10  16,8  25,3   13:28   9,1   03:58   3,0   1,5   0,3   0,8   3,1   08:28   WNW
11  16,9  21,6   16:27  14,3   09:54   1,4   0,3   0,3   1,6   6,1   13:07    NW
12  15,9  16,4   02:27  15,2   22:28   2,2   0,0   0,9   2,0   8,5   17:16     N
13  16,9  21,4   13:58  15,5   00:28   1,5   0,2   1,5   2,1   6,5   00:28   NNW
14  19,6  24,6   09:58  14,4   03:28   1,2   2,4   0,0   2,2   8,5   14:28   NNW
15  20,9  27,8   15:58  10,9   05:28   1,7   4,3   0,0   1,1   4,8   09:58   NNE
16  21,7  28,6   14:58  11,5   04:28   1,4   4,8   0,3   0,6   3,4   14:58   SSE
17  23,4  33,2   09:28  14,3   04:58   0,7   5,9   0,0   0,8   3,7   12:28     N
18  21,5  27,6   09:28  15,5   04:28   0,5   3,8   0,3   1,2   4,8   10:58     N
19  17,4  19,8   17:30  16,1   04:29   1,0   0,2   6,0   0,5   3,1   15:16    SW
20  17,6  19,9   18:30  15,8   23:30   1,0   0,3   0,6   1,2   4,4   12:30    SW
21  19,0  24,8   15:30  12,9   05:00   1,6   2,3   0,0   0,7   3,7   13:00   SSW
22  19,3  24,4   16:00  14,7   01:30   1,0   2,0   1,2   1,0   3,7   15:00    SW
23  19,7  25,3   15:30  12,1   05:00   1,5   2,9   0,0   0,7   3,7   16:00   SSW
24  23,1  31,6   09:30  13,6   05:00   1,0   5,8   0,0   0,7   3,7   15:01     N
25  24,0  31,7   09:31  15,5   03:31   0,4   6,1   0,0   1,2   5,4   15:31   NNW
26  24,8  30,8   15:31  18,5   05:01   0,0   6,5   0,0   1,4   5,1   20:01     N
27  23,7  30,5   15:13  18,7   05:01   0,0   4,8   0,0   1,1   6,5   14:05   NNE
28  19,9  23,9   07:59  16,0   23:59   0,2   1,8   0,0   0,8   4,4   08:29   SSE
29  20,2  25,6   09:59  14,4   02:29   1,0   2,9   0,0   1,7   7,1   23:31   ESE
30  17,1  20,6   14:31  14,0   04:01   1,6   0,4   0,3   2,8   9,2   09:31   ESE
----------------------------------------------------------------------------------
    18,9  33,2    17     8,2     1    51,2  71,5  40,8   1,3   9,2    30     NNE

Max >=  27,0:  9
Max <=   0,0:  0
Min <=   0,0:  0
Min <= -18,0:  0
Max Rain: 22,8 on day 4
Days of Rain: 18 (>= 0,2 mm)  3 (>= 2,0 mm)  1 (>= 20,0 mm)
Heat Base: 18,3  Cool Base: 18,3  Method: Integration