NOAA-Style Climate Reports


Report for 2020 Maj
                   Monthly Climatological Summary for maj 2020

Name: Vejret Syrenvej 35   City: Svendborg   State: 
Elevation: 32 m  Lat: S 00° 00' 00"   Lon: W 000° 00' 00"

                  Temperature (°C), Rain (mm), Wind Speed (m/s)

                                      Heat  Cool        Avg
    Mean                              Deg   Deg         Wind                 Dom
Day Temp  High   Time   Low    Time   Days  Days  Rain  Speed High   Time    Dir
----------------------------------------------------------------------------------
01   9,2  14,7   16:38   5,3   00:00   9,1   0,0   2,4   0,2   4,5   14:24     S
02  10,0  14,1   14:29   6,8   00:54   8,2   0,0   0,2   1,1   7,2   19:42   WSW
03  10,7  15,8   15:15   6,2   05:30   7,6   0,0   0,2   1,5   7,2   16:12     W
04   9,3  15,6   14:30   4,7   05:11   9,0   0,0   0,0   1,1   7,2   15:57     W
05   8,7  14,4   16:08   3,0   05:35   9,6   0,0   0,0   1,1   8,0   15:01     N
06   9,4  15,5   15:04   2,4   04:49   8,8   0,0   0,0   1,8  10,7   17:36     W
07  11,1  16,1   16:09   6,7   06:10   7,2   0,0   0,0   1,7   6,7   12:02     W
08  12,1  19,3   16:56   5,8   04:03   6,2   0,1   0,0   1,3   8,5   18:13   WSW
09  14,1  21,0   17:05   8,7   06:01   4,5   0,4   0,0   0,3   4,0   13:53    SW
10  13,4  21,8   13:04   7,5   22:27   5,3   0,4   0,0   0,7   6,7   18:57     W
11   7,9  11,7   16:23   3,1   22:56  10,4   0,0   0,0   1,7  11,2   09:12     N
12   7,5  12,2   12:38   3,2   03:32  10,8   0,0   0,0   1,4   8,5   16:18     W
13   7,5  13,2   16:02   2,1   23:47  10,8   0,0   0,8   0,5   6,3   13:29    NE
14   8,3  14,6   13:53   2,0   00:53   9,9   0,0   0,0   1,1   6,7   08:58     W
15   9,7  13,2   10:58   5,9   00:41   8,5   0,0   0,0   1,9   8,9   14:51     W
16  11,5  16,0   14:48   7,8   02:18   6,8   0,0   0,2   2,6  11,2   15:00     W
17  12,1  17,5   13:51   8,6   00:54   6,2   0,0   0,2   2,3   9,8   14:35     W
18  11,4  12,5   15:07  10,3   02:59   6,9   0,0   3,4   1,3   6,7   01:40   WSW
19  13,6  18,8   16:12   9,6   23:59   4,7   0,0   0,4   1,8   8,5   15:38     W
20  12,5  18,6   14:37   5,7   04:52   5,8   0,0   0,0   0,4   4,9   10:03    NW
21  15,0  23,0   16:43   6,8   04:55   4,1   0,9   0,0   0,3   4,5   19:46     S
22  14,6  20,1   11:22  10,3   05:12   3,8   0,1  10,4   0,7   5,8   11:06   ESE
23  14,2  18,3   15:01  10,6   23:44   4,1   0,0   0,2   0,9   8,5   16:30   WSW
24  12,5  15,9   16:32  10,5   07:06   5,8   0,0   2,2   1,9   9,8   19:48   WSW
25  13,5  18,8   18:11   8,2   23:57   4,8   0,0   0,4   1,4   8,0   07:53   WNW
26  13,7  20,4   14:09   5,7   04:39   4,7   0,2   0,0   0,4   4,5   11:44   WSW
27  13,6  20,3   14:43   8,4   03:42   4,8   0,1   0,0   0,7   7,2   18:08     W
28  13,8  21,2   12:55   7,2   04:36   4,7   0,2   0,0   0,5   4,9   05:16   WNW
29  15,0  22,3   15:33   7,4   04:12   4,0   0,8   0,0   0,3   4,9   13:15     W
30  14,9  23,0   13:47   7,4   05:16   4,1   0,8   0,0   0,3   4,5   12:01   ENE
31  15,5  22,1   15:33   7,7   03:52   3,6   0,8   0,0   1,2   8,5   10:04    NE
----------------------------------------------------------------------------------
    11,8  23,0    21     2,0    14   204,8   4,8  21,0   1,1  11,2    11       W

Max >=  27,0:  0
Max <=   0,0:  0
Min <=   0,0:  0
Min <= -18,0:  0
Max Rain: 9,9 on day 22
Days of Rain: 20 (>= 0,2 mm)  3 (>= 2,0 mm)  0 (>= 20,0 mm)
Heat Base: 18,3  Cool Base: 18,3  Method: Integration