NOAA-Style Climate Reports


Report for 2020 April
                   Monthly Climatological Summary for apr 2020

Name: Vejret Syrenvej 35   City: Svendborg   State: 
Elevation: 32 m  Lat: S 00° 00' 00"   Lon: W 000° 00' 00"

                  Temperature (°C), Rain (mm), Wind Speed (m/s)

                                      Heat  Cool        Avg
    Mean                              Deg   Deg         Wind                 Dom
Day Temp  High   Time   Low    Time   Days  Days  Rain  Speed High   Time    Dir
----------------------------------------------------------------------------------
 1   6,7   9,9   15:10   4,8   00:16   9,5   0,0   0,3   2,2   7,5   18:07   SSW
 2   7,4  11,7   13:17   4,7   23:17  10,9   0,0   0,3   2,6   9,2   11:17    SW
 3   6,2  10,3   14:47   2,9   06:17  12,1   0,0   0,3   2,7  10,9   11:47    SW
 4   7,5  14,3   17:47   2,8   04:17  10,8   0,0   0,0   1,1   4,1   16:17     S
 5  10,0  16,5   17:47   2,0   04:17   8,3   0,0   0,0   2,0   8,5   17:47   ENE
 6  13,2  19,4   17:48   6,7   05:47   5,2   0,0   0,0   2,7   6,8   07:17   ENE
 7  12,9  18,3   16:49   6,9   23:49   5,4   0,0   0,0   0,9   4,1   11:19   SSW
 8  12,0  18,7   17:49   2,9   05:19   6,3   0,0   0,0   1,2   4,8   13:19     E
 9  10,4  16,4   16:49   5,8   23:49   7,9   0,0   0,0   1,7   5,1   13:49   WSW
10   7,8  13,9   16:49   1,4   06:49  10,5   0,0   0,0   0,9   3,4   12:19    SW
11   8,4  13,7   16:50   0,9   05:49   9,9   0,0   0,0   0,9   4,1   20:50   ESE
12  13,2  19,5   14:50   7,8   06:50   5,2   0,1   0,0   1,5   6,1   22:20   SSW
13   6,7  11,0   14:50   2,8   06:20  11,6   0,0   0,0   3,0   8,8   12:20   WSW
14   6,6  12,2   15:11   1,2   06:20  11,4   0,0   0,0   2,0   7,5   23:48    SW
15   9,5  15,0   16:18   6,4   00:18   8,8   0,0   0,0   2,8   8,2   02:18    SW
16  10,7  16,7   15:48   6,2   03:18   7,6   0,0   0,0   2,0   6,5   12:18    SW
17  10,4  17,9   09:18   1,0   06:18   7,9   0,0   0,0   0,8   3,4   14:18     N
18  10,4  18,4   09:48   1,9   05:48   7,9   0,0   0,0   1,4   5,4   18:18   NNW
19  10,0  16,0   09:48   3,3   06:18   8,0   0,0   0,0   1,1   4,8   09:18   NNE
20  11,6  20,6   09:48   1,2   05:48   6,8   0,1   0,0   0,9   4,4   16:48     N
21  12,3  17,5   09:49   6,4   04:19   6,0   0,0   0,0   2,0   8,5   14:19   NNE
22  12,3  17,9   17:49   5,3   05:49   6,0   0,0   0,0   1,6   6,5   13:49   NNE
23  14,8  24,6   09:49   2,8   05:49   5,1   1,6   0,0   0,5   3,4   16:19     S
24  12,5  16,1   12:49   6,8   06:19   5,8   0,0   0,0   1,4   5,4   23:49    SW
25  12,2  17,6   09:19   5,5   05:19   6,1   0,0   0,0   1,2   6,8   00:19     W
26   7,9  11,6   15:49   4,3   05:51   8,0   0,0   0,0   0,9   5,8   16:11    SW
27  11,8  17,6   15:21   4,9   05:21   6,5   0,0   0,0   1,0   4,4   16:51   ESE
28  11,7  17,6   15:21   6,5   06:21   6,6   0,0   0,0   1,2   4,8   16:51   WSW
29   8,5  10,9   12:01   7,3   06:12   9,8   0,0   4,2   1,5   6,7   19:26   ENE
30   9,6  13,3   19:04   5,1   23:28   8,6   0,0   3,4   2,0   7,2   01:37     E
----------------------------------------------------------------------------------
    10,3  24,6    23     0,9    11   222,1   1,8   0,9   1,6  10,9     3      SW

Max >=  27,0:  0
Max <=   0,0:  0
Min <=   0,0:  0
Min <= -18,0:  0
Max Rain: 0,3 on day 1
Days of Rain: 3 (>= 0,2 mm)  0 (>= 2,0 mm)  0 (>= 20,0 mm)
Heat Base: 18,3  Cool Base: 18,3  Method: Integration