NOAA-Style Climate Reports


Report for 2020 Marts
                   Monthly Climatological Summary for mar 2020

Name: Vejret Syrenvej 35   City: Svendborg   State: 
Elevation: 32 m  Lat: S 00° 00' 00"   Lon: W 000° 00' 00"

                  Temperature (°C), Rain (mm), Wind Speed (m/s)

                                      Heat  Cool        Avg
    Mean                              Deg   Deg         Wind                 Dom
Day Temp  High   Time   Low    Time   Days  Days  Rain  Speed High   Time    Dir
----------------------------------------------------------------------------------
 1   5,7   7,8   12:57   4,5   21:57  12,6   0,0   1,5   3,7   9,5   07:57    SE
 2   6,2  10,1   12:27   3,3   07:27  13,5   0,0   0,0   1,0   4,4   00:27    SE
 3   4,2   6,3   16:11   0,0   00:28  16,1   0,0   0,0   0,0   5,8   15:42   SSE
 4   4,0   8,2   13:11   0,0   07:11  14,3   0,0   0,6   0,7   4,1   13:11   SSE
 5   3,9   5,6   13:11   2,2   06:41  14,3   0,0   0,0   1,0   4,4   23:11   ENE
 6   4,8   6,8   13:11   3,6   00:11  13,4   0,0   0,9   2,3   6,5   10:41   NNW
 7   5,3   9,7   13:41   2,2   07:41  13,0   0,0   0,3   1,3   4,8   23:41    SW
 8   7,5  10,4   13:11   4,5   00:11  10,8   0,0   0,0   3,1   7,5   07:11    SE
 9   7,8  11,0   14:41   5,0   22:41  10,5   0,0   1,8   1,2   3,7   07:41    SE
10   6,3   8,7   17:05   5,2   00:11   8,4   0,0   6,6   2,8   8,2   10:55   ESE
11   8,0  11,1   16:42   5,9   05:12  10,3   0,0   0,3   2,4   7,1   03:12   SSW
12   6,8   8,7   05:12   5,1   19:13  10,2   0,0   0,9   3,3  13,3   13:03     S
13   5,3   9,1   16:13   1,2   23:43  13,0   0,0   0,0   2,7   7,8   15:13     S
14   3,8   9,0   10:13  -3,5   07:13  14,5   0,0   0,3   1,5   6,1   21:43     E
15   7,6  11,3   15:44   4,0   00:14  10,7   0,0   0,0   3,3   9,9   01:44   ESE
16   8,4  10,6   09:14   6,0   19:44   9,9   0,0   0,3   1,4   7,8   00:14     S
17   8,1  11,2   12:14   6,0   07:14  10,2   0,0   0,0   1,8   6,8   10:44    SE
18   8,0   9,5   13:44   6,4   23:14  10,3   0,0   0,6   2,0   6,8   05:14   SSE
19   8,3  12,6   13:14   5,0   23:42   9,0   0,0   0,3   0,9   4,4   17:06    SW
20   5,7  10,2   12:44   2,6   23:44  12,7   0,0   0,3   1,6   5,8   18:44   WNW
21   4,7  10,1   15:14   0,0   23:44  13,6   0,0   0,0   1,8   6,5   17:44   NNW
22   4,3   9,5   08:44   0,0   00:14  14,0   0,0   0,0   2,5   6,5   02:44    NE
23   4,0   8,5   08:44  -0,6   05:44  14,3   0,0   0,0   1,7   5,4   13:44     E
24   5,2   9,0   12:44   1,1   00:14  13,1   0,0   0,0   1,9   5,4   10:14     E
25   6,1  11,8   16:55   2,2   05:45  11,6   0,0   0,0   1,8   5,8   08:45     E
26   6,5  12,2   15:15   0,2   07:15  11,8   0,0   0,0   1,3   4,4   13:15    NE
27   7,2  14,5   17:45   0,6   06:45  11,1   0,0   0,0   0,9   4,1   14:15   NNW
28   6,7  13,7   15:15  -0,2   07:15  11,6   0,0   0,0   1,2   4,4   19:15     W
29   3,2   5,3   17:46   0,3   23:46  15,1   0,0   2,1   3,1   9,5   12:46    NW
30   4,6   9,2   12:46   0,2   00:16  13,7   0,0   0,0   2,0   7,1   17:46     W
31   4,8  10,2   16:16  -3,7   07:16  13,5   0,0   0,0   1,1   4,1   19:16    SW
----------------------------------------------------------------------------------
     5,9  14,5    27    -3,7    31   381,1   0,0  16,8   1,8  13,3    12      SE

Max >=  27,0:  0
Max <=   0,0:  0
Min <=   0,0:  8
Min <= -18,0:  0
Max Rain: 6,6 on day 10
Days of Rain: 14 (>= 0,2 mm)  2 (>= 2,0 mm)  0 (>= 20,0 mm)
Heat Base: 18,3  Cool Base: 18,3  Method: Integration