NOAA-Style Climate Reports


Report for 2020 Januar
                   Monthly Climatological Summary for jan 2020

Name: Vejret Syrenvej 35   City: Svendborg   State: 
Elevation: 32 m  Lat: S 00° 00' 00"   Lon: W 000° 00' 00"

                  Temperature (°C), Rain (mm), Wind Speed (m/s)

                                      Heat  Cool        Avg
    Mean                              Deg   Deg         Wind                 Dom
Day Temp  High   Time   Low    Time   Days  Days  Rain  Speed High   Time    Dir
----------------------------------------------------------------------------------
 1   4,1   5,9   13:12   1,9   23:43  14,2   0,0   0,0   1,4   4,8   10:41     S
 2   2,1   3,4   23:43   1,2   19:43  15,6   0,0   0,0   2,1   8,5   23:13   SSE
 3   5,4   7,2   12:43   3,4   00:13  12,9   0,0   2,7   2,4   9,2   03:43   SSE
 4   4,7   6,6   09:13   0,5   23:43  13,6   0,0   2,1   2,7   8,5   10:13    SW
 5   2,6   5,7   18:16  -1,0   03:43  11,9   0,0   0,3   1,6   7,5   21:08   ESE
 6   6,0   6,7   12:13   5,1   23:43  12,3   0,0   0,3   2,0   6,1   00:13    SE
 7   5,8   7,7   14:13   4,0   02:13  12,5   0,0   0,0   2,1   7,1   23:13    SE
 8   7,3   8,7   12:43   5,3   23:43  11,0   0,0   0,9   1,7   7,1   01:13    SE
 9   6,4   9,8   20:19   2,6   03:13   9,6   0,0   6,0   1,8   8,2   19:23   ESE
10   7,2   8,6   00:14   4,3   23:51   7,7   0,0   4,8   1,3   6,1   16:40     S
11   4,9   6,6   23:45   0,0   00:15  13,4   0,0   0,3   2,9   8,2   11:15    SE
12   6,1   6,7   00:45   5,6   14:45  12,2   0,0   9,0   2,1  10,5   02:45    SE
13   5,7   6,6   00:13   5,0   06:43  12,6   0,0   0,6   1,8   5,8   21:13   ESE
14   7,3   9,8   23:44   5,1   00:13  11,0   0,0   4,5   3,6  10,2   21:14     E
15   9,6  10,7   02:14   5,9   22:44   8,7   0,0   1,8   3,5   9,5   00:14    SE
16   6,5   7,5   12:44   5,5   20:14  11,8   0,0   0,0   2,3   6,5   01:14   ESE
17   7,2   9,3   12:44   5,8   01:14  11,1   0,0   0,6   2,5   7,5   01:44     E
18   6,0   7,6   00:44   4,5   23:46  12,3   0,0   0,9   2,1   7,8   05:44    SE
19   3,9   7,2   14:16   1,3   21:46  14,4   0,0   0,3   1,1   4,1   13:16    SW
20   5,5   7,3   15:16   2,1   01:16  12,6   0,0   0,0   1,3   5,4   21:16     S
21   6,5   7,6   12:16   5,9   03:16  11,8   0,0   0,0   2,1   6,5   15:46     S
22   5,5   8,3   13:16   1,8   22:16  12,8   0,0   0,0   1,6   5,8   12:46    SW
23   5,1   5,9   13:47   1,9   00:16  13,2   0,0   0,0   1,2   4,4   23:17     S
24   5,8   6,7   15:17   5,1   00:17  12,5   0,0   0,6   1,5   5,4   02:17   SSE
25   5,9   7,0   12:17   4,3   23:47  12,4   0,0   0,9   1,5   5,1   17:17   SSE
26   4,0   5,7   14:17   3,4   07:17  14,3   0,0   0,0   1,9   4,8   15:47   ESE
27   5,1   7,0   17:12   3,9   00:17   8,7   0,0   1,5   2,3   8,2   11:45     E
28   5,6   6,7   14:49   4,5   21:19  12,7   0,0   2,1   1,7   5,4   12:19     E
29   5,2   7,6   14:49   3,5   07:49  13,1   0,0   0,6   1,6   5,4   08:19     S
30   6,5   7,4   12:49   5,0   02:49  11,8   0,0   3,9   2,6   8,8   04:19    SE
----------------------------------------------------------------------------------
     5,7  10,7    15    -1,0     5   364,7   0,0  44,7   2,0  10,5    12      SE

Max >=  27,0:  0
Max <=   0,0:  0
Min <=   0,0:  2
Min <= -18,0:  0
Max Rain: 9,0 on day 12
Days of Rain: 21 (>= 0,2 mm)  8 (>= 2,0 mm)  0 (>= 20,0 mm)
Heat Base: 18,3  Cool Base: 18,3  Method: Integration