NOAA-Style Climate Reports


Report for 2020
                   Annual Climatological Summary for 2020

Name: Vejret i Vindeby   City: Svendborg   State:  
Elevation: 0 m  Lat: N 55° 02' 30"   Lon: E 010° 37' 00"

                  Temperature (°C), Heat Base: 18,3  Cool Base: 18,3
                          Dep.  Heat  Cool                       Max  Max  Min  Min
        Mean  Mean        From  Deg   Deg                        >=   <=   <=   <=
 YR MO  Max   Min   Mean  Norm  Days  Days  Hi  Date  Low  Date 27,0  0,0  0,0 -18,0
------------------------------------------------------------------------------------
 20  1   7,2   3,6   5,6   0.0   392     0  10,9  15  -1,5    5    0    0    2    0
 20  2   7,3   3,2   5,3   0.0   375     0  11,1  16  -2,7   27    0    0    3    0
 20  3   8,5   1,8   5,2   0.0   405     0  11,2  15  -3,8   31    0    0    9    0
 20  4  14,2   3,7   8,9   0.0   282     0  20,4  23   0,1   17    0    0    0    0
 20  5  17,5   6,6  11,8   0.0   205     5  23,0  21   2,0   14    0    0    0    0
 20  6  23,1  12,2  17,6   0.0    68    46  28,9  27   6,8    1    5    0    0    0
 20  7  21,5  12,0  16,3   0.0    82    21  27,2  19   8,4    9    1    0    0    0
 20  8  25,5  15,0  20,1   0.0    33    87  31,6   7   8,9   25   11    0    0    0
 20  9  19,5  10,9  15,1   0.0   103     8  25,4  15   4,1   18    0    0    0    0
 20 10  13,8   9,2  11,6   0.0   208     0  17,6   4   2,8   16    0    0    0    0
 20 11  10,3   6,3   8,5   0.0   293     0  17,4   2  -0,3   27    0    0    2    0
 20 12   6,2   3,4   5,0   0.0   412     0   9,7  22  -2,1   26    0    0    2    0
------------------------------------------------------------------------------------
        14,6   7,3  10,9   0.0  2857   167  31,6aug.  -3,8 mar.   17    0   18    0

                                Precipitation (mm)

              Dep.   Max        Days of Rain
              From   Obs.           >=
 YR MO Total  Norm   Day Date  0,2  2,0 20,0
---------------------------------------------
 20  1  76,8   0.0  15,6  12    27   11    0
 20  2 117,6   0.0  17,6  16    22   15    0
 20  3  23,0   0.0   8,4  10    13    3    0
 20  4   9,6   0.0   4,2  29     4    2    0
 20  5  21,0   0.0  10,4  22    12    4    0
 20  6  58,2   0.0  28,0   4    13    5    1
 20  7  70,6   0.0  15,0   4    21    8    0
 20  8  44,2   0.0   7,4   2    12    9    0
 20  9  15,4   0.0   3,0   3    11    3    0
 20 10  44,2   0.0  24,2  26    13    5    1
 20 11  19,6   0.0   3,4   1    16    5    0
 20 12  56,4   0.0  12,0  15    18    7    0
---------------------------------------------
       556,6   0.0  28,0 jun.  182   77    2

                                Wind Speed (m/s)
                          Dom
 YR MO   Avg.  Hi   Date  Dir
------------------------------
 20  1  ----  12,1    4     E
 20  2  ----  15,6   10     E
 20  3  ----  19,2   12     E
 20  4  ----  11,6    3     E
 20  5   1,1  11,2   11     W
 20  6  ----   9,8   30     E
 20  7   1,2  11,2    5   WSW
 20  8   0,9   9,4   23   NNE
 20  9   0,9   9,8    6     W
 20 10   1,0  10,7    3    NW
 20 11   1,3  12,1   19   WSW
 20 12   1,1  11,2   27     E
------------------------------
         1,1  19,2 mar.     W