NOAA-Style Climate Reports


Report for 2019 December
                   Monthly Climatological Summary for dec 2019

Name: Vejret Syrenvej 35   City: Svendborg   State: 
Elevation: 32 m  Lat: S 00° 00' 00"   Lon: W 000° 00' 00"

                  Temperature (°C), Rain (mm), Wind Speed (m/s)

                                      Heat  Cool        Avg
    Mean                              Deg   Deg         Wind                 Dom
Day Temp  High   Time   Low    Time   Days  Days  Rain  Speed High   Time    Dir
----------------------------------------------------------------------------------
 1   3,8   7,0   14:04   1,1   07:04  14,5   0,0   0,3   0,4   2,7   13:04   SSW
 2   3,6   5,3   11:34  -0,8   23:48   8,7   0,0   0,0   1,3   7,1   14:52   SSW
 3   3,7   7,6   21:35  -2,3   04:35  14,6   0,0   0,6   0,9   5,8   17:05   SSE
 4   7,1   7,9   12:05   6,2   20:35  11,2   0,0   0,3   1,5   5,1   17:05    SE
 5   6,0   6,7   13:35   5,1   06:35  12,3   0,0   0,0   2,6  12,2   23:05    SE
 6   6,7   7,8   10:29   5,2   01:35   9,8   0,0   3,3   3,5  11,9   01:35    SE
 7   7,8   8,7   12:36   6,7   20:36  10,5   0,0   0,3   2,1   6,8   00:06     S
 8   8,0   9,3   14:57   6,5   21:22   8,3   0,0   1,2   3,3  10,9   13:30    SE
 9   5,9   7,0   14:07   3,0   23:07  12,4   0,0   0,9   2,7   9,9   09:37   SSE
10   3,9   6,7   13:07   0,6   08:07  14,4   0,0   0,3   1,9   9,5   22:07    SE
11   5,6   6,3   12:17   4,5   00:07  11,6   0,0   0,6   2,0   7,1   07:08   ESE
12   5,0   5,7   14:08   3,3   23:08  13,3   0,0   1,5   1,5   5,8   20:38   ESE
13   3,5   4,4   03:08   2,3   23:08  11,0   0,0   0,0   3,3   9,5   11:49    NE
14   4,1   5,5   19:38   2,1   04:07  14,2   0,0   5,1   2,6   8,5   16:07   ESE
15   5,2   6,1   11:00   4,1   06:38  11,3   0,0   5,7   3,3  14,6   15:18    SE
16   6,2   7,0   18:40   4,8   06:40  12,1   0,0   0,0   2,4   7,1   09:10   ESE
17   7,8  10,5   23:40   5,9   04:10  10,5   0,0   1,8   1,5   6,1   18:40     E
18   6,8  10,5   00:10   4,9   20:40  11,5   0,0   0,0   1,8   6,8   02:10   SSE
19   6,2   8,3   12:40   4,0   03:10  12,0   0,0   0,3   1,9   6,1   08:40    NE
20   6,1   8,0   22:39   5,3   16:39  12,2   0,0   1,8   2,5   7,8   06:39    NE
21   7,0   8,0   12:09   4,1   23:39  11,3   0,0   2,4   1,7   5,1   00:39     E
22   4,7   5,3   13:09   4,0   00:09  13,6   0,0   0,3   2,4   5,4   19:39    NE
23   6,3   7,5   13:39   5,0   00:09  12,0   0,0   1,5   1,2   5,1   00:09   ESE
24   6,2   7,1   13:10   4,3   22:10  12,2   0,0   0,0   1,3   7,5   06:10    SE
25   5,7   6,6   12:23   5,1   00:10   9,7   0,0   0,6   0,6   3,7   12:07    SW
26   4,5   6,2   13:11   0,8   20:41  13,9   0,0   0,0   0,7   2,7   01:11    SW
27   2,5   3,6   13:41   0,5   23:41  15,8   0,0   0,0   1,1   3,4   08:11   WNW
28   1,2   2,5   12:41   0,1   00:41  16,1   0,0   0,0   0,8   3,7   11:28     E
29   2,8   4,3   21:12   0,8   01:42  15,5   0,0   0,0   1,7   5,8   18:12    SE
30   6,3   7,6   14:12   4,3   00:12  12,0   0,0   0,0   2,0   7,1   04:12     S
31   5,6   7,8   00:42   1,9   22:41  10,7   0,0   0,0   1,7   7,5   11:51    SW
----------------------------------------------------------------------------------
     5,3  10,5    17    -2,3     3   379,2   0,0  28,8   1,9  14,6    15     ESE

Max >=  27,0:  0
Max <=   0,0:  0
Min <=   0,0:  2
Min <= -18,0:  0
Max Rain: 5,7 on day 15
Days of Rain: 19 (>= 0,2 mm)  4 (>= 2,0 mm)  0 (>= 20,0 mm)
Heat Base: 18,3  Cool Base: 18,3  Method: Integration