NOAA-Style Climate Reports


Report for 2019 November
                   Monthly Climatological Summary for nov. 2019

Name: Vejret i Vindeby   City: Svendborg   State: 
Elevation: 0 m  Lat: N 55 02 30   Lon: E 010 37 00

                  Temperature (°C), Rain (mm), Wind Speed (m/s)

                                      Heat  Cool        Avg
    Mean                              Deg   Deg         Wind                 Dom
Day Temp  High   Time   Low    Time   Days  Days  Rain  Speed High   Time    Dir
----------------------------------------------------------------------------------
01   4,4   6,9   10:41   0,7   00:00  13,8   0,0   4,2   0,8   7,2   10:24   ESE
02   9,0  11,7   16:24   5,7   00:00   9,3   0,0   4,8   0,3   4,0   19:00    SE
03  10,2  11,6   13:01   9,1   19:18   8,1   0,0   0,2   0,1   3,6   23:25   ENE
04   9,7  10,8   06:46   8,4   21:00   8,6   0,0   0,0   2,2   9,4   10:21    NE
05   6,6   8,4   00:00   5,2   23:53  11,6   0,0   0,0   1,4   5,4   01:20    NE
06   5,1   6,1   11:40   4,3   06:52  13,2   0,0   0,2   0,2   3,1   03:03   NNE
07   5,5   7,8   14:07   1,6   07:58  12,8   0,0   0,0   0,4   4,9   21:50   ENE
08   6,2   8,4   02:12   3,2   20:50  12,0   0,0   0,0   0,3   4,5   00:27    SW
09   5,3   8,1   14:57   2,6   01:44  12,9   0,0   0,0   0,0   2,2   13:40     W
10   5,0   8,3   13:55   0,8   07:34  13,3   0,0   0,0   0,1   4,0   21:00    SW
11   5,6   7,2   13:20   4,2   19:05  12,7   0,0   0,0   1,0   7,2   17:20    SE
12   6,2   7,4   13:30   4,6   00:26  12,1   0,0   0,0   0,9   6,7   11:39    SW
13   5,4   6,9   22:09   3,4   04:42  12,8   0,0   0,0   0,5   4,5   11:55   SSW
14   6,1   7,2   12:19   5,0   17:34  12,2   0,0   0,0   0,5   4,9   22:13     E
15   7,8   8,9   18:32   6,3   00:01  10,5   0,0   0,0   3,1  12,5   09:55   ENE
16   8,4   9,1   10:23   6,1   23:17   9,9   0,0   0,2   1,1   9,4   19:27    SW
17   5,7   7,1   13:53   3,5   08:00  12,6   0,0   0,0   0,8   7,2   23:48   WNW
18   8,4   9,6   12:39   6,2   23:34   9,9   0,0   0,0   1,5   8,0   00:12    NE
19   7,1   8,5   13:54   5,4   07:04  11,2   0,0   0,0   1,0   8,0   15:58    SW
20   6,2   7,6   00:00   4,1   00:00  12,0   0,0   0,0   0,1   3,1   22:10   NNW
21   5,7   8,8   18:46   0,8   05:28  12,5   0,0   0,0   0,7   5,4   21:13    NE
22   8,1   8,7   07:07   7,1   16:28  10,2   0,0   0,0   0,7   5,8   16:26     E
23   7,6   8,9   00:58   6,7   23:32  10,7   0,0   0,0   2,9  10,7   13:43   ENE
24   6,7   7,0   05:59   6,1   23:58  11,5   0,0   0,0   2,7  11,2   05:58   ENE
25   5,5   6,1   11:55   4,8   19:21  12,8   0,0   0,0   1,0   5,4   00:01     E
26   6,3   7,7   23:28   5,6   00:00  12,0   0,0  18,2   0,3   4,5   01:28   ESE
27   7,8   8,2   22:09   7,3   15:52  10,5   0,0   2,0   1,0   5,8   14:15     E
28   8,3   9,1   07:31   5,8   23:28  10,0   0,0   4,4   1,3   8,5   21:24   WSW
29   3,2   6,4   00:52  -0,6   23:20  15,2   0,0   0,2   2,3  11,2   12:19     W
30   2,0   5,6   12:46  -0,5   00:00  16,1   0,0   0,2   0,3   4,5   12:43     W
----------------------------------------------------------------------------------
     6,5  11,7     2    -0,6    29   353,0   0,0  34,6   1,0  12,5    15     ENE

Max >=  27,0  0
Max <=   0,0  0
Min <=   0,0  2
Min <= -18,0  0
Max Rain: 18,2 on day 26
Days of Rain: 10 (>= 0,2 mm)  5 (>= 2,0 mm)  0 (>= 20,0 mm)
Heat Base: 18,3  Cool Base: 18,3  Method: Integration