NOAA-Style Climate Reports


Report for 2019 Oktober
                   Monthly Climatological Summary for okt 2019

Name: Vejret Syrenvej 35   City: Svendborg   State: 
Elevation: 32 m  Lat: S 00° 00' 00"   Lon: W 000° 00' 00"

                  Temperature (°C), Rain (mm), Wind Speed (m/s)

                                      Heat  Cool        Avg
    Mean                              Deg   Deg         Wind                 Dom
Day Temp  High   Time   Low    Time   Days  Days  Rain  Speed High   Time    Dir
----------------------------------------------------------------------------------
 1   9,9  10,9   15:53   7,6   23:53   8,4   0,0   2,4   0,4   2,4   01:53    SW
 2  10,1  14,7   14:23   6,8   07:23   7,6   0,0   3,0   1,4   5,1   10:53   SSW
 3   9,1  11,1   13:23   5,8   23:23   9,2   0,0   0,3   0,9   4,4   01:53   WSW
 4   9,8  13,3   14:54   5,7   02:23   8,5   0,0   0,0   1,9   6,1   13:54    NE
 5   8,5  12,9   14:54   3,6   23:54   9,8   0,0   0,0   1,4   6,1   01:24    NW
 6   7,5  13,1   13:24   1,8   05:54  10,8   0,0   0,0   1,1   4,4   10:24     N
 7   7,5  13,7   12:24   1,3   07:54  10,8   0,0   0,0   0,3   2,7   22:54    NE
 8  11,3  16,7   15:14   7,9   00:24   6,5   0,0   9,9   1,4   5,4   08:54     E
 9  11,9  13,7   15:25  10,4   05:24   6,4   0,0   6,9   1,6   6,5   13:55    SE
10  11,7  14,6   14:26   9,6   03:56   6,6   0,0   0,9   1,6   6,5   14:26    SE
11  12,9  15,1   11:56  11,4   01:56   4,1   0,0  10,8   3,2  10,9   08:26    SE
12  13,0  14,7   14:33  11,8   07:55   5,1   0,0   4,2   1,7   8,2   15:02    SE
13  12,8  17,3   22:55  11,4   07:55   5,5   0,0   3,6   1,6   7,8   21:55     E
14  13,7  16,8   00:25  11,3   23:55   2,9   0,0   4,8   1,6   7,1   04:25   SSE
15  13,7  18,5   15:56  11,3   00:25   4,6   0,0   3,0   1,9   6,8   04:26    NE
16  12,3  14,1   13:26  10,2   23:56   5,9   0,0   2,1   0,2   2,0   16:26   SSE
17  12,6  15,3   15:26   9,3   01:56   5,7   0,0   3,9   1,0   4,4   07:26     E
18  12,9  16,2   16:06  10,5   00:26   4,9   0,0   9,0   1,9  10,2   17:45     E
19  12,0  14,2   14:27  10,4   06:57   6,3   0,0   2,4   2,1   7,5   00:27     E
20  11,5  14,2   12:27  10,0   23:57   6,8   0,0   0,0   0,3   2,7   11:27   ESE
21  11,8  12,7   22:27  10,0   00:27   6,5   0,0   0,9   0,7   4,4   12:57   NNW
22  11,9  14,4   11:57  10,1   06:27   5,0   0,0   0,3   1,2   8,2   14:57    SE
23  11,9  13,4   15:27  10,6   19:27   6,4   0,0   0,0   1,0   4,1   00:56   ESE
24  12,2  13,4   23:57  11,1   02:27   6,1   0,0   0,0   1,7   5,8   10:27   ENE
25  13,0  14,2   11:49  11,8   12:56   4,3   0,0   3,0   2,2   7,5   11:37   ESE
26  14,3  15,3   17:57  12,8   00:27   4,0   0,0   0,6   3,6   9,9   02:27   ESE
27  11,0  14,3   00:27   8,9   07:27   7,3   0,0   1,2   2,3   9,5   01:57     S
28   8,8  14,3   12:58   4,9   23:28   9,4   0,0   0,3   1,2   5,4   00:27   SSW
29   5,9  11,7   12:58   1,0   23:58  12,4   0,0   0,3   0,4   3,1   14:28     W
30   4,3  11,4   13:58  -1,1   06:58  14,0   0,0   0,0   0,2   1,7   11:58   SSE
31   5,9  11,0   14:28   1,1   23:28  12,4   0,0   0,0   0,3   2,4   11:28   SSE
----------------------------------------------------------------------------------
    10,8  18,5    15    -1,1    30   224,2   0,0  73,8   1,4  10,9    11     ESE

Max >=  27,0:  0
Max <=   0,0:  0
Min <=   0,0:  1
Min <= -18,0:  0
Max Rain: 10,8 on day 11
Days of Rain: 22 (>= 0,2 mm)  14 (>= 2,0 mm)  0 (>= 20,0 mm)
Heat Base: 18,3  Cool Base: 18,3  Method: Integration