NOAA-Style Climate Reports


Report for 2019 September
                   Monthly Climatological Summary for sep. 2019

Name: Vejret i Vindeby   City: Svendborg   State: 
Elevation: 0 m  Lat: N 55 02 30   Lon: E 010 37 00

                  Temperature (°C), Rain (mm), Wind Speed (m/s)

                                      Heat  Cool        Avg
    Mean                              Deg   Deg         Wind                 Dom
Day Temp  High   Time   Low    Time   Days  Days  Rain  Speed High   Time    Dir
----------------------------------------------------------------------------------
01  18,3  21,4   11:03  14,4   23:42   0,8   0,7   0,2   0,9  10,3   02:53   WSW
02  15,6  19,2   12:51  11,3   03:50   2,8   0,0   0,2   1,0   7,2   12:28   WSW
03  16,4  21,0   15:42  13,2   06:36   2,3   0,3   3,4   1,3   8,0   03:57   WSW
04  17,0  20,9   12:09  14,9   23:38   1,6   0,3   8,2   1,0   6,3   10:51   WSW
05  13,7  17,3   13:39  11,2   23:55   4,6   0,0   3,4   1,6   9,4   18:02   WSW
06  13,5  17,2   14:42  11,0   03:46   4,8   0,0   6,2   1,1   6,3   09:46   WSW
07  14,6  19,3   13:34  11,1   22:20   3,7   0,0   0,6   0,7   6,3   01:21   WSW
08  14,0  19,2   12:51   8,3   06:21   3,8   0,0   0,0   0,6   4,0   15:28    NE
09  12,7  16,6   12:54   8,9   02:46   5,6   0,0  10,6   0,4   4,9   23:33   WNW
10  14,1  15,9   17:23  12,4   04:50   4,2   0,0   6,4   1,6   6,7   16:05   WSW
11  14,7  18,7   13:13  12,2   07:13   3,6   0,0   4,6   1,3   7,2   17:53   WSW
12  16,4  20,0   12:45  13,2   06:54   1,7   0,1   0,6   1,2   6,7   12:47   WSW
13  15,2  17,7   12:25  11,1   23:38   3,1   0,0   3,0   1,7   8,0   05:20   WSW
14  13,7  18,1   13:26   8,2   06:26   4,6   0,0   0,0   1,2   6,7   23:29   WSW
15  14,7  18,1   15:03  12,1   23:57   3,2   0,0   0,2   2,4   9,8   18:13   WSW
16  12,8  15,8   15:10  10,4   23:15   5,5   0,0   0,0   1,8   8,9   14:01   WSW
17  10,8  13,4   12:23   8,0   14:20   7,5   0,0   3,2   2,1  10,3   10:59   WSW
18  10,8  15,4   13:03   7,9   01:00   7,5   0,0   0,2   1,7   7,2   12:22   WSW
19  12,7  18,5   15:52   8,5   02:52   5,6   0,0   0,0   1,1   5,8   04:52    SW
20  13,1  16,5   13:44  10,3   01:22   4,2   0,0   0,0   1,2   5,8   21:52   SSW
21  10,1  15,3   12:26   8,1   02:14   4,6   0,0   0,0   0,0   4,9   04:41   WSW
22  10,1  16,3   15:51   8,3   05:51   3,7   0,0   0,0   1,0   5,1   16:51   NNE
23  15,2  17,6   12:50   8,1   02:51   2,7   0,0   0,4   2,8   8,9   11:10    NE
24  14,9  17,9   15:10  12,4   21:30   3,3   0,0   0,0   0,1   4,5   00:10   ENE
25  15,1  17,5   14:07  14,0   00:23   2,4   0,0   3,9   1,2   5,4   14:57     N
26  15,3  18,5   13:23  14,2   06:23   2,5   0,0   1,8   1,5   4,8   21:14    NE
27  13,7  15,9   18:01  12,8   20:11   1,1   0,0   0,2   0,0   3,1   18:29   WSW
28  14,8  17,4   12:17  12,9   06:55   3,5   0,0   3,8   1,1   8,9   11:34   WSW
29  13,5  14,3   23:57  12,3   04:02   4,8   0,0  15,0   0,8   6,3   01:06   WSW
30  13,1  16,0   13:16   9,6   23:21   5,2   0,0   5,8   1,8  11,6   15:33   WSW
----------------------------------------------------------------------------------
    13,8  20,0    28     7,9    30    14,6   0,0  81,9   1,1  11,6    30     WSW

Max >=  27,0  0
Max <=   0,0  0
Min <=   0,0  0
Min <= -18,0  0
Max Rain: 15,0 on day 29
Days of Rain: 4 (>= 0,2 mm)  3 (>= 2,0 mm)  0 (>= 20,0 mm)
Heat Base: 18,3  Cool Base: 18,3  Method: Integration