NOAA-Style Climate Reports


Report for 2019 August
                   Monthly Climatological Summary for aug 2019

Name: Vejret i Vindeby   City: Svendborg   State: 
Elevation: 0 ft  Lat: N 55 02 30   Lon: E 010 37 00

                  Temperature (°C), Rain (mm), Wind Speed (m/s)

                                      Heat  Cool        Avg
    Mean                              Deg   Deg         Wind                 Dom
Day Temp  High   Time   Low    Time   Days  Days  Rain  Speed High   Time    Dir
----------------------------------------------------------------------------------
01  17,7  22,7   12:11  14,1   05:26   1,1   0,5   9,2   0,4   4,0   11:29    NE
02  18,5  23,1   14:45  14,4   22:51   1,0   1,2   0,2   0,4   3,6   02:16   ENE
03  19,3  26,9   17:06  11,8   05:23   1,8   2,7   0,0   0,4   4,5   23:51   WSW
04  18,1  22,5   16:22  14,7   03:12   1,2   1,0   0,0   0,8   5,4   15:02   WSW
05  17,7  23,3   11:24  11,1   05:33   2,2   1,5   0,2   0,2   4,9   13:15   ENE
06  19,8  25,2   16:28  16,3   22:35   0,3   1,9   3,8   0,9   6,3   10:02   WSW
07  18,3  23,3   11:53  13,7   05:05   1,2   1,2   2,4   0,4   6,7   19:15   WSW
08  18,4  23,3   12:48  15,6   04:23   0,8   1,0   1,2   1,3   9,4   13:13   WSW
09  18,8  23,1   13:40  14,2   06:10   0,8   1,3   0,0   0,7   6,3   00:48   SSW
10  21,1  25,4   13:02  19,0   02:30   0,0   2,8   0,2   1,7  10,7   19:32    SW
11  19,9  24,3   14:29  17,2   06:23   0,1   1,8   0,0   1,6  10,7   02:13   WSW
12  18,7  22,9   12:26  14,4   23:59   0,7   1,2   0,2   1,0   7,2   13:03   WSW
13  15,0  18,4   16:51  13,4   11:57   3,3   0,0  14,4   0,8   5,8   14:44   WSW
14  16,2  21,0   15:45  11,9   03:06   2,4   0,3   0,2   1,0   5,8   12:23   WSW
15  16,0  17,6   10:06  14,0   01:31   2,3   0,0   8,2   0,5   6,3   10:21     S
16  17,3  21,1   13:15  14,2   22:45   1,5   0,4   0,6   0,9   5,8   00:12   WSW
17  17,1  19,6   18:34  15,3   07:05   1,3   0,1   9,8   0,7   5,4   12:32   WSW
18  16,0  18,3   12:03  13,0   05:03   2,4   0,0   7,2   0,4   5,4   20:23   WSW
19  17,1  21,3   14:27  14,2   23:56   1,5   0,4   1,2   1,1   8,0   15:45   WSW
20  16,7  21,7   16:47  11,2   05:05   2,2   0,6   0,0   0,7   5,4   10:40   WSW
21  16,9  21,7   15:28  11,9   23:57   2,0   0,8   0,0   0,7   5,4   08:10   WSW
22  17,7  24,8   16:04  10,6   02:43   2,6   2,0   0,0   0,5   4,9   10:01   WSW
23  18,9  25,4   15:48  13,6   04:51   1,5   2,1   0,0   0,6   5,4   14:22   WSW
24  19,1  24,9   17:02  13,2   04:29   1,5   2,3   0,0   0,9   5,8   15:23    NE
25  21,5  27,1   15:01  17,0   05:14   0,2   3,4   0,0   1,3   5,8   15:43    NE
26  22,8  28,8   13:48  18,9   04:50   0,0   4,5   0,0   1,0   4,5   13:39   ENE
27  22,0  26,8   16:19  18,4   00:55   0,0   3,7   0,8   1,5   5,8   16:20    NE
28  23,0  29,3   15:46  18,7   01:59   0,0   4,7   0,4   0,3   4,0   15:25     E
29  20,7  24,4   14:11  14,6   23:56   0,2   2,6   1,6   0,9   7,2   15:44   WSW
30  18,1  24,4   15:29  12,8   23:55   1,7   1,6   0,0   0,4   4,5   09:19   WSW
31  20,1  27,4   13:40  12,2   02:15   1,8   3,6   0,2   0,3   4,0   12:10     E
----------------------------------------------------------------------------------
    18,7  29,3    28    10,6    22    39,6  51,2  62,0   0,8  10,7    10     WSW

Max >=  27,0  4
Max <=   0,0  0
Min <=   0,0  0
Min <= -18,0  0
Max Rain: 14,4 on day 13
Days of Rain: 19 (>= 0,2 mm)  7 (>= 2,0 mm)  0 (>= 20,0 mm)
Heat Base: 18,3  Cool Base: 18,3  Method: Integration