NOAA-Style Climate Reports


Report for 2019 Juli
                   Monthly Climatological Summary for jul 2019

Name: Vejret Syrenvej 35   City: Svendborg   State: 
Elevation: 32 m  Lat: S 00° 00' 00"   Lon: W 000° 00' 00"

                  Temperature (°C), Rain (mm), Wind Speed (m/s)

                                      Heat  Cool        Avg
    Mean                              Deg   Deg         Wind                 Dom
Day Temp  High   Time   Low    Time   Days  Days  Rain  Speed High   Time    Dir
----------------------------------------------------------------------------------
 1  19,0  24,5   12:59  15,7   21:50   0,6   1,2   0,0   2,1   8,8   17:39   SSW
 2  15,0  17,6   13:30  11,5   23:30   3,3   0,0   0,3   2,6   7,1   09:00    SW
 3  15,1  19,3   15:00  10,5   01:00   3,3   0,1   0,0   2,0   6,1   21:00    SW
 4  14,2  17,7   14:00  10,4   02:30   4,1   0,0   0,6   1,9   5,4   19:30   SSW
 5  16,5  22,1   14:59  12,7   02:00   2,5   0,7   0,3   1,6   5,4   11:06    SW
 6  14,8  19,3   14:29  12,9   23:01   2,2   0,0   6,0   1,9   9,2   11:13     S
 7  14,4  18,5   16:35  12,7   02:31   2,3   0,0   0,0   2,3   7,8   18:26    SW
 8  16,0  20,4   16:00  11,4   07:00   2,7   0,4   0,0   1,5   4,1   16:00    SW
 9  16,0  21,8   15:30  10,0   05:00   2,7   0,7   0,0   1,4   4,8   17:09    SW
10  18,1  23,8   16:02  11,5   06:02   2,0   1,8   0,0   1,2   4,1   16:32   SSW
11  17,6  25,2   15:32  11,5   04:32   2,1   1,5   0,0   0,7   4,4   14:02   ESE
12  17,8  24,7   13:55  15,9   01:02   0,8   0,5   1,8   0,7   4,4   13:22    NE
13  21,5  30,3   10:01  15,0   05:31   0,8   3,3   0,0   0,7   5,4   15:07   SSW
14  15,7  17,9   14:03  13,7   01:32   2,6   0,0   0,0   0,6   2,7   23:33   SSW
15  15,5  18,4   16:33  12,5   05:33   2,8   0,0   0,0   1,4   4,8   08:03   SSW
16  17,2  23,8   17:03  13,3   01:03   1,9   1,0   0,0   1,2   4,1   07:33   WSW
17  18,5  24,9   13:02  13,2   03:32   1,8   2,0   0,0   0,6   3,4   15:32   SSW
18  21,1  28,7   09:02  11,3   05:32   1,5   4,3   0,0   0,9   3,7   11:32   ENE
19  19,9  26,0   16:11  16,8   23:33   0,1   1,2   0,0   0,8   5,1   17:38   ENE
20  18,4  27,0   14:07  12,4   04:03   1,3   1,3   5,7   1,4   6,8   11:50    NE
21  18,2  21,8   08:03  15,2   23:33   0,7   0,6   1,5   1,4   6,8   17:16     S
22  16,3  18,8   12:03  13,2   05:03   2,0   0,0   3,6   1,0   5,4   16:55    SE
23  22,4  29,4   16:35  17,0   04:04   0,3   4,5   0,0   0,8   3,7   17:47   SSW
24  25,5  33,6   10:05  15,4   05:35   0,4   7,6   0,0   0,7   3,7   16:05    NE
25  25,2  32,0   13:34  19,3   03:34   0,0   7,0   0,0   1,4   4,8   13:34    NE
26  25,1  31,3   10:04  17,3   05:34   0,1   6,3   0,0   1,3   6,1   14:04   NNE
27  22,7  28,1   14:05  18,7   04:35   0,0   4,3   0,0   2,4   9,9   17:36     N
28  21,1  26,9   14:42  19,6   01:05   0,0   2,0   0,0   1,7   8,5   13:59   NNW
29  25,5  34,2   14:06  19,2   06:03   0,0   5,4   0,0   1,0   3,7   15:47   NNE
30  22,0  27,4   16:33  18,6   23:33   0,0   3,7   4,5   0,6   4,1   16:33   SSW
31  20,0  24,5   07:33  17,0   23:04   0,1   1,5   6,3   1,3   6,8   14:57    NE
----------------------------------------------------------------------------------
    18,9  34,2    29    10,0     9    45,0  62,9  30,6   1,3   9,9    27     SSW

Max >=  27,0: 10
Max <=   0,0:  0
Min <=   0,0:  0
Min <= -18,0:  0
Max Rain: 6,3 on day 31
Days of Rain: 10 (>= 0,2 mm)  5 (>= 2,0 mm)  0 (>= 20,0 mm)
Heat Base: 18,3  Cool Base: 18,3  Method: Integration