NOAA-Style Climate Reports


Report for 2019 Juni
                   Monthly Climatological Summary for jun 2019

Name: Vejret Syrenvej 35   City: Svendborg   State: 
Elevation: 32 m  Lat: S 00° 00' 00"   Lon: W 000° 00' 00"

                  Temperature (°C), Rain (mm), Wind Speed (m/s)

                                      Heat  Cool        Avg
    Mean                              Deg   Deg         Wind                 Dom
Day Temp  High   Time   Low    Time   Days  Days  Rain  Speed High   Time    Dir
----------------------------------------------------------------------------------
 1  16,4  20,8   11:55  13,0   03:25   2,4   0,5   0,0   1,6   5,4   10:55   SSE
 2  19,0  26,1   16:33  10,4   04:55   2,2   3,0   0,0   1,3   4,4   14:55   NNE
 3  20,2  28,5   07:52  14,2   23:53   1,2   3,1   0,0   0,9   3,7   09:22     S
 4  17,4  25,3   09:53  11,5   05:23   1,7   1,0   0,6   0,5   3,4   23:23     N
 5  21,0  29,9   08:53  15,3   00:53   0,6   2,2   0,0   1,4   4,4   18:34    NE
 6  19,7  29,3   10:58  14,3   23:53   0,7   1,8   0,9   1,2   5,4   10:58   WSW
 7  18,2  25,6   12:53  12,1   05:23   2,0   1,9   0,0   1,4   4,8   00:23    NW
 8  15,9  19,0   11:03  14,1   23:25   2,1   0,0   3,9   2,5  10,5   13:21   ESE
 9  17,1  22,3   16:55  13,2   04:55   2,0   0,8   0,0   1,8   7,1   06:55    SE
10  15,8  18,9   16:25  13,9   03:25   2,5   0,0   0,3   1,3   6,5   17:36    NW
11  17,3  20,9   15:54  13,9   05:24   1,4   0,5   1,8   1,4   4,4   13:24    NW
12  16,7  19,0   11:25  15,3   05:25   1,7   0,1  12,0   1,2   4,8   17:38   NNE
13  18,4  26,0   16:20  14,1   06:26   1,3   1,4   0,3   1,4   6,1   12:10   ESE
14  21,1  28,4   09:26  14,5   05:26   1,0   3,7   3,0   1,2   8,5   16:58    NE
15  16,9  19,3   16:26  15,9   03:26   1,5   0,0  11,7   1,2   8,2   11:56   NNE
16  17,7  23,3   15:17  14,1   04:56   1,1   0,7   0,3   1,1   4,4   14:53   SSW
17  21,1  27,1   15:55  12,8   05:25   1,0   3,8   0,0   0,8   3,1   09:55    SE
18  22,3  29,4   13:27  16,4   02:25   0,4   4,4   1,5   1,6   5,4   20:10    NE
19  20,0  30,7   16:01  14,9   04:57   0,6   1,8  10,2   0,9   8,8   18:05    NE
20  19,6  24,3   07:58  14,7   23:57   0,6   1,8   0,0   1,2   5,8   15:45     S
21  18,2  24,1   09:57  13,2   05:27   1,7   1,5   0,3   1,0   5,1   18:57   SSW
22  17,3  22,6   09:27  10,7   05:27   2,2   1,3   0,0   0,5   2,7   09:27     W
23  19,2  26,8   08:58   9,7   03:58   2,3   3,2   0,0   0,9   4,1   10:28   NNE
24  21,0  27,1   09:58  14,5   02:28   0,9   3,6   0,0   1,4   5,4   14:58   NNE
25  25,2  32,1   16:28  16,3   04:58   0,3   7,2   0,0   1,3   4,1   13:28   NNE
26  23,8  32,1   09:58  14,1   23:58   0,4   5,9   0,0   1,3   6,1   15:58    SW
27  17,3  22,3   16:29  11,8   03:58   2,0   1,0   0,0   1,8   5,8   08:29    SW
28  18,7  25,1   16:29  11,4   04:59   2,0   2,4   0,0   0,9   4,1   18:59   SSW
29  19,0  27,2   14:58  12,6   05:59   1,4   1,9   0,0   0,8   4,8   14:34   SSW
30  23,2  32,4   09:59  14,6   04:59   0,8   5,8   0,0   1,6   6,5   12:29   SSE
----------------------------------------------------------------------------------
    19,2  32,4    30     9,7    23    42,0  66,3  46,8   1,2  10,5     8       E

Max >=  27,0: 12
Max <=   0,0:  0
Min <=   0,0:  0
Min <= -18,0:  0
Max Rain: 12,0 on day 12
Days of Rain: 13 (>= 0,2 mm)  5 (>= 2,0 mm)  0 (>= 20,0 mm)
Heat Base: 18,3  Cool Base: 18,3  Method: Integration