NOAA-Style Climate Reports


Report for 2019 Maj
                   Monthly Climatological Summary for maj 2019

Name: Vejret i Vindeby   City: Svendborg   State: 
Elevation: 0 ft  Lat: N 55 02 30   Lon: E 010 37 00

                  Temperature (°C), Rain (mm), Wind Speed (m/s)

                                      Heat  Cool        Avg
    Mean                              Deg   Deg         Wind                 Dom
Day Temp  High   Time   Low    Time   Days  Days  Rain  Speed High   Time    Dir
----------------------------------------------------------------------------------
01   9,5  11,9   13:12   7,9   02:53   8,8   0,0   0,0   2,7  10,7   13:08     W
02   9,1  12,9   15:12   5,6   23:36   9,2   0,0   0,0   3,3  11,2   13:39     W
03   6,8  11,7   15:45   3,7   05:26  11,5   0,0   1,0   2,6  11,6   13:43     W
04   5,4  10,6   18:21   1,8   22:57  12,9   0,0   0,8   1,6   8,0   16:41     W
05   8,0  14,3   14:15   1,2   05:01  10,3   0,0   0,0   1,4   8,5   15:03   WSW
06   8,2  12,1   13:30   5,7   23:32  10,1   0,0   0,4   2,5  10,3   15:17   WSW
07   7,7  12,9   15:27   4,1   05:02  10,6   0,0   0,8   1,8   8,9   11:07   WSW
08   9,7  14,6   12:33   4,5   00:00   8,6   0,0   2,8   0,9   6,3   12:28     E
09  12,5  18,8   17:04   9,1   03:00   5,8   0,0   5,8   0,8   5,4   15:04     S
10  10,3  13,4   12:09   5,3   23:58   8,0   0,0   0,8   1,1   6,7   14:17   WSW
11   9,4  16,6   18:03   0,9   05:28   8,9   0,0   0,0   0,9   5,8   23:11   WNW
12  10,2  17,1   16:14   4,7   05:21   8,1   0,0   0,0   2,1   8,5   17:12     W
13   9,7  15,6   16:52   3,9   23:59   8,6   0,0   0,0   1,2   6,3   12:44     W
14   9,5  14,9   11:23   2,6   01:14   8,8   0,0   0,0   0,4   3,6   09:51    NE
15  10,4  17,3   14:06   1,6   05:02   7,9   0,0   0,0   0,7   4,9   17:12    NE
16  11,8  18,9   15:22   4,4   03:35   6,5   0,0   0,0   1,7   8,9   16:15    NE
17  10,7  12,6   00:00   9,6   23:30   7,7   0,0   2,2   2,5   8,5   03:31    NE
18  12,5  17,5   17:47   9,4   04:20   5,7   0,0   0,0   2,3   7,2   15:40    NE
19  13,7  18,6   17:20  11,3   02:51   4,6   0,0   0,0   2,4   8,0   05:26    NE
20  18,0  23,6   16:48  12,9   00:50   1,8   1,5   0,0   1,4   5,4   11:33    NE
21  16,2  18,8   15:18  13,6   05:33   2,1   0,0  18,2   0,7   5,4   02:31     N
22  12,3  16,1   18:14   8,8   23:57   6,0   0,0  16,4   1,5   7,2   19:54     W
23  14,3  21,4   16:00   6,3   02:36   4,5   0,4   0,0   0,9   5,4   12:25   WSW
24  14,0  20,6   14:25   9,1   04:50   4,5   0,2   0,0   1,4   8,9   15:38   WSW
25  13,0  18,3   15:46  10,5   23:58   5,3   0,0   0,0   1,8   8,5   16:01   WSW
26  12,0  14,1   13:59  10,0   06:26   6,3   0,0   9,8   1,2   8,5   01:55   WSW
27  13,7  17,6   12:34  10,7   23:35   4,6   0,0   0,4   1,9   9,8   04:20   WSW
28  11,8  16,9   15:15   7,1   23:59   6,5   0,0   0,0   1,4   5,4   05:09     W
29  10,9  17,4   17:25   4,8   05:21   7,4   0,0   0,0   1,0   6,3   09:51   WSW
30  12,4  14,8   19:24   8,4   00:00   5,9   0,0   1,0   1,1   7,2   20:25    SW
31  15,0  18,2   15:58  13,6   01:04   3,3   0,0   3,2   0,8   6,7   04:54   WSW
----------------------------------------------------------------------------------
    11,2  23,6    20     0,9    11   220,8   2,1  63,6   1,5  11,6     3       W

Max >=  27,0  0
Max <=   0,0  0
Min <=   0,0  0
Min <= -18,0  0
Max Rain: 18,2 on day 21
Days of Rain: 14 (>= 0,2 mm)  7 (>= 2,0 mm)  0 (>= 20,0 mm)
Heat Base: 18,3  Cool Base: 18,3  Method: Integration