NOAA-Style Climate Reports


Report for 2019 April
                   Monthly Climatological Summary for apr 2019

Name: Vejret i Vindeby   City: Svendborg   State: 
Elevation: 0 ft  Lat: N 55 02 30   Lon: E 010 37 00

                  Temperature (°C), Rain (mm), Wind Speed (m/s)

                                      Heat  Cool        Avg
    Mean                              Deg   Deg         Wind                 Dom
Day Temp  High   Time   Low    Time   Days  Days  Rain  Speed High   Time    Dir
----------------------------------------------------------------------------------
01   3,9   9,0   15:39  -2,3   06:31  14,4   0,0   0,0   0,7   5,8   22:22     E
02   7,5  12,1   15:47   3,4   02:48  10,8   0,0   0,4   2,0   9,4   09:09     E
03   9,1  12,8   15:14   7,1   23:47   9,2   0,0   1,4   1,3   5,4   02:19   ENE
04   9,3  13,1   15:02   6,9   06:53   9,0   0,0   0,0   2,2   7,2   14:01    NE
05   9,2  13,1   16:10   7,1   23:52   9,1   0,0   0,0   2,5   8,0   13:57    NE
06   9,4  14,7   15:14   5,8   06:12   8,9   0,0   0,0   2,0   6,7   12:41    NE
07  10,9  18,3   17:08   5,4   07:22   7,4   0,0   0,0   0,9   4,9   01:53   ENE
08   8,1  11,6   14:21   4,6   23:59  10,2   0,0   0,2   2,1   8,9   11:11   NNE
09   4,2   7,6   11:36  -1,1   23:49  14,1   0,0   0,0   1,6   7,2   09:24   NNE
10   2,9   7,4   13:39  -2,2   04:32  15,3   0,0   0,0   1,5   8,5   12:22   NNE
11   3,4   6,7   16:51   0,3   22:06  14,9   0,0   1,8   0,9   5,4   14:18    NE
12   3,1   7,2   15:10  -0,9   05:34  15,2   0,0   0,0   0,8   5,8   23:09   ENE
13   3,7   6,8   11:54   1,7   06:38  14,6   0,0   0,0   3,0   8,9   13:06    NE
14   5,3   9,8   16:43   2,8   07:15  13,0   0,0   0,0   3,2   9,8   14:56    NE
15   5,8   9,4   15:14   3,4   04:22  12,5   0,0   0,0   2,8   8,9   16:18    NE
16   6,3  10,7   16:47   2,8   06:42  12,0   0,0   0,0   2,8   9,4   17:20    NE
17   8,7  12,9   17:09   5,2   06:16   9,6   0,0   0,0   2,5   8,0   00:33    NE
18   9,9  15,4   14:16   5,4   06:18   8,4   0,0   0,0   2,2   6,7   14:57    NE
19  10,3  16,8   15:59   4,9   23:58   8,0   0,0   0,0   2,1   8,0   11:42    NE
20  10,6  18,5   15:11   1,3   06:36   7,7   0,0   0,0   0,6   4,0   16:09   ENE
21  11,1  20,3   14:45   1,6   06:16   7,5   0,3   0,0   0,3   4,5   15:24     E
22  10,3  16,0   12:01   3,8   04:25   8,0   0,0   0,0   1,9   8,9   14:15    NE
23  12,0  15,7   14:58   8,6   01:24   6,3   0,0   1,2   3,4  12,5   13:24    NE
24  12,7  16,7   15:06   9,5   00:01   5,6   0,0   0,4   2,6   9,8   02:10   ENE
25  14,3  20,5   14:42   9,1   05:40   4,2   0,2   0,0   1,1   5,4   09:17   ENE
26  12,6  17,1   16:42  11,1   23:40   5,7   0,0  36,8   1,7   6,3   09:47   NNE
27  12,8  18,8   15:13   8,7   05:58   5,5   0,0   4,4   0,8   4,9   00:01     W
28  12,0  17,7   16:08   8,8   06:00   6,3   0,0   0,0   0,7   5,4   12:38     W
29  12,9  17,8   15:26   6,8   23:53   5,0   0,0   1,4   1,1   5,8   14:18   NNE
30  13,4  21,7   17:00   5,4   02:50   5,3   0,4   0,0   0,9   5,8   17:08     W
----------------------------------------------------------------------------------
     8,9  21,7    30    -2,3     1   283,7   0,9  48,0   1,7  12,5    23      NE

Max >=  27,0  0
Max <=   0,0  0
Min <=   0,0  4
Min <= -18,0  0
Max Rain: 36,8 on day 26
Days of Rain: 9 (>= 0,2 mm)  2 (>= 2,0 mm)  1 (>= 20,0 mm)
Heat Base: 18,3  Cool Base: 18,3  Method: Integration