NOAA-Style Climate Reports


Report for 2019 Marts
                   Monthly Climatological Summary for mar 2019

Name: Vejret i Vindeby   City: Svendborg   State: 
Elevation: 0 ft  Lat: N 55 02 30   Lon: E 010 37 00

                  Temperature (°C), Rain (mm), Wind Speed (m/s)

                                      Heat  Cool        Avg
    Mean                              Deg   Deg         Wind                 Dom
Day Temp  High   Time   Low    Time   Days  Days  Rain  Speed High   Time    Dir
----------------------------------------------------------------------------------
01   3,7   7,0   13:25  -0,4   20:53  12,7   0,0   0,0   0,5   4,0   06:37     W
02   4,2   6,4   14:23  -0,4   02:51  12,3   0,0   0,2   0,9   4,9   22:32   WSW
03   7,4  10,0   13:05   5,5   00:42  10,9   0,0   5,8   1,8   8,0   06:48   WSW
04   7,2  10,2   10:26   5,1   17:42  11,1   0,0  10,4   2,8  13,9   22:50   WSW
05   6,4   9,3   13:33   4,2   23:04  11,9   0,0   3,0   3,3  13,9   01:00     W
06   5,7   7,6   22:56   3,8   06:33  12,6   0,0   2,8   1,3   7,2   14:29   ESE
07   7,7   9,9   12:53   5,1   22:08  10,6   0,0  11,8   2,0  12,1   13:00    SW
08   6,0   8,4   13:17   4,1   23:46  12,3   0,0   1,4   3,6  14,3   10:29   WSW
09   5,1   8,3   13:07   2,8   18:01  13,2   0,0  10,0   2,6  12,1   07:30   WSW
10   4,9   8,9   12:11  -0,1   23:59  13,4   0,0   0,0   2,5  13,4   01:42     W
11   2,4   8,3   14:28  -1,7   01:36  15,9   0,0   1,4   0,4   8,9   15:00   WSW
12   3,6   5,9   12:31  -0,7   00:10  14,7   0,0   9,0   1,4   8,5   15:39   WSW
13   5,1   6,6   16:36   3,9   02:35  13,2   0,0   6,8   2,7   9,8   13:46    SW
14   5,3   6,4   09:53   4,1   03:29  13,0   0,0   8,2   2,0   9,4   01:16   WSW
15   5,9   8,0   15:46   4,6   04:51  12,4   0,0   5,0   3,3  13,9   20:34   WSW
16   5,8   7,9   11:52   4,0   16:53  12,5   0,0  15,2   2,3   9,4   00:20   WSW
17   6,8   8,7   14:19   4,4   23:45  11,5   0,0   2,8   3,1  11,6   19:08   WSW
18   5,8   9,2   14:30   2,4   23:58  12,5   0,0   1,0   3,3  11,6   09:39   WSW
19   4,2   9,2   13:43  -0,6   05:59  14,1   0,0   0,2   0,5   4,9   13:59   WSW
20   6,2   8,8   15:47   2,3   00:10  12,1   0,0   0,0   1,4   6,7   10:46   WSW
21   7,7   9,5   12:21   6,7   00:44  10,6   0,0   0,0   1,8   7,2   11:38   WSW
22   7,3   8,3   15:46   6,4   02:51  11,0   0,0   0,2   0,6   4,5   22:09   SSW
23   7,6  12,3   13:28   2,6   23:37  10,7   0,0   0,2   1,6   8,5   13:28   WSW
24   5,7   9,9   14:44   2,6   04:34  12,6   0,0   0,0   1,2   5,8   12:01   WSW
25   5,1   8,8   14:38   2,3   21:44  13,2   0,0   1,6   1,7   8,0   01:50   WNW
26   6,4  10,1   13:52   2,9   01:52  11,9   0,0   0,0   2,4  10,7   10:06     W
27   7,7   9,1   15:22   6,3   05:07  10,6   0,0   0,2   2,1   7,2   10:20     W
28   9,4  14,6   15:42   6,2   23:59   8,9   0,0   0,0   1,2   5,8   06:09     W
29   8,9  13,4   14:39   5,1   02:19   9,4   0,0   0,0   1,5   8,0   16:30   WSW
30   9,2  16,2   14:41   4,2   06:02   9,1   0,0   0,0   1,5   8,0   21:27   WSW
31   6,4  10,0   15:28   2,4   23:50  11,4   0,0   0,0   1,8   8,0   10:44     W
----------------------------------------------------------------------------------
     6,2  16,2    30    -1,7    11   372,3   0,0  97,2   1,9  14,3     8     WSW

Max >=  27,0  0
Max <=   0,0  0
Min <=   0,0  6
Min <= -18,0  0
Max Rain: 15,2 on day 16
Days of Rain: 21 (>= 0,2 mm)  12 (>= 2,0 mm)  0 (>= 20,0 mm)
Heat Base: 18,3  Cool Base: 18,3  Method: Integration