NOAA-Style Climate Reports


Report for 2019 Februar
                   Monthly Climatological Summary for feb 2019

Name: Vejret Syrenvej 35   City: Svendborg   State: 
Elevation: 32 m  Lat: S 00° 00' 00"   Lon: W 000° 00' 00"

                  Temperature (°C), Rain (mm), Wind Speed (m/s)

                                      Heat  Cool        Avg
    Mean                              Deg   Deg         Wind                 Dom
Day Temp  High   Time   Low    Time   Days  Days  Rain  Speed High   Time    Dir
----------------------------------------------------------------------------------
 1   1,1   2,8   14:10   0,0   03:40  17,2   0,0   0,0   1,4   5,8   12:10   ENE
 2   2,0   2,7   13:40   0,9   00:10  16,9   0,0   0,3   0,6   3,4   15:10    NE
 3   1,8   4,3   14:46   0,0   18:54  13,8   0,0   0,3   0,4   3,4   14:50     W
 4   2,7   3,1   14:09   0,0   00:09  17,0   0,0   0,3   1,7  10,2   20:09     S
 5   4,0   6,1   13:09  -4,2   07:39  14,3   0,0   0,3   1,7   8,8   03:09    SW
 6   3,3   4,6   20:39   2,2   06:39  14,9   0,0   5,7   1,5   6,5   10:39     S
 7   4,6   6,0   19:40   2,2   06:39  13,1   0,0   3,6   4,3   8,6   14:51     E
 8   6,2  12,0   07:10   5,3   09:40  12,4   0,0   0,9   2,3   7,3   07:10   SSE
 9   6,5   6,5   00:10   6,0   00:10  15,5   0,0   2,7   1,2   6,5   00:40    SW
10   4,0   4,3   17:39   0,0   00:09  17,2   0,0  10,8   0,3   4,1   19:09    NW
11   4,7   7,3   14:39   2,2   22:14  14,9   0,0   0,3   1,8   8,2   11:24   WNW
12   3,5   5,7   14:40   0,6   07:10  14,8   0,0   0,0   1,0   4,8   00:09   WSW
13   6,6   8,2   15:10   4,8   00:10  11,7   0,0   0,0   1,2   4,8   09:40   WSW
14   5,5   6,6   15:40   4,9   19:10  12,8   0,0   0,0   0,7   3,4   20:40   WSW
15   5,4  12,5   15:40   1,3   08:40  12,9   0,0   0,0   0,4   4,1   23:40    SW
16   6,7  11,3   14:10   2,5   07:10  11,6   0,0   0,0   0,7   5,4   14:10   SSW
17   7,8  12,7   15:40   5,8   19:41  10,7   0,0   0,0   0,5   2,7   21:41   ESE
18   8,4  12,8   15:10   3,9   21:10  10,9   0,0   0,0   0,8   3,7   11:40     E
19   6,2   7,2   15:40   4,4   00:10  12,1   0,0   0,9   1,4   9,5   09:40    SW
20   6,6   8,8   12:40   5,4   06:40  11,7   0,0   1,2   1,2   5,4   17:10    SW
21   6,9   8,0   20:40   5,7   06:40  11,4   0,0   0,3   0,7   6,5   07:40   WSW
22   3,4   7,7   00:10   0,8   23:42  14,6   0,0   0,3   1,6   5,8   20:34     E
23   2,4   6,1   14:12   0,2   22:42  15,9   0,0   0,0   0,7   3,1   11:12   SSE
24   5,2  11,3   15:42   0,0   01:12  12,9   0,0   0,0   0,4   3,7   11:12   WSW
25   6,4   6,4   00:12   6,4   00:12  11,9   0,0   0,0   0,3   1,0   00:12     W
26   7,9  11,7   15:30   0,0   10:17   0,4   4,1   0,0  ----   4,9   13:14   WSW
27   7,5  11,6   16:12   4,9   23:59   3,5   0,0   0,0   1,1   4,9   18:15   WSW
28   5,3  10,1   12:55   2,1   23:54  13,0   0,0   0,2   1,1   5,8   09:06   WSW
----------------------------------------------------------------------------------
     4,9  12,8    18    -4,2     5   343,1   0,0  27,9   1,2  10,2     7       S

Max >=  27,0:  0
Max <=   0,0:  0
Min <=   0,0:  6
Min <= -18,0:  0
Max Rain: 10,8 on day 10
Days of Rain: 14 (>= 0,2 mm)  4 (>= 2,0 mm)  0 (>= 20,0 mm)
Heat Base: 18,3  Cool Base: 18,3  Method: Integration