NOAA-Style Climate Reports


Report for 2019 Januar
                   Monthly Climatological Summary for jan 2019

Name: Vejret Syrenvej 35   City: Svendborg   State: 
Elevation: 32 m  Lat: S 00° 00' 00"   Lon: W 000° 00' 00"

                  Temperature (°C), Rain (mm), Wind Speed (m/s)

                                      Heat  Cool        Avg
    Mean                              Deg   Deg         Wind                 Dom
Day Temp  High   Time   Low    Time   Days  Days  Rain  Speed High   Time    Dir
----------------------------------------------------------------------------------
 1   6,7   8,8   06:09   4,6   00:08  12,4   0,0   0,9   3,0   9,2   11:39     W
 2   4,0   5,6   02:39   1,2   21:40  15,3   0,0   0,0   2,5   6,8   13:54    NW
 3   1,2   1,2   00:10   1,2   00:10  17,1   0,0   0,0   1,0   2,0   00:10     W
 4   1,2   1,2   00:10   1,2   00:10  17,1   0,0   0,0   1,0   2,0   00:10     W
 5   1,2   1,2   00:10   1,2   00:10  17,1   0,0   0,0   1,0   2,0   00:10     W
 6   1,2   1,2   00:10   1,2   00:10  17,5   0,0   0,0   0,6   2,0   00:10     W
 7   0,0   0,0   00:09   0,0   00:09  18,3   0,0   0,0   0,0   0,0   00:09   ---
 8   2,5   3,2   18:36   0,0   00:09  20,0   0,0   3,6   0,5  17,3   18:53    NW
 9   2,7   3,6   13:39   1,7   22:09  15,9   0,0   0,9   2,3   8,5   02:09    NW
10   1,9   3,2   23:39   0,3   08:39  16,4   0,0   0,3   0,5   4,4   00:09   WSW
11   5,6   8,3   14:09   2,7   23:39  12,6   0,0   0,3   1,1   4,1   17:39     W
12   5,3   6,4   13:39   2,6   00:39  13,0   0,0   1,8   1,3   5,8   13:39     W
13   6,5   7,9   13:09   4,5   23:39  11,8   0,0   0,9   2,0   6,8   20:09     W
14   2,3   4,5   00:09   0,9   09:09  16,0   0,0   0,0   2,9   7,1   02:39     W
15   5,1   7,1   16:37   2,9   00:10  12,9   0,0   0,9   1,6   6,8   15:44     W
16   6,6   7,5   12:39   5,5   23:39  11,7   0,0   1,2   1,8  10,2   21:09   SSW
17   3,2   5,6   11:57   0,2   23:07  15,2   0,0   0,3   1,6   7,1   11:51     W
18   1,2   3,1   15:09  -0,2   00:39  18,1   0,0   0,0   0,6   3,1   00:09     W
19  -0,5   1,6   11:39  -4,2   23:39  18,7   0,0   0,0   0,1   2,4   11:09   SSW
20  -2,4   4,3   14:14  -5,5   08:39  18,0   0,0   0,3   0,0   1,7   13:40   WSW
21   0,8   0,8   22:39   0,0   00:09  18,3   0,0   0,3   0,0   0,0   00:09   ---
22   0,5   1,0   10:09  -0,9   23:09  17,8   0,0   0,0   1,3   5,4   15:39   ESE
23  -1,4   0,1   14:00  -3,0   23:39  20,2   0,0   0,0   1,6   5,4   23:39     E
24  -3,2  -2,7   23:39  -3,8   01:09  21,5   0,0   0,0   0,8   5,4   00:09   ESE
25  -2,5   2,4   20:44  -2,8   09:14  23,3   0,0   0,0   0,8   4,8   20:44   SSE
26   4,1   3,7   20:47  -2,6   00:17  14,4   0,0   0,0   3,2   7,7   20:47   NNW
27   3,9   4,5   20:09   3,0   00:00  13,8   0,0  13,0   0,7   4,0   07:08   ESE
28   2,2   4,3   00:00  -0,3   21:36  16,1   0,0   0,4   0,8   5,8   20:54   WSW
29   0,0   2,3   12:44  -3,7   05:53  18,2   0,0   0,6   0,6   4,9   11:14   WSW
30   0,9   2,7   14:08  -0,8   03:07  17,3   0,0   0,2   1,3   8,5   21:53     E
31   1,0   1,9   12:58  -0,4   17:44  17,3   0,0   0,0   1,0   8,0   00:26     E
----------------------------------------------------------------------------------
     2,1   8,8    26    -5,5    20   466,4   0,0  13,0   2,9  17,3    26     NNW

Max >=  27,0:  0
Max <=   0,0:  2
Min <=   0,0: 13
Min <= -18,0:  0
Max Rain: 19649,0 on day 26
Days of Rain: 16 (>= 0,2 mm)  2 (>= 2,0 mm)  1 (>= 20,0 mm)
Heat Base: 18,3  Cool Base: 18,3  Method: Integration