NOAA-Style Climate Reports


Report for 2019
                   Annual Climatological Summary for 2019

Name: Vejret Syrenvej 35   City: Svendborg   State: 
Elevation: 32 m  Lat: S 00° 00' 00"   Lon: W 000° 00' 00"

                  Temperature (°C), Heat Base: 18,3  Cool Base: 18,3
                          Dep.  Heat  Cool                       Max  Max  Min  Min
        Mean  Mean        From  Deg   Deg                        >=   <=   <=   <=
 YR MO  Max   Min   Mean  Norm  Days  Days  Hi  Date  Low  Date 27,0  0,0  0,0 -18,0
------------------------------------------------------------------------------------
 19  1   4,6   0,4   2,0   0.0   494     2  21,2  26  -5,5   20    0    2   13    0
 19  2   8,1   2,5   5,3   0.0   379     0  14,7  27  -4,2    5    0    0    7    0
 19  3  11,2   4,6   7,9   0.0   318     3  21,1  14  -5,5   14    0    0    2    0
 19  4  15,8   4,9  10,0   0.0   242     4  24,1  21  -1,8    1    0    0    4    0
 19  5  17,1   7,6  12,2   0.0   188     5  26,0  20   2,2    5    0    0    0    0
 19  6  25,5  13,6  19,2   0.0    42    66  32,4  30   9,7   23   12    0    0    0
 19  7  24,2  14,3  18,8   0.0    45    62  34,2  29  10,0    9   10    0    0    0
 19  8  24,9  15,6  19,7   0.0    25    65  32,0  28  11,9   22    7    0    0    0
 19  9  19,4  11,4  15,0   0.0   101     9  30,6   1   0,0    2    2    0    1    0
 19 10  14,1   8,0  10,8   0.0   224     0  18,5  15  -1,1   30    0    0    1    0
 19 11   8,6   4,8   6,7   0.0   330     0  13,2   3  -0,1   30    0    0    1    0
 19 12   6,9   3,3   5,3   0.0   379     0  10,5  17  -2,3    3    0    0    2    0
------------------------------------------------------------------------------------
        15,0   7,6  11,1   0.0  2772   219  34,2 jul  -5,5  jan   31    2   31    0

                                Precipitation (mm)

              Dep.   Max        Days of Rain
              From   Obs.           >=
 YR MO Total  Norm   Day Date  0,2  2,0 20,0
---------------------------------------------
 19  119664,0   0.019649,0  26    17    2    1
 19  2  27,9   0.0  10,8  10    14    4    0
 19  3  57,0   0.0   9,0  12    14    9    0
 19  4  40,8   0.0  30,6  26     8    2    1
 19  5  53,4   0.0  14,1  21    13    5    0
 19  6  46,8   0.0  12,0  12    13    5    0
 19  7  30,6   0.0   6,3  31    10    5    0
 19  8  59,7   0.0  14,1  13    15    7    0
 19  9  87,0   0.0  14,7  29    17   13    0
 19 10  73,8   0.0  10,8  11    22   14    0
 19 11  58,8   0.0  11,1   4    22    9    0
 19 12  28,8   0.0   5,7  15    19    4    0
---------------------------------------------
     20228,0   0.019649,0  jan  184   79    2

                                Wind Speed (m/s)
                          Dom
 YR MO   Avg.  Hi   Date  Dir
------------------------------
 19  1   7,8  47,7   26   NNW
 19  2   1,1  48,6    7   SSW
 19  3   1,6  50,3    4   SSW
 19  4   1,5  59,2   18     N
 19  5   1,5   9,2   12   SSW
 19  6   1,2  10,5    8     E
 19  7   1,3   9,9   27   SSW
 19  8   1,1  10,5   11   ESE
 19  9   1,6   9,9   30     S
 19 10   1,4  10,9   11   ESE
 19 11   1,5  10,9   16   ENE
 19 12   1,9  14,6   15   ESE
------------------------------
         2,0  59,2  apr   ENE