NOAA-Style Climate Reports


Report for 2018 December
                   Monthly Climatological Summary for dec 2018

Name: Vejret i Vindeby   City: Svendborg   State: 
Elevation: 0 ft  Lat: N 55 02 30   Lon: E 010 37 00

                  Temperature (°C), Rain (mm), Wind Speed (m/s)

                                      Heat  Cool        Avg
    Mean                              Deg   Deg         Wind                 Dom
Day Temp  High   Time   Low    Time   Days  Days  Rain  Speed High   Time    Dir
----------------------------------------------------------------------------------
01   6,8   7,3   04:30   6,1   00:30  11,5   0,0   1,0   0,9   4,9   07:16    SW
02   7,4   9,2   19:51   6,3   03:07  10,7   0,0   4,0   0,9   7,2   20:00    SE
03   9,3  10,4   12:12   7,4   22:50   9,0   0,0   2,0   1,5   7,6   16:14    SW
04   5,2   7,7   01:46   3,1   23:05  13,0   0,0   0,0   2,3   9,8   11:54     W
05   3,9   5,8   13:40   1,5   06:01  14,3   0,0   0,2   0,6   5,8   22:31    SW
06   6,2   9,1   21:35   4,3   03:43  12,1   0,0   5,2   0,8   6,3   21:15    SW
07   9,1  10,1   12:23   6,7   23:56   9,1   0,0   4,4   1,4   9,8   22:46   WSW
08   6,9   8,1   16:09   5,1   07:10  11,3   0,0   8,2   2,6   9,8   15:37    SW
09   6,5   7,2   16:17   5,1   20:31  11,8   0,0   1,6   2,0   8,5   17:37   WSW
10   4,9   6,3   13:13   3,8   22:36  13,3   0,0   0,6   2,9  10,7   01:22     W
11   4,8   5,5   12:33   4,1   20:00  13,5   0,0   0,0   1,5   7,6   00:28    NW
12   4,1   4,8   00:00   2,7   23:54  14,2   0,0   0,0   1,6   6,3   11:23    NE
13   2,6   3,8   13:44   1,1   05:58  15,7   0,0   0,0   1,9   7,2   14:48    NE
14   2,1   3,3   12:25   1,4   13:26  16,1   0,0   0,8   1,3   6,7   07:05    NE
15   1,5   2,4   11:42  -0,1   18:29  16,8   0,0   0,0   0,9   5,4   15:09     E
16   1,0   1,9   05:06   0,4   16:28  17,3   0,0   0,0   1,7   8,5   07:46     E
17   1,4   2,4   22:57   0,8   01:16  16,8   0,0   0,0   0,7   4,5   10:50     E
18   4,1   5,2   13:44   2,3   00:00  14,1   0,0   0,4   0,8   6,7   23:04     E
19   3,9   4,8   00:00   3,4   03:54  14,3   0,0   0,6   1,4   8,5   07:03     E
20   4,8   5,4   23:19   4,3   07:18  13,5   0,0   2,6   0,5   3,1   00:48     E
21   5,5   5,8   05:23   4,8   23:46  12,8   0,0   9,2   1,3   7,6   22:14   ENE
22   2,9   4,8   00:00   1,1   21:15  15,4   0,0   1,2   0,4   5,8   02:43   NNE
23   3,9   6,1   06:00   0,4   23:33  14,3   0,0   1,8   1,0   5,8   20:40   NNE
24   2,2   5,4   23:37  -0,2   08:59  16,0   0,0   0,2   1,2   6,7   23:22     W
25   6,0   7,2   13:56   5,0   02:37  12,2   0,0   0,0   2,9   9,4   18:49     W
26   7,1   8,3   20:05   5,8   02:44  11,2   0,0   0,0   1,7   8,5   01:35     W
27   7,2   7,8   14:54   6,8   22:59  11,1   0,0   0,4   1,6   7,2   09:02   WSW
28   7,0   7,9   13:52   6,3   08:53  11,3   0,0   0,4   1,3   6,7   00:22     W
29   7,2   8,3   23:59   6,4   03:16  11,1   0,0   5,0   1,4   6,7   06:21   WSW
30   5,3   8,6   00:54   1,8   21:21  12,7   0,0   0,2   1,7   9,8   01:58     W
31   6,0   7,6   13:47   3,3   00:00  12,2   0,0   0,8   1,1   9,4   22:51   WSW
----------------------------------------------------------------------------------
     5,1  10,4     3    -0,2    24   408,7   0,0  50,8   1,4  10,7    10     WSW

Max >=  27,0  0
Max <=   0,0  0
Min <=   0,0  2
Min <= -18,0  0
Max Rain: 9,2 on day 21
Days of Rain: 22 (>= 0,2 mm)  8 (>= 2,0 mm)  0 (>= 20,0 mm)
Heat Base: 18,3  Cool Base: 18,3  Method: Integration