NOAA-Style Climate Reports


Report for 2018 November
                   Monthly Climatological Summary for nov 2018

Name: Vejret Syrenvej 35   City: Svendborg   State: 
Elevation: 32 m  Lat: S 00° 00' 00"   Lon: W 000° 00' 00"

                  Temperature (°C), Rain (mm), Wind Speed (m/s)

                                      Heat  Cool        Avg
    Mean                              Deg   Deg         Wind                 Dom
Day Temp  High   Time   Low    Time   Days  Days  Rain  Speed High   Time    Dir
----------------------------------------------------------------------------------
 1  10,8  14,4   11:55   7,8   06:55   7,5   0,0   0,0   1,1   4,4   00:25   SSE
 2   6,5  12,0   10:51   6,1   09:26   4,7   0,0   0,0   1,0   6,1   11:43   SSE
 3   8,7  12,1   11:57   7,1   00:23  13,0   0,0   3,0   7,4   4,1   13:54     N
 4   7,3   9,9   12:57   3,4   03:27  11,2   0,0   0,0   0,9   4,1   20:55     E
 5  10,1  10,8   13:28   8,8   00:28   8,2   0,0   0,0   0,8   3,4   19:28   ESE
 6   8,7  10,1   00:28   7,2   23:58   9,6   0,0   0,0   0,3   2,7   12:28   ESE
 7   9,3  10,9   13:28   6,8   23:58   6,6   0,0   0,3   0,3   3,1   11:28   ESE
 8   8,3  13,3   13:58   5,2   03:58  10,0   0,0   0,0   0,2   3,7   12:28    SW
 9   8,4  11,0   11:58   4,3   01:28   9,9   0,0   1,2   0,7   3,7   16:58   ESE
10  10,3  11,0   12:58   9,5   06:58   8,0   0,0   4,2   1,9   6,8   05:28   ESE
11  11,3  12,7   14:58   4,6   06:58   7,0   0,0   3,0   1,7   5,8   20:57    SE
12  10,3  11,5   12:27   8,6   06:57   7,9   0,0   4,6   0,4   3,5   18:57   SSE
13  10,3  10,6   00:27   8,3   20:52   7,9   0,0   1,8   0,9   8,9   00:27   SSW
14   9,5  10,2   10:57   8,7   08:27   8,7   0,0   0,3   1,0   3,1   09:27     S
15  10,0  13,0   13:57   8,0   23:27   8,6   0,0   0,0   1,3   3,7   19:57    SE
16   8,0  10,7   12:57   6,1   23:57  10,3   0,0   0,0   1,5   5,4   10:57   ESE
17   5,7   8,2   14:27   2,7   23:57  12,6   0,0   0,0   1,0   4,1   07:27   ESE
18   5,1   7,7   12:27   1,0   01:57  13,2   0,0   0,0   1,1   6,1   21:27     N
19   5,6   6,5   12:27   5,0   05:27  12,7   0,0   2,1   2,4  11,2   16:55     N
20   5,8   6,5   21:25   4,9   01:55  12,5   0,0   4,2   3,1  10,2   20:25   ENE
21   6,2   7,4   13:55   5,6   06:55  12,1   0,0   0,0   2,8   9,5   12:25     E
22   4,4   6,0   00:25   0,8   23:58  12,9   0,0   0,0   1,7   4,8   11:55   ESE
23   1,6   2,8   23:59   0,8   00:28  16,8   0,0   0,0   0,6   3,7   12:59     E
24   3,5   4,5   14:29   2,8   00:29  14,8   0,0   3,3   0,4   3,4   21:29     N
25   3,7   4,7   11:59   3,0   01:29  14,5   0,0   1,8   1,1   5,1   19:29     N
26   2,1   5,8   13:29  -2,2   23:59  15,9   0,0   0,3   1,1   3,7   00:29   NNE
27   1,2   4,2   12:59  -2,2   00:29  17,1   0,0   0,0   0,4   3,1   09:29    NE
28   2,6   4,3   11:29   1,4   07:29  15,7   0,0   0,0   2,9   8,5   11:29   ESE
29   3,7   4,9   18:59   2,0   05:29  15,0   0,0  12,0   3,1   8,2   05:59    SE
----------------------------------------------------------------------------------
     6,9  13,3     1    -2,2     2   324,9   0,0  42,1   7,4  11,2    12       E

Max >=  27,0:  0
Max <=   0,0:  0
Min <=   0,0:  4
Min <= -18,0:  0
Max Rain: 1236,9 on day 12
Days of Rain: 14 (>= 0,2 mm)  8 (>= 2,0 mm)  1 (>= 20,0 mm)
Heat Base: 18,3  Cool Base: 18,3  Method: Integration