NOAA-Style Climate Reports


Report for 2018 Oktober
                   Monthly Climatological Summary for okt 2018

Name: Vejret Syrenvej 35   City: Svendborg   State: 
Elevation: 32 m  Lat: S 00° 00' 00"   Lon: W 000° 00' 00"

                  Temperature (°C), Rain (mm), Wind Speed (m/s)

                                      Heat  Cool        Avg
    Mean                              Deg   Deg         Wind                 Dom
Day Temp  High   Time   Low    Time   Days  Days  Rain  Speed High   Time    Dir
----------------------------------------------------------------------------------
 1  10,9  15,2   14:22   8,1   06:52   7,4   0,0   0,0   0,5   3,4   14:52     W
 2   9,8  13,4   15:52   7,8   01:52   9,0   0,0   3,9   1,8  10,2   10:32   SSW
 3  11,2  15,1   13:52   9,1   23:52   7,1   0,0   0,0   1,5   6,8   18:22     W
 4  12,1  16,8   13:36   8,6   01:52   4,6   0,0   1,2   0,7   5,8   13:26    SW
 5  14,8  19,5   16:53  11,9   21:53   3,5   0,1   0,0   1,3   5,4   05:23   SSW
 6  12,3  17,9   13:50   8,7   06:23   4,6   0,0   0,3   0,2   3,7   00:23   WNW
 7  10,5  15,3   16:53   6,7   07:53   7,8   0,0   2,1   0,4   3,7   02:53     W
 8  11,8  15,6   15:23   8,2   00:23   6,5   0,0   0,0   1,9   6,8   14:23     S
 9  14,0  18,0   15:52  11,7   07:23   3,9   0,0   0,0   1,4   7,1   13:40   SSW
10  12,2  21,2   13:29   7,1   07:22   4,9   0,2   0,0   0,3   3,1   11:42   ESE
11  15,6  21,0   15:22  11,9   23:52   3,2   0,4   0,0   0,9   5,8   12:52     E
12  16,5  22,3   16:44  10,6   05:22   3,0   0,9   0,0   0,6   3,7   12:22    SE
13  19,8  25,5   15:52  15,9   07:52   0,6   2,0   0,0   1,2   4,8   05:22    SE
14  16,9  20,2   14:52  13,5   07:52   1,8   0,3   0,0   1,5   4,8   12:22   ESE
15  15,9  24,1   14:22   9,9   08:22   4,0   1,1   0,0   0,1   3,4   14:52   ESE
16  15,4  21,4   13:53  11,0   07:53   3,5   0,6   0,0   0,1   2,0   13:23   WSW
17  18,1  21,8   16:22  12,0   19:53   4,4   0,2   0,0   0,0   1,4   16:10   ESE
18  11,5  16,4   14:53   7,2   23:23   5,9   0,0   0,6   1,0   4,8   13:53     E
19  11,5  14,3   12:23   1,0   00:23  10,4   0,0   0,0   6,4   2,4   13:53    SE
20  12,1  14,8   13:23   8,9   23:53   6,5   0,0   0,0   0,4   3,1   13:53   WNW
21  11,7  14,4   16:23   6,5   05:23   6,6   0,0   0,0   1,0   5,8   15:23   SSW
22  11,2  13,7   00:24   8,8   08:25   7,0   0,0   0,0   1,1   4,4   00:24     W
23  11,7  12,9   15:26  11,7   17:49   7,7   0,0   5,1   2,7  10,5   15:56     W
24  10,1  12,7   14:55   7,1   07:55   8,2   0,0   0,0   1,2   5,1   00:25     W
25  11,2  13,4   13:25   8,7   23:26   7,2   0,0   0,0   2,1   7,5   02:55     W
26   9,8  11,3   11:56   7,9   02:56   8,6   0,0   6,6   1,1   6,8   14:39   SSW
27   5,4   8,9   00:25   2,6   20:25  12,7   0,0   1,8   1,0   4,4   16:20     W
28   3,8   6,3   11:25   0,8   06:55  14,5   0,0   0,6   1,1   7,1   21:25   NNW
29   6,1   7,5   22:34   4,5   00:25  12,1   0,0   4,8   2,4  10,2   05:25     N
30  10,1  13,9   13:26   7,5   00:26  11,6   0,0   2,7   1,3   8,8   05:56   NNW
31   9,5  11,0   14:25   1,0   00:26   9,8   0,0   1,8   2,2  11,2   09:55     S
----------------------------------------------------------------------------------
    12,0  25,5    13     0,8    23   208,6   5,8  31,5   1,3  11,2    31     SSW

Max >=  27,0:  0
Max <=   0,0:  0
Min <=   0,0:  3
Min <= -18,0:  0
Max Rain: 6,6 on day 26
Days of Rain: 12 (>= 0,2 mm)  6 (>= 2,0 mm)  0 (>= 20,0 mm)
Heat Base: 18,3  Cool Base: 18,3  Method: Integration