NOAA-Style Climate Reports


Report for 2018 September
                   Monthly Climatological Summary for sep 2018

Name: Vejret i Vindeby   City: Svendborg   State: 
Elevation: 0 ft  Lat: N 55 02 30   Lon: E 010 37 00

                  Temperature (°C), Rain (mm), Wind Speed (m/s)

                                      Heat  Cool        Avg
    Mean                              Deg   Deg         Wind                 Dom
Day Temp  High   Time   Low    Time   Days  Days  Rain  Speed High   Time    Dir
----------------------------------------------------------------------------------
01  14,9  21,2   13:22  10,5   00:00   3,3   0,1   0,2   0,4   4,0   09:11     W
02  18,0  20,3   17:37  16,9   23:00   0,2   0,1   0,0   0,8   4,9   23:30    NE
03  18,7  21,8   15:24  17,0   03:00   0,4   0,8   0,0   2,2   7,2   13:41    NE
04  17,7  21,8   15:54  13,9   23:00   1,3   0,7   0,0   1,0   4,9   09:00    NE
05  17,4  23,4   15:34  11,8   06:12   2,3   1,3   0,0   0,4   3,1   12:06    NE
06  18,2  22,2   13:53  14,4   04:03   1,0   0,9   0,2   1,2   6,7   23:59   ENE
07  16,7  21,5   15:49  11,8   00:00   1,8   0,3  17,6   1,2   7,6   00:36     S
08  14,4  18,9   14:36  11,4   00:27   3,9   0,0   1,2   1,3   7,6   12:04   WSW
09  16,8  21,2   17:18  14,0   00:39   1,9   0,4   0,4   0,7   5,8   11:48   WSW
10  17,6  21,4   11:46  14,2   22:56   1,0   0,4   0,0   0,7   6,3   15:34   WSW
11  15,6  17,4   16:36  13,6   09:04   2,7   0,0   9,2   1,4   8,5   13:12   WSW
12  14,7  16,0   09:33  11,8   23:58   3,6   0,0   0,8   1,4   7,6   10:46   WSW
13  13,5  19,7   17:24   7,3   06:05   4,8   0,0   0,0   0,6   5,4   10:18   WSW
14  15,3  19,0   12:26  12,3   06:43   3,0   0,0   0,0   1,0   7,6   19:59   WSW
15  14,7  18,5   13:34  10,2   23:26   3,6   0,0   0,4   1,2   7,6   10:39   WSW
16  13,7  20,0   16:31   6,3   06:23   4,7   0,1   0,0   0,6   5,4   15:44   WSW
17  17,5  21,8   17:18  13,4   23:57   1,4   0,6   0,0   0,8   4,9   02:49   WSW
18  18,3  26,4   17:36  10,4   07:09   2,2   2,1   0,0   0,8   8,0   19:32   SSW
19  18,4  22,8   17:19  15,7   04:07   1,0   1,1   0,0   1,0   5,8   01:52   WSW
20  18,3  20,6   14:28  16,6   23:16   0,4   0,4   0,2   1,0   7,2   01:19   WSW
21  15,9  20,9   11:16  10,6   23:41   2,7   0,3   7,6   2,0  11,6   12:06   WSW
22  12,4  15,2   13:38  10,5   02:50   5,9   0,0   1,4   2,4  10,7   15:06   WSW
23  11,6  15,1   13:24   9,2   22:10   6,7   0,0   0,2   1,4   7,6   23:49   WSW
24  10,1  14,8   12:58   7,8   23:54   8,2   0,0   0,0   2,6   9,4   11:34     W
25  10,3  14,7   13:40   5,8   05:41   8,0   0,0   0,0   1,2   5,8   00:30   WSW
26  13,4  15,1   13:27  11,3   00:11   4,9   0,0   0,4   2,4  11,6   10:59   WSW
27  16,1  18,9   12:56  13,3   23:59   2,3   0,0   0,0   2,0   8,9   20:57   WSW
28  11,0  13,9   13:24   7,5   23:33   7,3   0,0   0,2   1,9   8,0   10:02     W
29  10,3  14,6   15:16   4,7   07:41   8,0   0,0   0,0   1,0   7,2   15:35   WSW
30  12,8  15,8   14:09  10,9   23:57   5,5   0,0   0,0   1,3   7,2   00:59   WSW
----------------------------------------------------------------------------------
    15,1  26,4    18     4,7    29   104,0   9,6  40,0   1,3  11,6    21     WSW

Max >=  27,0  0
Max <=   0,0  0
Min <=   0,0  0
Min <= -18,0  0
Max Rain: 17,6 on day 7
Days of Rain: 14 (>= 0,2 mm)  3 (>= 2,0 mm)  0 (>= 20,0 mm)
Heat Base: 18,3  Cool Base: 18,3  Method: Integration