NOAA-Style Climate Reports


Report for 2018 August
                   Monthly Climatological Summary for Aug 2018

Name: Vejret i Vindeby   City: Svendborg   State: 
Elevation: 35 m  Lat: N 55 02 30   Lon: E 010 37 00

                  Temperature (°C), Rain (mm), Wind Speed (m/s)

                                      Heat  Cool        Avg
    Mean                              Deg   Deg         Wind                 Dom
Day Temp  High   Time   Low    Time   Days  Days  Rain  Speed High   Time    Dir
----------------------------------------------------------------------------------
01  22.3  28.1   15:19  16.8   23:58   0.1   4.0   0.0   0.3   4.5   13:17   WSW
02  22.1  29.5   15:55  14.9   06:17   0.8   4.7   0.0   0.7   6.3   15:46   WSW
03  23.4  31.3   17:08  14.7   05:52   0.8   5.9   0.0   0.6   5.4   16:14   WSW
04  22.3  28.8   15:34  18.6   06:23   0.0   4.0   0.0   1.2   6.3   17:52     W
05  19.5  23.8   14:30  16.0   04:01   0.5   1.7   0.0   1.9   8.5   17:07     W
06  21.0  29.4   17:39  14.3   04:38   0.9   3.6   0.0   0.8   5.8   13:39   WSW
07  24.3  32.8   16:24  14.9   02:51   0.7   6.8   0.0   0.6   5.4   14:28     E
08  25.2  31.5   17:29  20.2   23:56   0.0   6.9   0.0   1.0   7.2   22:28   WSW
09  21.5  27.8   13:41  15.0   05:34   0.4   3.6   5.0   0.9   8.0   20:47    NE
10  19.1  21.7   15:25  14.5   23:25   0.3   1.2   0.0   2.0  12.1   04:53   WSW
11  16,9  20,4   13:20  15,1   23:50   1,7   0,2   4,8   1,4   7,8   11:50   SSW
12  16,3  20,8   10:50  13,7   03:50   1,9   0,2  18,3   0,5   6,8   15:08    SW
13  18,7  21,4   16:34  16,7   00:20   0,4   0,4   5,4   0,6  11,2   07:40   SSE
14  19,8  23,4   15:20  16,9   05:20   0,2   1,7   1,8   0,5   3,7   15:20     W
15  20,2  25,1   16:50  15,9   05:50   0,5   2,5   0,0   0,6   5,1   12:50     W
16  22,4  27,4   15:50  18,4   00:20   0,0   4,1   0,0   1,0   6,8   14:20     S
17  20,3  25,3   08:50  15,5   23:50   0,3   2,2   1,2   0,3   2,0   14:20     W
18  19,6  24,6   14:50  13,4   03:20   1,6   2,4   0,0   1,2   7,5   18:00    SW
19  21,6  23,1   14:21  18,5   04:21   0,0   2,4   0,0   1,2   5,4   08:51   SSW
20  19,2  22,4   15:51  14,7   23:51   0,4   1,3   0,9   1,1   5,4   00:51   WSW
21  18,3  24,6   16:21  12,1   06:21   1,8   1,8   0,0   0,5   4,8   14:51   WSW
22  22,5  29,0   15:32  16,0   06:21   0,4   4,4   0,0   1,2   7,8   12:37    SE
23  20,5  25,9   14:50  17,0   02:50   0,2   2,5   0,0   0,5   4,4   18:50    SW
24  17,7  20,2   01:50  14,8   23:50   0,9   0,3   8,1   1,0   7,8   11:30    SW
25  15,7  20,9   08:50  12,7   05:20   2,8   0,2   0,3   1,1   5,4   05:50   SSW
26  16,9  21,2   14:52  13,3   06:22   2,0   0,6   0,0   0,8   4,1   16:52    SW
27  16,3  20,3   16:22  13,9   10:22   2,2   0,2   5,1   1,4   6,8   14:22     S
28  18,5  22,9   17:22  15,1   04:22   1,2   1,4   0,0   0,4   4,8   13:22   WSW
29  19,0  25,4   15:52  13,0   04:22   1,4   2,1   0,0   0,8   4,8   16:22     E
30  16,8  18,2   00:22  14,2   23:52   1,4   0,0  29,7   0,3   2,7   00:22   WNW
31  16,7  22,3   14:52  12,4   06:52   2,3   0,6   0,0   0,2   2,7   14:52     W
----------------------------------------------------------------------------------
    19.8  32.8     7    12.4     6     4.5  42.4  80.6   1.0  12.1    10     SSW

Max >=  27.0  8
Max <=   0.0  0
Min <=   0.0  0
Min <= -18.0  0
Max Rain: 5.0 on day 9
Days of Rain: 1 (>= 0.2 mm)  1 (>= 2.0 mm)  0 (>= 20.0 mm)
Heat Base: 18.3  Cool Base: 18.3  Method: Integration