NOAA-Style Climate Reports


Report for 2018 Juli
                   Monthly Climatological Summary for Jul 2018

Name: Vejret i Vindeby   City: Svendborg   State: 
Elevation: 35 m  Lat: N 55 02 30   Lon: E 010 37 00

                  Temperature (°C), Rain (mm), Wind Speed (m/s)

                                      Heat  Cool        Avg
    Mean                              Deg   Deg         Wind                 Dom
Day Temp  High   Time   Low    Time   Days  Days  Rain  Speed High   Time    Dir
----------------------------------------------------------------------------------
01  18.9  25.4   14:34  11.3   03:36   1.8   2.4   0.0   0.8   5.8   15:47    NE
02  19.7  28.7   17:58  11.2   04:40   2.0   3.4   0.0   0.7   5.8   15:57    NW
03  19.3  26.7   16:19  11.9   05:01   1.9   2.9   0.0   1.1   7.2   13:24   WSW
04  16.7  20.9   14:47  10.6   05:15   2.1   0.5   0.0   1.0   4.9   20:37   WSW
05  17.3  21.7   17:54  15.4   06:50   1.3   0.3   0.0   1.6   7.2   14:16     W
06  18.1  24.0   15:52  14.1   22:40   1.7   1.5   0.0   2.5   8.5   15:09     W
07  18.6  26.4   17:08  12.2   04:58   2.0   2.4   0.0   2.3   8.9   08:43     W
08  19.6  27.3   17:19  12.8   05:36   1.6   2.9   0.0   1.3   6.7   16:07     W
09  16.0  20.2   15:53  12.3   23:58   2.6   0.2   0.0   2.4  10.7   17:04     W
10  16.6  22.6   15:33  10.4   03:21   2.2   0.6   0.0   1.2   6.7   14:50    NE
11  20.5  25.8   18:56  16.0   03:35   0.5   2.7   0.2   1.3   6.3   11:08    NE
12  23.0  30.1   14:22  14.2   05:51   0.6   5.2   0.0   0.8   6.3   12:11     N
13  20.8  28.5   15:54  14.7   23:59   0.9   3.4   0.0   1.3   7.2   16:28   WSW
14  16.9  22.8   17:10  13.4   01:49   2.1   0.7   0.0   1.5   6.3   15:39     W
15  19.8  27.9   17:20  12.7   03:11   1.7   3.2   0.0   1.0   6.7   12:59   WSW
16  21.6  30.7   17:13  12.4   04:24   1.5   4.8   0.0   0.6   4.9   12:11   NNE
17  23.1  31.4   15:50  14.1   04:50   0.8   5.5   0.0   0.4   4.5   18:20    NE
18  21.9  28.1   17:10  17.1   05:30   0.2   3.8   0.0   1.5   6.7   14:20     W
19  20.8  26.4   16:20  13.5   04:20   0.0   2.5   0.0   1.7   5.1   14:30     W
20  20.7  26.4   14:20  12.0   05:20   0.0   2.4   0.0  ----   4.1   14:20     N
21  22.2  31.4   10:50  13.3   05:50   0.0   3.9   0.0  ----   4.1   17:20     N
22  25.5  31.4   11:50  18.0   05:20   0.0   7.2   0.0  ----   3.1   11:20     N
23  22.8  29.2   15:51  15.6   05:21   0.0   4.5   0.0  ----   4.1   15:21     N
24  25.4  32.3   16:51  17.5   05:21   0.0   7.1   0.0  ----   3.7   16:51     N
25  28.2  33.1   15:51  17.2   00:30   0.0   0.0   0.0  ----   4.5   19:21     W
26  29.2  33.2   15:37  17.2   09:40   0.0   6.5   0.0  ----   4.9   10:17    NE
27  25.3  30.3   14:18  19.4   04:04   0.0   7.0   0.0  ----   7.2   15:01    NE
28  24.5  31.3   12:42  18.8   23:51   0.0   6.3   4.8  ----   8.5   18:36    NE
29  21.7  27.7   17:43  16.6   06:01   0.1   3.5   0.4  ----   5.8   02:47   WSW
30  28.4  30.9   17:32  17.2   00:30   0.0   0.0   0.0  ----   4.5   00:10     W
31  29.1  34.8   17:33  17.2   08:14   0.0   7.1   5.2   1.3   7.2   14:38   ESE
----------------------------------------------------------------------------------
    21.3  34.8    31    10.4    10    27.6 104.4  10.6   1.3  10.7     9       W

Max >=  27.0 18
Max <=   0.0  0
Min <=   0.0  0
Min <= -18.0  0
Max Rain: 5.2 on day 31
Days of Rain: 4 (>= 0.2 mm)  2 (>= 2.0 mm)  0 (>= 20.0 mm)
Heat Base: 18.3  Cool Base: 18.3  Method: Integration