NOAA-Style Climate Reports


Report for 2018 Juni
                   Monthly Climatological Summary for Jun 2018

Name: Vejret i Vindeby   City: Svendborg   State: 
Elevation: 35 m  Lat: N 55 02 30   Lon: E 010 37 00

                  Temperature (°C), Rain (mm), Wind Speed (m/s)

                                      Heat  Cool        Avg
    Mean                              Deg   Deg         Wind                 Dom
Day Temp  High   Time   Low    Time   Days  Days  Rain  Speed High   Time    Dir
----------------------------------------------------------------------------------
01  19.9  25.4   16:36  15.4   02:41   0.9   2.5   0.0   1.8   7.2   04:42    NE
02  22.2  30.5   17:38  14.1   05:13   1.0   4.9   0.0   0.6   4.5   23:43    NE
03  19.9  26.0   16:41  16.8   04:04   0.4   2.0   0.0   1.6   6.7   18:31   WSW
04  19.3  23.5   15:54  14.6   23:52   0.7   1.6   0.0   1.7   8.9   14:34   WSW
05  19.0  25.9   16:35  12.0   04:46   1.9   2.6   0.0   1.0   5.8   10:57   NNE
06  18.8  24.9   17:23  12.3   03:09   1.6   2.2   0.0   1.0   5.8   13:57     E
07  19.4  26.7   16:26  12.7   03:33   1.5   2.7   0.0   0.9   5.4   13:05     E
08  20.9  28.7   16:06  11.9   04:04   1.5   4.1   0.0   0.8   4.5   09:13    NE
09  21.2  26.9   13:41  15.3   03:48   0.6   3.4   0.0   0.6   4.0   12:48    NE
10  19.2  22.9   10:58  14.7   23:49   0.3   1.2   0.2   0.5   4.5   11:51   WNW
11  15.6  20.3   14:09  11.6   03:44   2.7   0.0   0.0   2.0   8.9   18:23     W
12  15.3  19.4   18:35  12.4   23:54   3.0   0.0   0.0   1.6   6.7   01:53     W
13  15.9  21.2   16:27  11.3   06:15   3.0   0.6   0.0   1.8   7.6   14:37     W
14  16.9  23.4   15:27  12.3   02:42   2.4   1.0   1.8   1.3   7.6   14:40   WSW
15  17.4  23.7   15:58  11.3   23:57   2.2   1.2   0.0   1.0   6.3   12:28   WSW
16  16.4  22.3   11:45  10.7   01:15   2.4   0.6   8.6   0.6   5.4   15:04   ENE
17  17.0  21.3   13:15  14.0   01:01   1.8   0.6   2.0   1.1   7.6   10:22   WSW
18  16.7  20.4   14:06  12.6   04:18   1.8   0.1   0.0   1.1   6.7   13:49   WSW
19  17.5  21.7   13:24  12.4   23:41   1.5   0.7   0.0   2.0   8.5   16:23   WSW
20  18.4  25.6   14:44  11.9   01:20   1.8   1.9   0.0   1.4   7.6   13:30   WSW
21  13.4  17.4   00:00  10.3   21:50   4.9   0.0   2.6   2.0   8.9   18:46     W
22  13.9  19.9   12:29   9.6   04:33   4.4   0.1   0.0   2.5   9.8   17:45     W
23  13.9  17.4   12:40  10.1   03:56   4.4   0.0   0.0   2.5   8.9   08:08     W
24  15.8  21.3   17:08  12.6   05:01   2.9   0.4   0.0   1.3   5.8   03:07     W
25  16.9  23.4   16:12  12.1   05:15   2.5   1.0   0.2   1.2   6.3   12:45   WSW
26  18.7  27.5   17:11  11.9   04:52   1.9   2.3   0.0   0.9   4.9   15:24   WSW
27  19.7  26.4   15:53  12.8   04:44   1.6   3.0   0.0   0.6   4.9   17:39   ENE
28  20.5  29.2   16:09  10.4   04:47   2.2   4.4   0.0   0.5   4.0   15:17     W
29  19.0  23.7   11:36  13.8   05:03   1.2   1.9   0.0   1.7   9.4   14:26     N
30  18.7  25.4   14:39  10.8   04:53   2.0   2.5   0.0   0.8   6.3   18:01    NE
----------------------------------------------------------------------------------
    17.9  30.5     2     9.6    22    61.0  49.5  15.4   1.3   9.8    22       W

Max >=  27.0  4
Max <=   0.0  0
Min <=   0.0  0
Min <= -18.0  0
Max Rain: 8.6 on day 16
Days of Rain: 6 (>= 0.2 mm)  3 (>= 2.0 mm)  0 (>= 20.0 mm)
Heat Base: 18.3  Cool Base: 18.3  Method: Integration