NOAA-Style Climate Reports


Report for 2018 Maj
                   Monthly Climatological Summary for May 2018

Name: Vejret i Vindeby   City: Svendborg   State: 
Elevation: 35 m  Lat: N 55 02 30   Lon: E 010 37 00

                  Temperature (°C), Rain (mm), Wind Speed (m/s)

                                      Heat  Cool        Avg
    Mean                              Deg   Deg         Wind                 Dom
Day Temp  High   Time   Low    Time   Days  Days  Rain  Speed High   Time    Dir
----------------------------------------------------------------------------------
01   7.9   9.8   00:26   6.7   13:05   9.8   0.0   2.6   1.6  10.3   19:59   WSW
02  10.2  15.4   16:24   2.8   06:05   8.1   0.0   0.0   1.3   8.5   00:10   SSE
03  10.0  15.7   15:54   5.4   06:03   8.3   0.0   0.0   1.6   9.4   09:19   WSW
04   8.8  16.2   17:15   1.2   05:52   9.5   0.0   0.0   0.7   4.9   17:49   WSW
05  11.8  20.0   16:31   3.2   03:54   6.6   0.1   0.0   0.4   4.5   15:07    NW
06  13.8  22.1   17:47   4.4   04:57   5.3   0.9   0.0   0.5   4.5   13:37   ESE
07  15.8  23.9   15:40   7.1   04:43   3.9   1.5   0.0   0.5   4.9   15:50   ENE
08  15.8  23.4   14:30   8.6   05:14   3.5   1.0   0.0   1.2   8.0   18:00    NE
09  16.3  22.5   14:40  10.7   05:10   2.9   0.9   0.0   1.7   7.6   15:00   ENE
10  15.3  25.7   16:24  11.0   04:06   3.7   0.7   7.8   1.5   5.4   17:38    NE
11  13.5  19.9   17:33   8.5   23:51   4.9   0.1   0.2   1.1   5.4   00:40     W
12  14.1  20.0   14:34   8.6   00:00   4.4   0.1   0.0   0.6   5.4   13:10    NE
13  15.1  21.0   15:39  10.3   00:06   3.6   0.4   0.0   1.9   7.2   09:03    NE
14  17.4  23.3   15:12  12.3   05:19   2.1   1.2   0.0   1.6   6.3   15:42    NE
15  17.2  24.4   17:12   8.8   05:24   2.6   1.6   0.0   1.0   5.4   10:15    NE
16  18.5  25.3   17:17  10.5   04:47   2.0   2.2   0.0   0.9   7.2   10:22     N
17  14.4  21.5   18:28   8.4   05:26   4.3   0.4   0.0   1.2   5.8   10:39   WSW
18  14.8  21.2   16:04   9.7   05:35   3.9   0.4   0.0   0.9   4.9   10:25   WSW
19  14.8  22.0   16:53   9.7   23:49   3.9   0.4   0.0   0.4   3.1   00:09   WSW
20  15.5  22.6   15:48   7.3   04:51   3.9   1.1   0.0   0.7   5.4   23:32   ENE
21  15.4  20.2   14:56  10.2   05:04   3.2   0.3   0.0   1.9   9.4   18:55    NE
22  17.6  24.5   15:41  11.6   23:59   2.3   1.6   0.0   1.1   4.9   08:01    NE
23  18.0  25.3   15:50   8.3   05:09   2.9   2.6   0.0   0.7   4.9   16:09    NE
24  17.3  23.2   16:11  10.1   05:23   2.5   1.5   0.0   1.6   7.6   14:16    NE
25  17.5  23.4   15:00  12.8   23:57   1.9   1.2   0.0   1.6   6.7   10:41    NE
26  18.9  26.1   17:08  12.5   01:08   1.7   2.4   0.0   1.2   7.6   17:14    NE
27  16.6  21.8   15:29  13.7   03:22   2.0   0.3   0.0   1.6   6.7   17:33    NE
28  18.0  22.1   16:56  14.7   05:23   1.1   0.8   0.0   2.0   7.2   12:56    NE
29  20.4  26.3   15:00  16.6   03:20   0.4   2.5   0.0   1.8   7.6   17:51    NE
30  20.5  25.4   15:03  15.7   04:56   0.5   2.7   0.0   2.0   8.5   09:43    NE
31  18.8  22.5   11:59  15.8   23:50   0.7   1.2   0.0   2.3   8.0   15:11    NE
----------------------------------------------------------------------------------
    15.5  26.3    29     1.2     4   116.4  30.1  10.6   1.3  10.3     1      NE

Max >=  27.0  0
Max <=   0.0  0
Min <=   0.0  0
Min <= -18.0  0
Max Rain: 7.8 on day 10
Days of Rain: 3 (>= 0.2 mm)  2 (>= 2.0 mm)  0 (>= 20.0 mm)
Heat Base: 18.3  Cool Base: 18.3  Method: Integration