NOAA-Style Climate Reports


Report for 2018 April
                   Monthly Climatological Summary for Apr 2018

Name: Vejret i Vindeby   City: Svendborg   State: 
Elevation: 35 m  Lat: N 55 02 30   Lon: E 010 37 00

                  Temperature (°C), Rain (mm), Wind Speed (m/s)

                                      Heat  Cool        Avg
    Mean                              Deg   Deg         Wind                 Dom
Day Temp  High   Time   Low    Time   Days  Days  Rain  Speed High   Time    Dir
----------------------------------------------------------------------------------
01   0.7   2.8   18:13  -2.1   23:52  17.6   0.0   8.0   0.8   6.3   13:39   WNW
02   2.4   8.1   15:44  -3.1   06:17  15.9   0.0   0.4   1.1   6.7   15:11   WSW
03   5.5  11.5   16:11   0.9   02:33  12.8   0.0   8.6   1.2   7.2   03:36   ENE
04   9.1  12.6   16:02   6.6   02:23   9.2   0.0   7.2   1.1   7.2   10:52    SW
05   6.0   9.5   11:30   2.4   23:48  12.3   0.0   0.4   1.8   9.8   17:46   WSW
06   7.0  11.4   15:42   2.2   06:21  11.3   0.0   0.0   1.8   7.6   01:34   WSW
07   9.3  15.1   17:08   4.0   05:13   9.0   0.0   0.0   1.6   9.4   12:13   ESE
08  11.0  18.8   17:22   2.6   06:43   7.3   0.0   0.0   0.5   4.5   12:22     E
09  12.3  18.7   13:57   7.8   01:43   6.0   0.0   0.0   0.9   6.7   22:51   NNE
10   6.6   8.6   16:07   4.7   11:09  11.7   0.0   0.0   3.7  12.5   14:10    NE
11   5.9   9.3   16:01   3.9   06:27  12.4   0.0   0.0   4.1  11.6   01:21    NE
12   7.1  10.5   15:16   4.5   04:54  11.2   0.0   0.0   4.0  14.3   18:33    NE
13   8.0  10.5   14:57   6.5   00:10  10.3   0.0   0.0   3.7  11.6   04:34    NE
14   7.4   9.9   12:10   6.0   22:21  10.9   0.0   2.0   1.3   7.2   01:40    NE
15   7.2   9.7   14:37   5.8   03:09  11.1   0.0   2.0   0.7   5.4   00:32   WSW
16   9.1  16.5   16:19   4.9   05:37   9.2   0.0   0.0   0.5   3.6   11:51     E
17  10.2  17.4   16:30   5.7   03:13   8.1   0.0   0.0   0.8   4.9   14:11   WSW
18  13.8  21.2   16:20   5.9   06:06   5.0   0.4   0.0   1.0   6.7   14:31   WSW
19  14.7  22.1   14:43   6.6   05:41   4.6   1.1   0.0   0.6   4.9   11:29   ESE
20  16.3  25.2   15:50   8.9   05:38   3.5   1.5   0.0   1.2   8.5   17:54    SW
21  12.3  18.6   15:45   7.2   04:32   6.0   0.0   0.0   1.1   6.7   14:49   WSW
22  11.0  16.9   15:32   3.7   06:18   7.3   0.0   0.0   0.8   5.8   16:50   ENE
23  12.0  16.8   14:27   8.2   23:33   6.3   0.0   0.0   1.8   8.9   12:07   WSW
24  10.2  13.9   14:38   7.9   00:55   8.1   0.0   0.0   2.4  10.7   14:06   WSW
25   8.4  12.8   16:41   6.2   04:44   9.9   0.0  17.0   1.6   8.9   16:24     W
26   8.6  13.1   11:38   6.8   04:14   9.7   0.0   6.4   1.8   8.5   15:38   WSW
27  10.2  16.1   15:27   6.8   03:53   8.1   0.0   1.8   1.2   7.6   13:18    SW
28  11.1  16.8   17:07   7.5   04:01   7.2   0.0   0.2   1.3   5.4   11:50    NE
29  10.3  15.1   15:20   6.9   06:02   8.0   0.0   0.0   1.1   6.7   22:30    NE
30  10.1  12.8   10:10   8.9   05:30   7.6   0.0   8.2   2.3  13.0   10:13    NE
----------------------------------------------------------------------------------
     9.1  25.2    20    -3.1     2   277.6   3.0  62.2   1.6  14.3    12     NNE

Max >=  27.0  0
Max <=   0.0  0
Min <=   0.0  2
Min <= -18.0  0
Max Rain: 17.0 on day 25
Days of Rain: 12 (>= 0.2 mm)  8 (>= 2.0 mm)  0 (>= 20.0 mm)
Heat Base: 18.3  Cool Base: 18.3  Method: Integration