NOAA-Style Climate Reports


Report for 2018 Marts
                   Monthly Climatological Summary for mar 2018

Name: Vejret Syrenvej 35   City: Svendborg   State: 
Elevation: 32 m  Lat: S 00° 00' 00"   Lon: W 000° 00' 00"

                  Temperature (°C), Rain (mm), Wind Speed (m/s)

                                      Heat  Cool        Avg
    Mean                              Deg   Deg         Wind                 Dom
Day Temp  High   Time   Low    Time   Days  Days  Rain  Speed High   Time    Dir
----------------------------------------------------------------------------------
 1  -4,5  -3,0   14:12  -6,2   03:42  22,8   0,0   0,0   3,0   9,5   02:42   NNE
 2  -3,4  -1,5   13:39  -4,8   04:42  19,0   0,0   0,0   2,6  10,2   20:43    NE
 3  -3,0  -0,8   15:13  -4,5   04:43  21,3   0,0   0,0   2,0   5,8   23:43     E
 4  -2,4  -0,3   23:13  -4,4   07:13  20,7   0,0   0,0   2,6   8,2   01:13     E
 5   0,3   2,5   14:50  -2,1   07:43  16,7   0,0   1,2   1,4   5,8   02:43     E
 6   2,7   8,3   11:42  -1,4   04:42  15,6   0,0   0,0   0,7   4,4   15:12    NE
 7   1,2   2,9   13:43   0,2   01:12  17,1   0,0   0,0   0,8   4,1   07:43   NNE
 8   1,2   3,5   17:13  -0,1   03:43  15,5   0,0   8,4   0,3   3,4   14:40   SSE
 9   2,6   6,0   14:14   1,2   20:14  15,7   0,0   0,6   0,4   3,4   03:14   WSW
10   1,5   2,8   12:14   0,8   02:44  16,8   0,0   9,9   1,5   5,4   12:14    NE
11   3,0   5,0   15:14   1,6   00:14  15,3   0,0   3,0   0,8   4,8   16:09     E
12   5,5   8,4   14:14   3,2   05:44  12,8   0,0   4,8   0,1   1,4   00:14     E
13   4,2   6,2   00:14   2,8   23:43  13,5   0,0   1,2   0,6   3,4   13:18   WNW
14   2,9   5,3   12:44   1,4   05:14  15,4   0,0   0,3   0,7   4,1   22:14    NW
15   1,8   4,0   12:44   0,6   22:44  16,5   0,0   0,3   3,0  10,9   12:44     E
16  -0,7   0,8   13:14  -2,9   22:43  23,0   0,0   0,0   3,7  13,3   19:53   ENE
17  -2,4  -0,8   14:13  -3,8   05:13  20,7   0,0   0,0   4,1  12,9   11:43   NNE
18  -0,2   2,5   12:43  -2,4   02:43  18,5   0,0   0,0   2,7   9,5   02:13   ENE
19   1,2   6,3   08:44  -6,0   06:44  17,1   0,0   0,0   0,7   4,4   18:31   WSW
20   2,5   6,0   16:43  -2,2   22:43  15,8   0,0   0,0   1,8   5,4   08:13    NW
21   1,2   6,3   13:44  -3,3   01:13  14,8   0,0   0,0   0,9   6,1   16:35   WSW
22   3,8   6,6   15:13   1,2   05:43  14,5   0,0   4,2   1,1   6,8   06:13     W
23   3,3   6,8   15:43   1,8   03:43  15,0   0,0   0,0   1,0   4,1   17:13    SE
24   5,1   9,3   16:43   2,7   05:13  13,2   0,0   0,0   0,6   3,4   00:13   ESE
25   5,4   7,3   13:35   4,0   07:43  14,8   0,0   0,0   0,1   1,7   13:19    SW
26   4,3   8,0   18:14   0,8   08:14  14,0   0,0   0,0   0,6   4,1   17:14   WSW
27   4,3  10,0   14:14   1,7   04:14  14,0   0,0   0,0   0,6   3,1   14:14    SE
28   1,9   3,9   14:44   0,8   07:14  16,4   0,0   0,0   2,7   8,8   21:14    NE
29   0,7   1,5   14:44   0,1   23:44  17,6   0,0   5,4   1,9   7,8   02:44     N
30   1,7   6,4   17:46  -3,9   07:14  17,3   0,0   1,2   1,0   6,5   18:08   NNE
31   1,5   2,7   13:15   0,7   23:16  16,8   0,0   0,0   2,0   8,2   10:15   ENE
----------------------------------------------------------------------------------
     1,5  10,0    27    -6,2     1   518,2   0,0  40,5   1,5  13,3    16      NE

Max >=  27,0:  0
Max <=   0,0:  5
Min <=   0,0: 14
Min <= -18,0:  0
Max Rain: 9,9 on day 10
Days of Rain: 12 (>= 0,2 mm)  6 (>= 2,0 mm)  0 (>= 20,0 mm)
Heat Base: 18,3  Cool Base: 18,3  Method: Integration