NOAA-Style Climate Reports


Report for 2018 Februar
                   Monthly Climatological Summary for feb 2018

Name: Vejret Syrenvej 35   City: Svendborg   State: 
Elevation: 32 m  Lat: S 00° 00' 00"   Lon: W 000° 00' 00"

                  Temperature (°C), Rain (mm), Wind Speed (m/s)

                                      Heat  Cool        Avg
    Mean                              Deg   Deg         Wind                 Dom
Day Temp  High   Time   Low    Time   Days  Days  Rain  Speed High   Time    Dir
----------------------------------------------------------------------------------
 1   3,1   4,2   13:20   1,9   03:06  16,2   0,0   0,0   3,0  11,2   19:18     S
 2   2,8   3,7   13:36  -0,1   23:36  26,2   0,0   2,7   1,7   9,2   01:06   SSE
 3  -0,8  -0,1   00:06  -1,5   08:06  19,3   0,0   0,0   0,9   3,4   04:06   WNW
 4   0,3   1,6   14:36  -1,8   04:07  18,4   0,0   0,9   1,7   8,5   11:39     N
 5  -0,9   1,1   14:36  -2,9   08:36  19,0   0,0   0,0   0,9   4,1   04:06     N
 6  -2,3   1,2   15:36  -4,6   03:36  20,6   0,0   0,0   0,2   2,4   10:36     E
 7  -2,8   1,3   13:06  -7,1   07:06  32,9   0,0   0,0   0,5   4,4   12:15     S
 8  -1,1   3,2   15:06  -3,3   08:06  19,4   0,0   0,0   0,6   3,7   13:06   SSW
 9  -1,2   2,0   15:11  -3,1   02:36  20,3   0,0   0,0   1,0   5,1   10:36   ESE
10  -0,9   2,6   14:41  -4,0   03:11  19,2   0,0   0,0   0,3   3,4   12:41    SE
11   1,8   3,6   15:40   0,9   10:40  16,5   0,0   2,4   2,4  11,2   23:40   SSE
12   2,2   3,5   11:40   1,1   13:40  17,1   0,0   1,2   1,9  11,2   00:10    SW
13   1,2   3,6   15:41  -2,0   23:41  17,1   0,0   0,0   0,8   4,1   08:11     S
14   0,6   5,7   15:11  -3,8   06:11  17,7   0,0   0,0   0,7   5,1   22:42   ESE
15   1,1   2,0   13:32   0,5   08:12  17,2   0,0   0,3   2,0  10,9   09:42    SE
16   3,2   5,4   13:10   1,5   05:10  15,1   0,0   0,9   0,8   4,4   12:10   WSW
17   3,5   5,8   13:40   2,4   02:10  14,8   0,0   0,0   0,1   1,4   00:10     W
18   2,8   4,8   14:40   1,2   20:10  15,5   0,0   0,0   0,6   5,4   12:10     S
19   2,8   6,4   13:23   0,5   06:10  15,5   0,0   0,6   0,2   2,7   13:49     S
20   2,6   5,4   14:09   1,0   07:39  15,7   0,0   0,3   0,8   4,4   10:39   ENE
21   2,1   6,3   14:45   0,7   07:39  16,7   0,0   0,0   0,2   3,1   20:22     S
22   1,2   4,3   15:11  -2,5   23:41  17,1   0,0   0,3   0,5   3,7   10:41    NE
23  -1,0   4,0   15:41  -5,0   06:11  19,3   0,0   0,0   0,4   5,1   23:11    NE
24  -0,4   1,9   15:12  -2,4   23:42  16,6   0,0   0,0   1,4   7,1   11:30    NE
25  -2,7  -1,6   12:12  -3,8   23:42  21,0   0,0   0,0   1,7   7,1   09:42     N
26  -2,8   0,5   13:55  -5,9   04:12  22,0   0,0   0,0   2,0  10,5   11:53     N
27  -4,6  -3,5   00:12  -6,0   20:12  22,9   0,0   0,0   2,9  10,5   19:42     N
28  -6,2  -4,8   15:42  -7,3   07:12  24,5   0,0   0,0   2,9  10,9   06:12   NNE
----------------------------------------------------------------------------------
     0,1   6,4    19    -7,3    28   533,8   0,0   9,6   1,2  11,2     1       E

Max >=  27,0:  0
Max <=   0,0:  4
Min <=   0,0: 18
Min <= -18,0:  0
Max Rain: 2,7 on day 2
Days of Rain: 9 (>= 0,2 mm)  2 (>= 2,0 mm)  0 (>= 20,0 mm)
Heat Base: 18,3  Cool Base: 18,3  Method: Integration