NOAA-Style Climate Reports


Report for 2018 Januar
                   Monthly Climatological Summary for Jan 2018

Name: Vejret i Vindeby   City: Svendborg   State: 
Elevation: 35 m  Lat: N 55 02 30   Lon: E 010 37 00

                  Temperature (°C), Rain (mm), Wind Speed (m/s)

                                      Heat  Cool        Avg
    Mean                              Deg   Deg         Wind                 Dom
Day Temp  High   Time   Low    Time   Days  Days  Rain  Speed High   Time    Dir
----------------------------------------------------------------------------------
01   6.0   7.8   01:11   4.5   20:32  12.3   0.0   2.4   2.3  11.6   10:56    SW
02   4.7   5.9   14:37   3.8   07:49  13.6   0.0   0.0   1.3   6.3   12:28   WSW
03   4.3   6.4   13:55   1.6   21:14  14.0   0.0  13.8   1.5  10.3   08:15    SE
04   3.7   5.1   14:21   1.7   18:03  14.6   0.0   3.0   1.3   7.2   02:52   WSW
05   3.1   4.3   01:28   0.6   21:46  15.2   0.0   3.6   0.5   4.5   11:50   WNW
06   1.1   2.6   13:29  -1.1   21:47  17.2   0.0   1.8   0.8   5.4   19:38     N
07  -3.5  -0.1   00:09  -5.8   08:44  21.8   0.0   0.0   0.1   4.0   00:08   NNE
08  -3.0   1.2   23:22  -6.6   06:55  21.3   0.0   0.0   0.4   5.8   23:52   ENE
09   2.4   3.8   13:31   0.5   00:34  15.9   0.0   0.4   2.7   9.4   07:14   ENE
10   2.3   3.1   12:50   1.8   21:00  16.0   0.0   0.4   0.9   4.9   01:10   ENE
11   3.1   3.8   11:54   2.2   00:00  14.6   0.0   2.8   1.6   7.6   20:13    NE
12   2.3   2.8   00:00   1.8   23:16  16.0   0.0   1.2   2.4   9.4   10:57   ENE
13   0.8   2.5   00:33  -0.8   21:29  17.5   0.0   0.4   1.8   8.5   19:15     E
14  -0.1   0.7   12:26  -0.9   19:05  18.4   0.0   0.0   2.4   9.4   19:37   ESE
15   0.9   2.9   22:34  -0.9   00:31  17.4   0.0   1.8   2.0   9.4   22:06     E
16   2.5   4.2   04:14   1.2   20:20  15.8   0.0   3.0   1.8   8.5   03:23    SW
17   1.6   2.4   13:14   0.6   02:26  16.7   0.0   2.2   1.6   7.2   21:46   WSW
18   1.6   2.2   09:01   0.5   22:53  16.7   0.0   2.6   1.2   6.3   03:14   WSW
19   1.8   3.4   14:50   0.8   00:00  16.5   0.0   0.4   0.7   4.5   16:55   WSW
20   1.6   1.8   11:22   1.2   09:40  16.1   0.0   0.2   0.9   4.9   01:30    SW
21   0.5   3.6   14:20  -1.6   18:20  16.1   0.0   0.2   0.2   2.7   21:10    SW
22   0.4   1.0   14:05  -0.9   01:26  17.6   0.0   0.8   1.5   7.2   07:51   ESE
23   2.8   5.6   23:56   0.8   00:00  15.5   0.0   0.6   1.2   7.6   23:33   SSW
24   8.1  10.6   16:03   5.6   00:00  10.2   0.0   2.4   2.5  10.3   04:59    SW
25   5.9   6.9   13:39   5.4   17:01  12.4   0.0   0.6   1.8   7.2   03:06    SW
26   4.1   5.7   00:39   2.3   05:56  14.2   0.0   0.0   0.4   4.5   23:58   WSW
27   4.6   6.0   14:10   3.9   21:59  13.7   0.0   1.6   1.6   8.9   23:55    SW
28   5.9   7.4   11:54   4.3   00:00  12.4   0.0   2.2   2.8  10.3   02:08   WSW
29   6.2   7.4   07:54   4.1   22:41  12.1   0.0   3.2   3.2  12.5   08:29   WSW
30   4.5   6.1   14:22   3.8   18:53  13.8   0.0   0.0   2.8   9.8   01:18     W
31   3.8   6.2   13:49   2.2   23:56  14.5   0.0   4.0   1.8   8.9   11:39    SW
----------------------------------------------------------------------------------
     2.7  10.6    24    -6.6     8   480.1   0.0  55.6   1.6  12.5    29      SW

Max >=  27.0  0
Max <=   0.0  1
Min <=   0.0  8
Min <= -18.0  0
Max Rain: 13.8 on day 3
Days of Rain: 25 (>= 0.2 mm)  12 (>= 2.0 mm)  0 (>= 20.0 mm)
Heat Base: 18.3  Cool Base: 18.3  Method: Integration