NOAA-Style Climate Reports


Report for 2018
                   Annual Climatological Summary for 2018

Name: Vejret Syrenvej 35   City: Svendborg   State: 
Elevation: 32 m  Lat: S 00° 00' 00"   Lon: W 000° 00' 00"

                  Temperature (°C), Heat Base: 18,3  Cool Base: 18,3
                          Dep.  Heat  Cool                       Max  Max  Min  Min
        Mean  Mean        From  Deg   Deg                        >=   <=   <=   <=
 YR MO  Max   Min   Mean  Norm  Days  Days  Hi  Date  Low  Date 27,0  0,0  0,0 -18,0
------------------------------------------------------------------------------------
 18  1   4,9   1,8   3,2   0.0   964     2  10,8  24  -6,1    8    0    0   16    0
 18  2   2,5  -2,2   0,0   0.0   720     0   6,4  19  -7,3   28    0    5   27    0
 18  3   4,3  -0,7   1,5   0.0   518     0  10,0  27  -6,2    1    0    5   14    0
 18  4  15,7   5,9  10,6   0.0   248    10  26,2  20  -1,7    2    0    0    4    0
 18  5  23,9  10,7  17,4   0.0    90    63  30,2  23   2,9    4    7    0    0    0
 18  6  24,9  13,6  19,4   0.0    42    76  32,9   2  10,2   22    9    0    0    0
 18  7  28,8  16,0  22,7   0.0    21   165  36,2  25  11,9   10   21    0    0    0
 18  8  25,2  15,7  20,2   0.0    27    89  34,9   8  12,1   21   10    0    0    0
 18  9  20,6  11,7  16,4   0.0   101    22  29,1  18   0,0    4    2    0    1    0
 18 10  16,0   7,0  12,0   0.0   208     5  25,5  13 -11,7   23    0    0    3    0
 18 11   8,8   3,9   6,9   0.0   338     0  14,4   1 -11,1    2    0    0    4    0
 18 12   6,3   3,1   5,0   0.0   429     0  10,4   3  -1,1   26    0    0    5    0
------------------------------------------------------------------------------------
        15,2   7,2  11,3   0.0  3712   436  36,2 jul -11,7  okt   49   10   74    0

                                Precipitation (mm)

              Dep.   Max        Days of Rain
              From   Obs.           >=
 YR MO Total  Norm   Day Date  0,2  2,0 20,0
---------------------------------------------
 18  1 101,4   0.0  13,5   3    49   21    0
 18  2  13,2   0.0   2,7   2    11    3    0
 18  3  40,5   0.0   9,9  10    12    6    0
 18  4  50,4   0.0  15,3  25    10    5    0
 18  5   9,0   0.0   6,9  10     2    2    0
 18  6  12,3   0.0   6,9  16     4    2    0
 18  7   5,1   0.0   4,8  28     2    1    0
 18  8  99,3   0.0  29,7  30    13    8    1
 18  9  49,2   0.0  22,5   7     9    3    1
 18 10  31,5   0.0   6,6  26    12    6    0
 18 111274,7   0.01236,9  12    15    8    1
 18 12  83,7   0.0  36,0  26    16   10    1
---------------------------------------------
      1770,3   0.01236,9  nov  155   75    4

                                Wind Speed (m/s)
                          Dom
 YR MO   Avg.  Hi   Date  Dir
------------------------------
 18  1  99,9  27,2   11     N
 18  2   1,2  11,2   12    SE
 18  3   1,5  13,3   16    NE
 18  4   1,4  53,2    7   NNE
 18  5   1,0  22,1   10    NE
 18  6   0,8  50,8    9   WSW
 18  7   0,7  23,0    1     W
 18  8   0,8  51,2   13    SW
 18  9   1,3  11,2   21   WSW
 18 10   1,3  11,2   31     W
 18 11   1,5  43,5   12     E
 18 12   1,3  52,8   27     S
------------------------------
         9,4  53,2  apr     N