NOAA-Style Climate Reports


Report for 2017 December
                   Monthly Climatological Summary for Dec 2017

Name: Vejret i Vindeby   City: Svendborg   State: 
Elevation: 35 m  Lat: N 55 02 30   Lon: E 010 37 00

                  Temperature (°C), Rain (mm), Wind Speed (m/s)

                                      Heat  Cool        Avg
    Mean                              Deg   Deg         Wind                 Dom
Day Temp  High   Time   Low    Time   Days  Days  Rain  Speed High   Time    Dir
----------------------------------------------------------------------------------
01   1.6   4.4   13:24  -1.1   23:58  16.7   0.0   0.2   0.4   4.5   11:24     N
02   0.7   3.3   11:51  -3.1   06:41  17.6   0.0   0.8   1.0   7.6   21:30    SW
03   4.5   6.5   10:30   2.4   00:10  13.7   0.0   4.4   1.5   6.7   22:50   WSW
04   3.6   5.2   13:22   2.4   08:00  14.1   0.0   0.2   1.5   6.7   03:50     W
05   7.4   8.2   11:55   5.0   00:00  10.9   0.0   0.6   2.8  11.6   15:30     W
06   7.9   8.7   23:40   6.7   06:00  10.4   0.0   0.2   3.1  10.3   10:00     W
07   6.3   8.5   00:00   5.2   16:26  11.5   0.0   3.0   3.1  10.3   03:10    SW
08   4.1   6.6   00:45   2.1   20:36  14.2   0.0   0.8   2.3   9.8   18:58   WSW
09   3.0   5.1   11:54   0.8   23:41  15.3   0.0   1.4   2.4   9.4   03:49   WSW
10   1.2   1.9   10:20   0.2   23:22  17.1   0.0   1.4   1.8   8.0   04:42   SSW
11   0.9   1.7   14:17   0.2   00:01  17.4   0.0   1.4   1.9   8.0   03:33    NE
12   1.2   2.5   23:41   0.0   18:35  17.1   0.0   4.8   1.2   6.7   12:34     W
13   2.2   3.1   23:50   0.8   20:09  16.1   0.0   8.4   2.3   8.9   16:24   WSW
14   2.9   4.4   11:23   0.6   04:59  15.4   0.0   6.4   1.9   9.8   11:47   WSW
15   3.4   4.2   14:03   2.3   20:54  14.9   0.0   2.2   1.2   5.8   00:58   WSW
16   0.5   3.4   00:00  -1.8   22:21  17.8   0.0   0.2   0.5   5.4   00:24     W
17   0.4   2.1   23:47  -1.4   17:53  17.9   0.0   0.0   0.8   4.9   02:43   WSW
18   2.4   3.7   23:58   1.2   08:46  15.9   0.0   0.4   1.0   5.4   16:51   WSW
19   3.7   5.3   12:49   0.8   08:52  14.6   0.0   0.4   0.4   3.1   02:32   WSW
20   5.4   6.6   17:14   3.6   00:00  12.9   0.0   0.2   0.9   4.9   12:48   WSW
21   5.5   7.1   01:02   2.6   08:46  12.8   0.0   0.0   1.5   7.2   17:22     W
22   5.1   5.9   05:11   4.1   17:50  13.0   0.0   0.0   1.7   6.3   22:37     W
23   7.2   8.8   23:59   5.2   00:01  11.1   0.0   0.4   3.4  10.7   23:03   WSW
24   7.9   9.0   00:09   7.3   23:57  10.4   0.0   2.6   3.3  12.1   00:44   WSW
25   7.5   8.6   13:31   6.4   23:41  10.8   0.0   1.0   2.7   9.8   12:40   WSW
26   5.4   6.4   00:00   4.0   22:51  12.9   0.0   1.2   2.8  10.7   12:20    SW
27   4.1   4.8   00:12   3.4   08:12  14.2   0.0   2.6   1.4   8.0   00:36   SSE
28   3.8   4.6   02:30   1.8   09:07  14.5   0.0   0.2   1.3   6.3   19:13   WSW
29   2.9   4.0   12:45   1.1   20:40  15.4   0.0   0.4   1.8   8.0   03:24    SW
30   2.8   4.6   10:48   1.4   00:00  15.5   0.0   5.0   1.4   6.7   08:08     S
31   5.2   8.6   15:55   1.3   04:22  13.1   0.0   3.4   1.1   8.5   13:14    SW
----------------------------------------------------------------------------------
     3.9   9.0    24    -3.1     2   445.2   0.0  54.2   1.7  12.1    24     WSW

Max >=  27.0  0
Max <=   0.0  0
Min <=   0.0  5
Min <= -18.0  0
Max Rain: 8.4 on day 13
Days of Rain: 28 (>= 0.2 mm)  10 (>= 2.0 mm)  0 (>= 20.0 mm)
Heat Base: 18.3  Cool Base: 18.3  Method: Integration