NOAA-Style Climate Reports


Report for 2017 November
                   Monthly Climatological Summary for Nov 2017

Name: Vejret i Vindeby   City: Svendborg   State: 
Elevation: 35 m  Lat: N 55 02 30   Lon: E 010 37 00

                  Temperature (°C), Rain (mm), Wind Speed (m/s)

                                      Heat  Cool        Avg
    Mean                              Deg   Deg         Wind                 Dom
Day Temp  High   Time   Low    Time   Days  Days  Rain  Speed High   Time    Dir
----------------------------------------------------------------------------------
01  11.7  12.7   14:13  10.1   00:00   6.6   0.0   2.0   1.6   8.0   20:53   WSW
02  10.4  11.8   13:22   9.3   08:26   7.8   0.0   5.4   1.8   8.5   02:25   WSW
03   8.9  11.3   12:02   5.4   07:47   9.4   0.0   0.0   0.9   5.8   11:34    SW
04   9.8  11.2   11:53   8.6   17:27   8.5   0.0   0.6   0.8   4.5   00:11   SSW
05   9.3  11.4   03:27   5.1   23:40   9.0   0.0   0.4   0.8   5.8   05:09   WSW
06   4.3   9.3   12:43   0.1   23:49  14.0   0.0   0.2   0.3   4.9   11:19     W
07   3.8   8.7   12:38  -0.7   05:53  14.5   0.0   0.0   0.4   4.5   13:09   ESE
08   6.9   9.6   12:55   4.9   02:47  10.3   0.0   0.2   0.5   4.0   05:45   ENE
09   7.8   9.3   13:18   6.4   08:07  10.5   0.0   1.0   1.2   7.2   11:39    SW
10   6.7   8.9   10:01   4.4   23:29  11.6   0.0   2.4   2.1  10.7   17:44   WSW
11   4.9   6.7   10:54   3.5   11:57  13.4   0.0   1.6   2.0   9.4   00:47     W
12   5.4   7.4   11:13   1.4   23:45  12.9   0.0   0.2   1.1   6.7   01:36   WSW
13   2.8   6.6   14:14   0.3   22:54  14.8   0.0   0.2   0.5   4.9   11:30   WSW
14   5.2   8.2   15:11   0.6   03:03  12.7   0.0   2.0   1.1   8.5   12:54   WSW
15   6.1   8.5   14:51   1.4   23:57  12.2   0.0   0.4   0.4   4.0   07:51   WSW
16   6.6   9.1   21:44   1.2   00:21  11.7   0.0   2.0   1.0   9.8   21:51    SW
17   5.9   7.9   12:35   3.3   06:37  12.4   0.0   0.2   1.3   6.3   23:24   WSW
18   5.7   7.1   05:55   3.1   12:07  12.6   0.0   6.2   2.3  10.3   23:33   WSW
19   4.1   6.3   06:35  -1.1   23:30  14.2   0.0   1.6   2.3  10.7   10:00     W
20   3.6   6.2   12:10   0.1   00:00  14.7   0.0   0.2   0.8   5.4   02:50     W
21   4.7   5.9   13:50   3.2   01:50  13.1   0.0   0.4   0.4   5.8   22:00     E
22   8.7  10.2   11:47   4.9   00:00   9.6   0.0   7.6   1.8   6.7   00:38    SW
23   9.4  11.7   14:07   7.3   22:30   8.9   0.0   0.4   2.2   8.5   14:57   WSW
24   6.1   8.3   01:16   1.8   23:40  12.2   0.0   0.4   1.1   8.5   01:08    SW
25   3.6   6.1   11:10   0.8   06:30  14.7   0.0   0.4   0.5   7.6   22:30    SW
26   5.0   6.1   17:00   2.9   01:40  13.3   0.0   2.8   2.4  10.7   05:10    SW
27   5.1   6.3   18:33   4.1   14:01  12.7   0.0   9.8   2.1   8.5   13:53    SW
28   4.8   6.1   11:10   3.5   01:31  13.5   0.0   3.4   2.0  11.2   11:48   WSW
29   2.3   5.4   12:03  -1.2   19:30  15.4   0.0   0.0   0.2   2.7   00:19     W
30   1.3   3.6   13:07  -1.2   21:32  16.4   0.0   0.2   0.1   2.7   17:27    NW
----------------------------------------------------------------------------------
     6.0  12.7     1    -1.2    29   363.6   0.0  52.2   1.2  11.2    28     WSW

Max >=  27.0  0
Max <=   0.0  0
Min <=   0.0  4
Min <= -18.0  0
Max Rain: 9.8 on day 27
Days of Rain: 27 (>= 0.2 mm)  10 (>= 2.0 mm)  0 (>= 20.0 mm)
Heat Base: 18.3  Cool Base: 18.3  Method: Integration