NOAA-Style Climate Reports


Report for 2017 Oktober
                   Monthly Climatological Summary for Oct 2017

Name: Vejret i Vindeby   City: Svendborg   State: 
Elevation: 35 m  Lat: N 55 02 30   Lon: E 010 37 00

                  Temperature (°C), Rain (mm), Wind Speed (m/s)

                                      Heat  Cool        Avg
    Mean                              Deg   Deg         Wind                 Dom
Day Temp  High   Time   Low    Time   Days  Days  Rain  Speed High   Time    Dir
----------------------------------------------------------------------------------
01  13.8  17.4   15:17  11.7   07:44   4.5   0.0   1.8   0.7   6.3   00:05   SSW
02  13.4  17.1   14:57  11.7   07:01   4.9   0.0  14.4   1.8   8.0   17:40    SW
03  12.7  16.3   13:02  10.7   07:28   5.5   0.0   2.4   1.6   7.6   11:12   WSW
04  11.4  13.2   12:34   9.2   18:45   6.9   0.0   6.4   1.8   9.4   14:16   WSW
05   9.8  11.5   04:41   7.7   12:31   8.5   0.0  12.2   1.2   6.7   17:48     W
06  11.2  15.1   15:07   9.1   04:08   7.0   0.0   0.2   1.3   6.3   00:53     W
07  10.6  12.5   18:06   9.1   23:57   7.7   0.0   6.4   1.4   8.5   15:18   WSW
08   8.3  12.2   14:06   5.1   22:00  10.0   0.0   0.2   1.0   6.7   12:50     W
09   8.4  14.0   14:21   4.6   01:24   9.9   0.0   0.0   0.6   5.8   12:06     W
10  10.4  13.7   14:48   6.3   00:00   7.9   0.0   4.8   0.5   6.7   19:38    SW
11  13.1  14.3   12:03  11.6   00:33   5.2   0.0   3.2   1.3   8.5   18:10    SW
12  12.4  13.8   13:15  10.7   23:11   5.9   0.0   2.6   2.5  11.6   08:28   WSW
13  12.7  15.9   14:26  10.1   07:27   5.4   0.0   0.0   1.1   6.3   23:56    SW
14  15.0  15.5   14:36  14.5   23:27   3.2   0.0   0.4   1.7   8.0   11:28    SW
15  14.6  16.0   20:43  12.9   23:42   3.7   0.0   0.0   0.8   5.4   00:43    SW
16  14.5  16.7   15:12  12.6   05:48   3.8   0.0   0.2   0.7   4.9   02:52    SW
17  13.9  15.1   02:44  11.9   23:42   4.4   0.0   0.2   1.6   8.0   12:55    SW
18  12.7  15.5   14:24  11.4   05:01   5.6   0.0   2.4   0.8   6.3   04:39    SW
19  12.3  14.6   13:42  10.7   03:01   6.0   0.0   4.6   1.1   5.8   18:06   ENE
20  12.2  13.1   14:00  11.5   03:07   6.1   0.0   3.6   1.1   6.7   11:42     E
21  12.0  13.3   11:39  10.7   01:21   6.2   0.0   2.0   0.8   5.8   17:19   ESE
22  11.1  13.1   13:00   8.9   06:40   7.2   0.0   3.6   0.4   4.0   13:40    SW
23  10.9  12.8   13:22   9.8   07:59   7.4   0.0   0.0   0.9   6.7   20:15   ENE
24  11.4  13.6   23:47  10.3   01:01   6.7   0.0   8.0   1.1   5.8   00:46   SSE
25  13.3  14.6   01:23  11.4   23:52   5.0   0.0   1.6   1.8   8.9   09:00   WSW
26  12.1  14.6   13:58  10.9   04:33   6.2   0.0   0.0   1.3   7.2   13:41   WSW
27  10.5  11.7   14:19   9.6   20:26   7.8   0.0   0.0   1.9   8.0   21:54     W
28  10.9  11.7   13:13   9.9   00:26   7.4   0.0   0.4   2.6  10.7   09:27     W
29   7.6  10.3   00:05   5.0   23:01  11.2   0.0   6.2   2.7  13.9   02:52   WSW
30   5.4   8.3   11:51   3.2   19:31  12.9   0.0   0.0   1.3   6.3   04:53     W
31   8.2  10.1   23:01   5.0   02:50  10.1   0.0   0.2   0.9   5.4   14:53   WSW
----------------------------------------------------------------------------------
    11.5  17.4     1     3.2    30   210.2   0.0  88.0   1.3  13.9    29     WSW

Max >=  27.0  0
Max <=   0.0  0
Min <=   0.0  0
Min <= -18.0  0
Max Rain: 14.4 on day 2
Days of Rain: 24 (>= 0.2 mm)  15 (>= 2.0 mm)  0 (>= 20.0 mm)
Heat Base: 18.3  Cool Base: 18.3  Method: Integration