NOAA-Style Climate Reports


Report for 2017 September
                   Monthly Climatological Summary for Sep 2017

Name: Vejret i Vindeby   City: Svendborg   State: 
Elevation: 35 m  Lat: N 55 02 30   Lon: E 010 37 00

                  Temperature (°C), Rain (mm), Wind Speed (m/s)

                                      Heat  Cool        Avg
    Mean                              Deg   Deg         Wind                 Dom
Day Temp  High   Time   Low    Time   Days  Days  Rain  Speed High   Time    Dir
----------------------------------------------------------------------------------
01  14.2  20.9   16:09   9.0   06:32   4.4   0.3   0.8   0.2   4.0   18:46   WSW
02  13.7  19.9   17:30   9.2   06:11   4.6   0.1   0.2   0.3   3.1   11:20    NW
03  13.7  20.7   17:20   8.7   06:39   4.7   0.2   0.0   0.1   3.1   16:34   WNW
04  14.1  20.7   14:01   8.6   01:14   4.5   0.3   0.0   0.6   5.4   14:12     W
05  15.2  21.3   12:54   7.7   06:22   3.6   0.5   0.0   0.5   4.0   20:13   ESE
06  16.7  19.9   14:40  13.6   23:52   1.7   0.1   8.0   0.8   7.2   17:57   WSW
07  14.9  18.1   18:06  12.7   07:50   3.4   0.0   0.4   1.5   7.6   12:28     W
08  14.4  16.2   16:15  13.5   07:47   3.9   0.0   6.4   1.1   7.6   14:13   WSW
09  13.6  15.3   12:29  10.3   23:59   4.7   0.0  13.0   0.3   5.4   02:36   WSW
10  14.5  19.0   17:06   9.8   01:12   3.8   0.0   0.0   0.9   6.7   16:16   WSW
11  15.5  19.3   15:19  12.8   08:04   2.9   0.0   2.0   1.5   8.0   10:47   WSW
12  14.8  18.2   12:05  12.8   23:34   3.5   0.0   0.4   1.4   8.0   12:41    SW
13  12.6  15.0   14:11  11.3   10:17   5.7   0.0  18.6   2.1  13.0   19:49    SW
14  12.1  14.5   17:35   9.9   21:10   6.2   0.0  10.8   1.6  11.2   00:48   WSW
15  12.8  17.6   13:38  10.9   03:53   5.5   0.0   0.2   1.3   8.9   16:02   WSW
16  11.7  13.2   13:20  10.9   09:06   6.6   0.0   1.2   0.4   3.1   00:38    SW
17  12.4  17.7   15:26   7.8   23:55   5.9   0.0   3.0   0.2   2.7   11:55   SSW
18  11.5  17.9   12:33   6.8   03:18   6.8   0.0   0.0   0.2   4.0   13:12   WSW
19  12.5  17.9   13:38   8.6   00:16   5.8   0.0   0.2   0.7   6.3   12:50   WSW
20  13.6  17.7   14:33  11.1   22:49   4.7   0.0   4.6   0.8   5.8   03:27   WSW
21  13.3  17.6   13:57   9.3   23:59   5.0   0.0   0.2   0.2   2.7   13:44   ENE
22  11.3  17.2   14:02   7.2   07:07   7.0   0.0   0.0   0.4   4.9   16:35    NE
23  12.3  18.7   14:03   6.8   06:53   6.0   0.0   0.0   0.3   3.1   13:53    NE
24  14.8  17.6   15:36  13.5   03:05   3.5   0.0   0.4   1.1   6.3   15:33    NE
25  14.8  17.6   14:04  13.5   07:20   3.5   0.0   0.2   2.2   8.0   14:56    NE
26  14.8  16.6   15:06  13.6   02:03   3.5   0.0   0.0   1.8   6.7   08:46    NE
27  14.8  16.6   12:59  13.4   07:56   3.5   0.0   0.2   1.9   7.2   11:31    NE
28  13.5  14.4   02:36  12.6   16:55   4.3   0.0   3.4   1.5   7.6   16:26   ENE
29  14.6  18.1   14:30  12.3   04:10   3.7   0.0   0.0   1.3   6.3   18:54   ENE
30  13.8  15.6   15:33  11.8   07:35   4.5   0.0   0.0   1.6   7.2   13:12   ENE
----------------------------------------------------------------------------------
    13.8  21.3     5     6.8    18   137.4   1.5  74.2   0.9  13.0    13       W

Max >=  27.0  0
Max <=   0.0  0
Min <=   0.0  0
Min <= -18.0  0
Max Rain: 18.6 on day 13
Days of Rain: 20 (>= 0.2 mm)  9 (>= 2.0 mm)  0 (>= 20.0 mm)
Heat Base: 18.3  Cool Base: 18.3  Method: Integration