NOAA-Style Climate Reports


Report for 2017 August
                   Monthly Climatological Summary for Aug 2017

Name: Vejret i Vindeby   City: Svendborg   State: 
Elevation: 35 m  Lat: N 55 02 30   Lon: E 010 37 00

                  Temperature (°C), Rain (mm), Wind Speed (m/s)

                                      Heat  Cool        Avg
    Mean                              Deg   Deg         Wind                 Dom
Day Temp  High   Time   Low    Time   Days  Days  Rain  Speed High   Time    Dir
----------------------------------------------------------------------------------
01  18.0  23.4   11:49  13.3   04:45   1.6   1.3   0.0   0.3   4.9   10:38   ENE
02  18.8  23.9   13:41  14.0   23:58   1.1   1.6   0.0   0.7   6.3   12:40   WSW
03  17.5  21.1   14:48  13.9   00:11   1.1   0.3  10.0   0.8   6.3   19:32    SW
04  17.6  21.4   14:15  16.1   22:20   1.0   0.3   2.6   1.8  10.7   17:41   WSW
05  17.7  22.2   15:09  14.8   21:14   1.4   0.8   1.4   1.5   8.9   08:54   WSW
06  16.6  21.6   15:45  12.3   06:01   2.3   0.5   3.0   1.2   7.2   13:04   WSW
07  18.0  24.4   16:44  11.3   04:56   2.1   1.8   0.0   0.6   5.4   17:05   WSW
08  17.9  24.2   11:41  11.4   05:26   1.9   1.5   3.0   1.0   6.3   22:12    NE
09  18.6  23.4   14:08  15.4   23:57   1.0   1.3   0.2   1.0   7.2   15:50    SW
10  18.0  23.7   18:07  14.3   23:59   1.3   1.0   0.0   0.7   4.9   03:06   WSW
11  15.3  18.3   10:50  11.6   04:45   3.0   0.0   0.0   0.5   4.9   17:03     N
12  15.3  18.3   17:26  13.4   06:05   3.0   0.0  11.2   0.6   7.6   23:56   WSW
13  16.1  21.6   16:27  10.0   23:59   2.6   0.3   0.0   1.1   6.7   11:59   WSW
14  15.1  21.8   16:53   7.1   06:03   4.0   0.8   0.0   0.6   4.9   15:39   ENE
15  19.6  26.2   15:56  14.7   00:27   1.0   2.3   7.4   1.2   6.7   13:51     E
16  18.5  24.0   15:29  13.4   23:38   1.2   1.4   0.8   0.6   5.4   13:47   WSW
17  17.2  22.7   14:21  11.5   05:42   2.1   1.0   9.4   0.7   6.3   14:09    SE
18  18.2  21.3   16:35  15.4   23:07   0.7   0.6   1.6   0.6   6.3   22:14   WSW
19  15.8  18.9   17:51  13.4   22:59   2.5   0.0   1.6   1.0   6.7   06:44   WSW
20  15.1  18.6   11:17  13.0   05:30   3.2   0.0   3.4   1.3   9.4   09:54   WSW
21  15.9  19.5   14:17  13.7   02:11   2.5   0.1   2.0   1.6   8.0   17:28     W
22  15.8  20.7   16:18  12.5   06:51   2.7   0.2   0.0   0.9   6.3   08:40     W
23  15.6  22.4   15:32   9.7   05:37   3.7   1.0   0.0   0.4   4.0   13:44   ENE
24  16.4  21.8   15:41  10.2   00:00   2.5   0.6   0.0   0.9   6.7   10:48    SW
25  18.7  22.4   15:42  14.4   06:05   1.2   1.6   0.0   1.4   6.7   11:14   WSW
26  17.2  21.1   00:00  12.9   03:36   2.0   0.9   0.0   0.4   3.1   00:00   WSW
27  16.6  20.7   14:36  13.0   23:54   1.9   0.2   0.4   0.7   5.4   12:10     W
28  16.8  22.1   15:22  10.8   04:32   2.8   1.2   0.0   0.4   4.0   11:12   WSW
29  20.1  25.7   17:40  16.0   01:52   0.6   2.5   0.0   0.6   4.5   10:50   ESE
30  17.3  19.2   01:16  14.7   23:59   1.1   0.0  15.0   0.9   7.2   22:50   NNE
31  14.8  18.7   15:57  11.8   23:57   3.5   0.0   2.0   0.9   5.4   12:43   WNW
----------------------------------------------------------------------------------
    17.1  26.2    15     7.1    14    62.6  25.1  75.0   0.9  10.7     4     WSW

Max >=  27.0  0
Max <=   0.0  0
Min <=   0.0  0
Min <= -18.0  0
Max Rain: 15.0 on day 30
Days of Rain: 17 (>= 0.2 mm)  11 (>= 2.0 mm)  0 (>= 20.0 mm)
Heat Base: 18.3  Cool Base: 18.3  Method: Integration