NOAA-Style Climate Reports


Report for 2017 Juli
                   Monthly Climatological Summary for jul 2017

Name: Vejret Syrenvej 35   City: Svendborg   State: 
Elevation: 32 m  Lat: S 00° 00' 00"   Lon: W 000° 00' 00"

                  Temperature (°C), Rain (mm), Wind Speed (m/s)

                                      Heat  Cool        Avg
    Mean                              Deg   Deg         Wind                 Dom
Day Temp  High   Time   Low    Time   Days  Days  Rain  Speed High   Time    Dir
----------------------------------------------------------------------------------
 1  17,4  24,4   16:33  14,5   06:52   1,9   1,0   0,6   0,4   4,2   15:09     S
 2  15,8  19,8   15:52  13,0   05:22   2,7   0,1   0,0   1,0   5,4   15:52     W
 3  14,8  18,6   12:22  12,8   01:52   3,6   0,0  22,8   0,9   6,1   11:44   WSW
 4  15,1  18,9   16:53  10,3   11:18   3,4   0,0   0,3   0,9   5,4   12:59     W
 5  16,4  21,6   16:53  12,1   04:53   2,7   0,7   0,0   0,7   6,1   17:57   WSW
 6  16,9  23,8   16:53   9,6   05:24   2,6   1,1   0,0   0,4   4,1   13:22   WSW
 7  17,8  21,3   10:57  12,9   02:24   1,4   0,8   2,1   0,2   3,1   10:22   ENE
 8  18,3  22,9   16:09  12,9   23:54   1,2   1,3   0,0   0,7   5,8   13:30     W
 9  17,1  23,7   16:47  10,6   05:24   2,5   1,3   0,0   0,5   5,8   11:52    SW
10  16,9  21,9   09:56  11,2   04:55   2,3   0,8   0,0   0,7   4,8   11:10     E
11  18,1  23,5   16:08  13,1   03:25   1,4   1,2   0,0   0,7   6,1   14:55    SW
12  15,7  18,1   18:24  12,9   23:54   2,6   0,0   3,9   0,3   4,1   22:24   WSW
13  15,3  19,9   14:54  11,4   05:24   3,2   0,1   0,0   0,8   5,1   19:21     W
14  17,2  24,9   15:39  11,0   05:24   2,6   1,5   0,0   0,6   4,8   14:26     S
15  18,2  24,0   15:25  11,1   05:25   1,9   1,8   0,0   0,3   2,7   09:25   WSW
16  16,6  19,6   17:24  13,5   23:54   1,9   0,1   6,3   1,1   5,1   12:54   SSW
17  16,8  21,6   16:28  11,1   03:54   2,2   0,7   0,0   0,9   6,1   14:14   WSW
18  16,9  21,7   16:47  13,1   03:55   1,9   0,5   0,0   0,4   5,1   14:33   WSW
19  19,1  25,6   13:25  10,7   04:55   2,0   2,8   0,0   0,9   6,1   17:55     E
20  19,8  24,8   13:25  16,7   00:03   2,9   1,6   0,3   1,3   5,4   01:33     N
21  20,2  24,6   16:54  17,3   08:25   0,2   2,0   0,9   0,4   4,4   16:24   WSW
22  16,7  19,8   10:30  12,6   00:10   1,6   0,1   3,8   0,8   6,7   11:20    NE
23  17,0  20,1   17:30  12,1   00:00   1,4   0,2  12,6   1,1   6,3   01:30   ENE
24  16,6  22,6   12:40  10,3   04:00   2,5   0,8   0,0   0,2   4,9   12:50   NNE
25  15,5  16,3   03:20  14,4   07:00   2,6   0,0   8,2   0,4   6,3   09:30   NNE
26  18,3  23,9   16:20  13,3   23:50   1,7   1,6   0,2   0,8   7,2   13:40     N
27  16,6  21,2   14:10  12,1   03:50   2,1   0,4   0,6   0,4   5,4   16:30   WSW
28  17,2  21,3   15:50  11,4   05:49   1,9   0,8   0,0   1,1   6,5   08:42   SSW
29  17,7  23,0   16:20  15,0   02:20   1,5   0,9   4,5   1,3   8,5   09:33   SSW
30  20,6  26,3   15:08  15,5   00:19   0,7   3,3  12,3   1,0   8,2   14:55    SE
31  19,8  25,8   16:19  14,1   04:49   1,0   2,6   0,3   1,0   8,8   12:52   SSW
----------------------------------------------------------------------------------
    17,3  26,3    30     0,0     4    64,1  30,1  79,7   1,1   8,8    31       N

Max >=  27,0:  0
Max <=   0,0:  0
Min <=   0,0:  1
Min <= -18,0:  0
Max Rain: 22,8 on day 3
Days of Rain: 16 (>= 0,2 mm)  9 (>= 2,0 mm)  1 (>= 20,0 mm)
Heat Base: 18,3  Cool Base: 18,3  Method: Integration