NOAA-Style Climate Reports


Report for 2017 Juni
                   Monthly Climatological Summary for jun 2017

Name: Vejret Syrenvej 35   City: Svendborg   State: 
Elevation: 32 m  Lat: S 00° 00' 00"   Lon: W 000° 00' 00"

                  Temperature (°C), Rain (mm), Wind Speed (m/s)

                                      Heat  Cool        Avg
    Mean                              Deg   Deg         Wind                 Dom
Day Temp  High   Time   Low    Time   Days  Days  Rain  Speed High   Time    Dir
----------------------------------------------------------------------------------
 1  14,3  19,4   16:07  10,1   05:20   4,1   0,1   0,0   1,1   7,5   14:31     W
 2  17,0  25,5   16:43   9,5   02:50   3,1   1,7   0,0   0,4   4,1   17:31   SSW
 3  17,8  23,5   14:59  12,6   01:19   1,6   1,1   0,0   1,2   5,8   13:37     E
 4  16,4  20,0   16:37  12,9   23:49   2,0   0,1   0,0   0,7   6,5   16:23     W
 5  17,0  23,1   15:13  12,0   04:19   2,3   1,0   0,0   0,8   7,1   15:37     S
 6  19,1  25,0   13:47  13,5   02:49   1,5   2,3   0,6   1,6   7,8   15:35     E
 7  13,1  15,5   09:59  11,2   23:21   5,4   0,0  11,7   2,9  10,2   09:39     S
 8  14,7  18,3   10:19  11,3   00:21   3,7   0,0   2,7   1,7   8,8   10:57   SSW
 9  17,5  25,1   11:41  12,0   04:50   2,4   1,7   6,0   0,9   6,5   15:24     E
10  17,4  22,9   15:51  13,0   04:51   1,9   1,0   0,3   0,6   5,8   11:51   WSW
11  20,8  25,7   14:28  16,2   03:21   0,5   3,1   1,2   1,1   7,8   11:59     S
12  16,2  19,0   10:43  14,1   22:24   2,1   0,0   2,1   1,7   8,5   22:30     W
13  15,0  18,1   16:35  12,6   23:50   3,3   0,0   0,0   1,2   8,5   11:37     W
14  16,7  21,3   15:50  11,6   03:20   2,4   0,8   0,0   0,6   3,7   18:20     W
15  19,5  26,1   14:41  13,0   05:50   1,3   2,5   0,3   0,9   5,1   14:55   ESE
16  16,7  19,3   15:08  13,6   23:50   1,7   0,0   0,0   1,4   6,8   15:12   WSW
17  17,9  24,1   16:32  12,5   02:20   2,0   1,6   0,0   0,9   5,8   17:27     W
18  20,4  27,0   15:51  14,7   04:21   1,1   3,2   0,0   0,8   6,5   14:20   WSW
19  22,7  29,6   16:07  16,3   05:21   0,3   4,8   0,0   0,4   3,7   15:44    SW
20  18,7  22,6   15:12  13,0   23:51   0,9   1,3   0,0   0,7   5,1   13:19     W
21  15,8  21,1   16:52  11,0   03:51   2,9   0,4   0,0   0,4   4,4   16:55   WSW
22  17,6  24,8   15:33  12,3   05:22   1,9   1,2   4,5   0,5   7,1   11:54   ESE
23  17,3  19,5   16:38  15,5   22:13   1,1   0,1   0,3   0,9   8,2   15:24   WSW
24  16,7  19,6   11:52  14,5   23:52   1,8   0,2   1,8   1,2   7,1   12:22    SW
25  16,2  19,3   13:52  13,8   02:22   2,2   0,1   0,0   1,1   6,8   09:22   WSW
26  15,2  18,5   17:22  12,3   23:52   3,1   0,0   0,0   1,0   7,8   11:22     W
27  15,5  21,2   16:22  10,1   04:52   3,2   0,4   0,0   0,5   5,4   12:52    SW
28  16,9  22,4   13:52  13,4   01:22   2,0   0,6   0,0   1,9   6,5   19:22   ENE
29  16,0  16,9   17:22  15,2   03:52   2,3   0,0  12,3   0,7   8,2   01:22   ENE
30  15,5  15,9   00:22  15,0   04:52   2,8   0,0  18,6   0,0   2,0   06:22    NW
----------------------------------------------------------------------------------
    17,1  29,6    19     9,5     2    66,9  29,3  62,4   1,0  10,2     7      SW

Max >=  27,0:  2
Max <=   0,0:  0
Min <=   0,0:  0
Min <= -18,0:  0
Max Rain: 18,6 on day 30
Days of Rain: 13 (>= 0,2 mm)  7 (>= 2,0 mm)  0 (>= 20,0 mm)
Heat Base: 18,3  Cool Base: 18,3  Method: Integration