NOAA-Style Climate Reports


Report for 2017 Maj
                   Monthly Climatological Summary for May 2017

Name: Vejret i Vindeby   City: Svendborg   State: 
Elevation: 35 m  Lat: N 55 02 30   Lon: E 010 37 00

                  Temperature (°C), Rain (mm), Wind Speed (m/s)

                                      Heat  Cool        Avg
    Mean                              Deg   Deg         Wind                 Dom
Day Temp  High   Time   Low    Time   Days  Days  Rain  Speed High   Time    Dir
----------------------------------------------------------------------------------
01   8.6  11.9   14:06   6.3   01:56   9.7   0.0   0.0   3.4  13.4   14:52   ENE
02   9.3  12.8   13:43   6.0   05:31   9.0   0.0   0.0   3.8  13.0   14:13    NE
03   9.8  13.6   15:08   7.7   06:13   8.5   0.0   0.0   3.7  10.7   07:09    NE
04   9.9  14.7   13:34   6.2   05:24   8.4   0.0   0.0   2.9  10.7   12:12    NE
05   9.1  11.4   17:05   7.4   05:24   9.2   0.0   0.4   2.3   7.2   02:56    NE
06  10.3  16.4   17:29   6.7   23:20   8.0   0.0   0.0   0.5   4.5   13:57   ENE
07  12.4  20.9   16:08   4.7   05:50   6.0   0.2   0.0   0.5   4.5   13:53     E
08   8.6  10.8   15:57   3.1   23:42   9.7   0.0   0.0   2.4  12.1   11:55   NNE
09   6.9  11.7   13:39   0.3   05:35  11.4   0.0   0.2   0.9   7.6   22:24   WSW
10   7.2  10.0   14:06   5.0   22:36  11.1   0.0   5.6   1.0   5.4   13:19     W
11   9.8  15.0   15:52   5.9   04:50   8.5   0.0   0.2   1.0   5.8   20:02   ENE
12   9.8  13.2   11:58   7.7   00:41   8.5   0.0   0.0   2.9   9.4   11:49   ENE
13  11.6  16.2   14:16   8.2   05:02   6.7   0.0   1.0   1.4   7.2   01:19   ENE
14  14.3  20.7   14:31   8.6   06:01   4.4   0.3   0.0   0.7   5.8   15:07   WSW
15  14.2  20.4   16:59  10.6   00:00   4.2   0.1   0.6   0.8   5.8   14:11   WSW
16  12.3  13.9   20:37  10.8   05:29   6.0   0.0  13.0   0.7   5.8   13:04   ESE
17  17.1  23.4   16:32  12.6   05:18   2.2   1.0   0.2   0.4   3.1   16:29   ESE
18  18.9  26.5   14:33  14.2   23:37   1.3   1.9   4.4   1.4   8.0   07:30    SE
19  17.0  24.0   15:53  13.0   02:28   2.2   0.9   1.6   0.6   3.1   08:48    NE
20  13.9  19.2   16:05   9.1   23:57   4.4   0.0   0.0   1.5   8.0   02:18     W
21  14.5  21.4   16:23   7.3   05:02   4.4   0.5   0.0   0.7   4.9   14:42   WSW
22  14.1  21.6   16:54   6.8   05:01   4.6   0.4   0.0   0.6   4.5   14:21     W
23  15.4  24.2   14:48   9.7   04:03   3.8   0.9   2.4   0.6   7.6   22:56   WSW
24  14.0  19.2   17:53  10.6   01:10   4.3   0.0   0.0   2.1   9.8   00:37     W
25  16.0  23.8   17:53   9.6   04:03   3.5   1.2   0.0   1.5   7.2   09:53     W
26  19.0  26.7   19:55  11.8   05:20   2.1   2.8   0.0   1.1   3.4   04:00     W
27  20.8  25.3   14:03  11.1   05:09   2.2   7.1   0.0   1.5   6.7   18:33   NNE
28  19.3  25.1   14:30  16.0   23:40   0.6   1.6   0.2   1.0   7.2   16:33   WSW
29  15.1  19.8   16:45  12.8   23:56   3.2   0.0   0.2   0.9   6.3   01:38     W
30  16.1  22.3   13:03  12.0   01:42   2.6   0.5   5.2   0.9   7.6   15:54   WSW
31  14.2  17.1   15:08  10.3   23:43   4.1   0.0   0.2   2.3  10.7   12:33     W
----------------------------------------------------------------------------------
    13.2  26.7    26     0.3     9   174.8  19.4  35.4   1.5  13.4     1     NNE

Max >=  27.0  0
Max <=   0.0  0
Min <=   0.0  0
Min <= -18.0  0
Max Rain: 13.0 on day 16
Days of Rain: 15 (>= 0.2 mm)  5 (>= 2.0 mm)  0 (>= 20.0 mm)
Heat Base: 18.3  Cool Base: 18.3  Method: Integration