NOAA-Style Climate Reports


Report for 2017 Maj
                   Monthly Climatological Summary for maj 2017

Name: Vejret Syrenvej 35   City: Svendborg   State: 
Elevation: 32 m  Lat: S 00° 00' 00"   Lon: W 000° 00' 00"

                  Temperature (°C), Rain (mm), Wind Speed (m/s)

                                      Heat  Cool        Avg
    Mean                              Deg   Deg         Wind                 Dom
Day Temp  High   Time   Low    Time   Days  Days  Rain  Speed High   Time    Dir
----------------------------------------------------------------------------------
 1   9,6  13,6   13:27   6,6   04:49   8,7   0,0   0,0   2,8  10,9   14:09     E
 2  10,4  15,1   12:48   6,4   18:29   7,9   0,0   0,0   2,6  11,2   15:59    NE
 3  10,7  14,4   15:10   8,1   05:49   7,6   0,0   0,0   2,5   8,8   15:36    NE
 4  10,8  16,5   12:44   6,5   05:48   7,5   0,0   0,0   1,7   8,5   11:59   NNE
 5   9,7  12,0   17:14   7,7   05:48   8,5   0,0   0,3   1,3   5,8   13:47     N
 6  11,7  17,8   13:45   7,9   04:48   6,5   0,0   0,0   0,3   3,4   12:23   ENE
 7  14,9  22,6   10:48   5,5   05:48   4,7   1,3   0,0   0,4   4,1   15:18     E
 8   9,5  11,9   15:17   3,8   23:49   9,0   0,0   0,0   1,2   9,9   14:20    NW
 9   8,1  12,4   12:19   1,7   05:49  10,2   0,0   0,0   0,7   5,8   19:42   WSW
10   7,8  10,5   14:58   6,1   06:49  10,3   0,0   5,7   0,4   5,1   13:26   WSW
11  10,7  16,7   16:35   6,5   00:18   7,6   0,0   0,0   0,9   5,1   16:54     E
12  10,6  13,7   12:48   8,0   01:18   7,8   0,0   0,0   2,0   7,1   12:48   ENE
13  12,6  17,5   14:48   8,8   05:18   5,8   0,0   0,9   0,6   5,4   01:48   ENE
14  15,3  21,6   16:42  10,0   06:17   3,6   0,5   0,0   0,6   6,1   14:41    SW
15  15,1  20,2   16:48  11,3   08:48   3,4   0,3   0,3   0,5   4,1   15:18   WSW
16  13,1  14,6   20:46  11,8   07:18   5,2   0,0  12,0   0,8   6,8   13:31    SE
17  18,1  24,6   16:38  13,3   05:49   1,8   1,6   0,0   0,5   4,1   17:34   ESE
18  20,1  27,2   14:49  15,5   23:18   0,8   2,7   3,3   1,1   5,1   07:19   ESE
19  18,7  26,2   16:10  14,5   02:48   1,5   1,8   2,1   0,3   3,1   15:50   ENE
20  14,4  18,6   15:49  11,4   23:49   3,9   0,0   0,0   1,0   4,8   12:19     W
21  15,7  21,8   16:19   9,1   05:49   3,3   0,7   0,0   0,4   4,1   17:49   WSW
22  16,1  22,2   17:35   8,4   05:49   3,2   1,0   0,0   0,3   3,4   17:50   WSW
23  17,3  26,1   15:19  11,0   05:19   3,0   1,9   2,1   0,6   5,1   15:54   SSW
24  14,6  19,3   14:23  11,2   03:19   3,8   0,1   0,0   1,0   5,1   14:25     W
25  16,8  24,1   15:43  10,4   04:20   3,0   1,5   0,0   0,6   4,4   05:20     W
26  19,0  27,2   16:37  11,8   05:50   2,0   2,7   0,0   0,5   4,4   13:16    SE
27  21,0  28,2   14:49  12,4   05:19   1,3   4,0   0,0   0,9   4,8   10:19    SE
28  20,0  25,8   14:30  16,5   05:49   0,5   2,2   0,0   1,1   7,8   12:30    SW
29  15,8  19,1   16:55  13,7   07:49   2,5   0,0   0,0   0,4   4,1   14:13   WSW
30  17,0  22,2   12:56  13,4   02:19   2,0   0,7   5,4   1,0   6,8   15:22    SW
31  14,6  16,8   15:08  11,0   23:20   3,6   0,0   0,0   1,7   8,2   10:22     W
----------------------------------------------------------------------------------
    14,2  28,2    27   -12,2     2   150,5  23,0  32,1   1,0  11,2     2     ENE

Max >=  27,0:  3
Max <=   0,0:  0
Min <=   0,0:  1
Min <= -18,0:  0
Max Rain: 12,0 on day 16
Days of Rain: 9 (>= 0,2 mm)  6 (>= 2,0 mm)  0 (>= 20,0 mm)
Heat Base: 18,3  Cool Base: 18,3  Method: Integration