NOAA-Style Climate Reports


Report for 2017 April
                   Monthly Climatological Summary for apr 2017

Name: Vejret Syrenvej 35   City: Svendborg   State: 
Elevation: 32 m  Lat: S 00° 00' 00"   Lon: W 000° 00' 00"

                  Temperature (°C), Rain (mm), Wind Speed (m/s)

                                      Heat  Cool        Avg
    Mean                              Deg   Deg         Wind                 Dom
Day Temp  High   Time   Low    Time   Days  Days  Rain  Speed High   Time    Dir
----------------------------------------------------------------------------------
 1  12,7  18,3   16:07   8,8   07:43   5,7   0,0   0,6   0,4   4,4   13:48   WSW
 2  11,3  15,8   14:07   8,8   05:45   6,9   0,0   0,0   0,9   5,1   16:46   WSW
 3   9,8  15,5   17:40   4,7   23:45   8,4   0,0   0,0   0,7   5,4   13:41     W
 4   9,2  17,9   17:40   1,2   06:45   9,1   0,0   0,0   0,6   4,1   11:13   SSW
 5   8,1  11,9   13:38   5,5   03:48  10,0   0,0   0,0   1,8   8,5   18:52     W
 6   7,9  11,5   13:47   3,5   06:47  10,6   0,0   0,0   1,6   5,1   15:17     W
 7  11,0  16,9   17:35   7,9   00:18   7,2   0,0   0,0   1,9   8,5   13:22     W
 8   9,4  11,8   14:33   6,9   23:47   8,9   0,0   0,0   1,2   5,4   11:09     W
 9  11,1  18,9   17:47   6,0   05:17   7,2   0,0   0,0   0,7   3,7   12:17   WSW
10  10,2  12,5   14:29   6,4   23:48   8,0   0,0   0,0   2,2   9,9   15:11   WSW
11   7,6  11,9   16:19   4,7   06:18  10,7   0,0   1,8   2,0   8,8   22:45     W
12   8,2   9,8   14:47   6,4   00:17   9,9   0,0   4,5   1,5   6,8   00:47     W
13   8,0  11,8   15:47   6,0   05:17  10,2   0,0   1,2   1,9   6,5   18:51     W
14   8,5  13,0   15:30   5,6   05:47   9,7   0,0   0,3   1,5   7,5   12:43     W
15   7,2  10,0   11:18   4,9   23:48  11,1   0,0   6,3   1,5   7,8   09:18   WSW
16   5,9   9,8   16:18   3,4   06:48  12,4   0,0   4,8   0,5   2,7   16:48    SE
17   6,1  10,9   15:18   3,1   02:18  12,2   0,0   0,0   0,9   6,1   22:18   ENE
18   4,4   7,7   15:19   0,3   23:49  13,9   0,0   0,0   1,1   7,1   09:18     N
19   5,0  11,7   12:27  -1,9   03:49  13,3   0,0   0,0   0,6   5,8   13:20   ENE
20   6,8   9,1   14:59   1,9   06:49  11,7   0,0   0,0   1,2   7,8   22:08    SW
21   8,8  11,1   13:24   5,7   23:49   9,5   0,0   0,3   1,5   7,1   16:28     W
22   7,5  11,6   14:24   3,9   04:49  10,6   0,0   0,3   1,9   7,8   16:14     W
23   6,9  11,2   15:20   4,0   05:48  11,4   0,0   0,0   1,8   7,1   14:40     W
24   7,0  10,4   15:28   3,1   23:48  11,4   0,0   0,3   2,4  11,9   10:26    SW
25   4,9  10,9   15:59   0,3   05:48  13,1   0,0   0,0   1,1   7,5   15:53   WSW
26   5,2  10,5   08:22  -0,2   03:52  12,2   0,0   0,0   0,2   3,4   19:49   NNW
27   6,6  12,0   16:27   0,7   05:49  12,0   0,0   0,6   1,2   9,5   22:53   SSW
28   7,6  10,4   11:47   5,4   23:48  10,4   0,0   4,8   1,3   7,1   12:35     S
29   6,9  13,7   16:10   0,7   05:48  11,1   0,0   0,6   0,6   5,4   12:44    NE
30   9,3  14,0   15:51   4,0   05:48   9,1   0,0   0,0   2,1   9,5   15:09     E
----------------------------------------------------------------------------------
     8,0  18,9     9    -1,9    19   307,9   0,0  26,4   1,3  11,9    24     WSW

Max >=  27,0:  0
Max <=   0,0:  0
Min <=   0,0:  2
Min <= -18,0:  0
Max Rain: 6,3 on day 15
Days of Rain: 13 (>= 0,2 mm)  4 (>= 2,0 mm)  0 (>= 20,0 mm)
Heat Base: 18,3  Cool Base: 18,3  Method: Integration