NOAA-Style Climate Reports


Report for 2017 Marts
                   Monthly Climatological Summary for mar 2017

Name: Vejret Syrenvej 35   City: Svendborg   State: 
Elevation: 32 m  Lat: S 00° 00' 00"   Lon: W 000° 00' 00"

                  Temperature (°C), Rain (mm), Wind Speed (m/s)

                                      Heat  Cool        Avg
    Mean                              Deg   Deg         Wind                 Dom
Day Temp  High   Time   Low    Time   Days  Days  Rain  Speed High   Time    Dir
----------------------------------------------------------------------------------
 1   4,4   6,8   14:20   3,0   23:37  14,0   0,0   0,3   2,3  10,5   12:36     S
 2   4,5   8,5   15:10   2,5   01:40  13,9   0,0   1,8   1,1   6,8   14:40    SW
 3   5,6   9,0   15:40   3,2   22:10  12,8   0,0   0,0   1,2   6,8   08:55     S
 4   5,3   7,8   13:41   3,5   00:10  13,0   0,0   1,8   0,9   4,4   14:41   ENE
 5   5,2   7,3   15:23   4,0   00:10  13,0   0,0   3,0   1,2   7,8   10:41    SE
 6   3,0   4,3   01:10   1,7   23:41  15,1   0,0   0,0   1,9   8,5   09:46    NE
 7   0,9   2,1   13:28   0,1   21:46  17,3   0,0   0,0   0,5   3,7   04:11   NNW
 8   3,3   5,8   12:58  -0,1   01:11  15,4   0,0   1,2   1,3   7,8   13:48    SE
 9   5,2   7,0   15:46   4,0   07:41  13,0   0,0   1,8   1,1   6,8   11:40     S
10   6,5  10,5   16:33   3,3   23:24  11,9   0,0   0,0   1,1   5,4   10:07     W
11   5,0   8,1   11:07   2,0   23:36  13,2   0,0   0,0   0,5   3,4   11:26     E
12   3,5   7,4   13:50   1,4   06:11  14,8   0,0   0,0   1,7   7,5   11:32     E
13   3,9   9,6   16:33   1,2   01:12  14,7   0,0   0,0   0,8   5,8   15:46   ESE
14   7,0  11,6   13:13   4,4   01:42  11,4   0,0   0,0   1,3   9,2   15:27   WSW
15   7,2  11,4   14:07   4,6   06:41  11,4   0,0   0,0   1,7   7,8   15:21     W
16   8,6  13,4   16:23   4,7   00:12   9,8   0,0   0,0   1,5   8,8   14:37   SSW
17   6,4   9,2   00:12   3,6   20:12  12,1   0,0   4,5   1,6   6,8   00:12   WSW
18   5,2   8,6   15:43   1,8   23:43  13,6   0,0   7,5   2,1   7,8   10:43     W
19   3,2   7,1   23:43   0,1   05:43  15,3   0,0   6,3   1,2   7,8   14:45    SE
20   7,6   9,5   14:39   5,4   06:13  10,7   0,0  10,2   1,7  10,9   21:27   SSW
21   6,7  10,5   13:43   4,6   23:44  11,7   0,0   0,3   2,0  10,2   13:59    SW
22   7,1  14,1   16:55   1,1   23:44  11,1   0,0   0,0   1,0   7,1   11:25   SSW
23   5,7  13,2   16:49  -0,8   05:44  12,6   0,0   0,0   0,7   5,8   12:36   NNE
24   6,0  12,2   15:07  -0,9   05:43  12,1   0,0   0,0   0,4   5,1   13:28   WSW
25   8,1  14,5   15:08   4,2   03:13   9,9   0,0   0,0   1,0   5,8   10:30     W
26   6,8  13,9   17:54   0,0   00:13  11,5   0,0   0,0   0,6   4,4   13:19   WSW
27   7,4  15,0   17:49   3,9   06:44  10,7   0,0   0,0   0,9   5,8   14:29   WSW
28   8,2  17,3   17:52   2,2   07:44  10,0   0,0   0,0   0,5   4,1   14:56    SW
29   7,5  10,6   16:07   4,8   07:14  11,2   0,0   1,5   0,9   5,8   12:13     W
30   9,8  13,8   16:26   7,1   05:14   8,5   0,0   2,7   1,0   7,1   16:15     S
31  13,4  20,1   17:52   7,6   06:14   5,2   0,3   0,0   0,7   5,8   16:09   ESE
----------------------------------------------------------------------------------
     6,1  20,1    31    -0,9    24   380,9   0,3  42,9   1,2  10,9    20     SSW

Max >=  27,0:  0
Max <=   0,0:  0
Min <=   0,0:  4
Min <= -18,0:  0
Max Rain: 10,2 on day 20
Days of Rain: 13 (>= 0,2 mm)  6 (>= 2,0 mm)  0 (>= 20,0 mm)
Heat Base: 18,3  Cool Base: 18,3  Method: Integration